{"id":10688,"date":"2020-06-08T16:27:00","date_gmt":"2020-06-08T15:27:00","guid":{"rendered":"https:\/\/feuerwehr-simbach.de\/?post_type=einsatz&#038;p=10688"},"modified":"2020-12-30T11:30:16","modified_gmt":"2020-12-30T10:30:16","slug":"08-06-2020-brand-pkw","status":"publish","type":"einsatz","link":"https:\/\/feuerwehr-simbach.de\/?einsatz=08-06-2020-brand-pkw","title":{"rendered":"08.06.2020 &#8211; Brand PKW"},"content":{"rendered":"<div class=\"wpb-content-wrapper\">[vc_row][vc_column][vc_empty_space height=&#8220;1&#8243;][\/vc_column][\/vc_row][vc_row equal_height=&#8220;yes&#8220; inverse=&#8220;&#8220; css=&#8220;.vc_custom_1545579889091{padding-bottom: 25px !important;background-color: #edf2ef !important;}&#8220;][vc_column width=&#8220;1\/4&#8243;][vc_column_text]\n<p><strong>Einsatzart:<\/strong><\/p>\n[\/vc_column_text][\/vc_column][vc_column width=&#8220;3\/4&#8243;][vc_column_text]Brandeinsatz[\/vc_column_text][\/vc_column][\/vc_row][vc_row equal_height=&#8220;yes&#8220; inverse=&#8220;&#8220; css=&#8220;.vc_custom_1545579201718{padding-bottom: 25px !important;}&#8220;][vc_column width=&#8220;1\/4&#8243;][vc_column_text]\n<p><strong>Schlagwort:<\/strong><\/p>\n[\/vc_column_text][\/vc_column][vc_column width=&#8220;3\/4&#8243;][vc_column_text]Brand PKW[\/vc_column_text][\/vc_column][\/vc_row][vc_row equal_height=&#8220;yes&#8220; inverse=&#8220;&#8220; css=&#8220;.vc_custom_1545579190843{padding-bottom: 25px !important;background-color: #edf2ef !important;}&#8220;][vc_column width=&#8220;1\/4&#8243;][vc_column_text]\n<p><strong>Stichwort:<\/strong><\/p>\n[\/vc_column_text][\/vc_column][vc_column width=&#8220;3\/4&#8243;][vc_column_text]B 2[\/vc_column_text][\/vc_column][\/vc_row][vc_row equal_height=&#8220;yes&#8220; inverse=&#8220;&#8220; css=&#8220;.vc_custom_1545579201718{padding-bottom: 25px !important;}&#8220;][vc_column width=&#8220;1\/4&#8243;][vc_column_text]\n<p><strong>Einsatzort:<\/strong><\/p>\n[\/vc_column_text][\/vc_column][vc_column width=&#8220;3\/4&#8243;][vc_column_text]Simbach, Bahnhofstra\u00dfe[\/vc_column_text][\/vc_column][\/vc_row][vc_row equal_height=&#8220;yes&#8220; inverse=&#8220;&#8220; css=&#8220;.vc_custom_1545579210044{padding-bottom: 25px !important;background-color: #edf2ef !important;}&#8220;][vc_column width=&#8220;1\/4&#8243;][vc_column_text]\n<p><strong>Datum:<\/strong><\/p>\n[\/vc_column_text][\/vc_column][vc_column width=&#8220;3\/4&#8243;][vc_column_text]Montag, 08. Juni 2020[\/vc_column_text][\/vc_column][\/vc_row][vc_row equal_height=&#8220;yes&#8220; inverse=&#8220;&#8220; css=&#8220;.vc_custom_1545579217081{padding-bottom: 25px !important;}&#8220;][vc_column width=&#8220;1\/4&#8243;][vc_column_text]\n<p><strong>Alarmierung (Schleife):<\/strong><\/p>\n[\/vc_column_text][\/vc_column][vc_column width=&#8220;3\/4&#8243;][vc_column_text]Vollalarm[\/vc_column_text][\/vc_column][\/vc_row][vc_row equal_height=&#8220;yes&#8220; inverse=&#8220;&#8220; css=&#8220;.vc_custom_1545579225595{padding-bottom: 25px !important;background-color: #edf2ef !important;}&#8220;][vc_column width=&#8220;1\/4&#8243;][vc_column_text]\n<p><strong>E<\/strong><strong>ingesetzte<\/strong><strong> Kr\u00e4fte:<\/strong><\/p>\n[\/vc_column_text][\/vc_column][vc_column width=&#8220;3\/4&#8243;][vc_column_text]FF Simbach a. Inn, Polizei, Rettungsdienst[\/vc_column_text][\/vc_column][\/vc_row][vc_row][vc_column][vc_empty_space height=&#8220;30&#8243;][\/vc_column][\/vc_row][vc_row][vc_column][vc_separator border_width=&#8220;4&#8243;][\/vc_column][\/vc_row][vc_row][vc_column][vc_empty_space height=&#8220;30&#8243;][\/vc_column][\/vc_row][vc_row equal_height=&#8220;yes&#8220; inverse=&#8220;&#8220; css=&#8220;.vc_custom_1534176358862{padding-bottom: 25px !important;}&#8220;][vc_column width=&#8220;1\/4&#8243;][vc_column_text]\n<p><strong>Einsatzbericht:<\/strong><\/p>\n[\/vc_column_text][\/vc_column][vc_column width=&#8220;3\/4&#8243;][vc_column_text]Ein PKW-Fahrer meldete am Montagnachmittag den Brand seines Fahrzeuges. Daraufhin alarmierte uns die Leitstelle nach dem Stichwort B2 zum PKW-Brand. Beim Eintreffen des ersten Einsatzfahrzeuges stand der Motorraum bereits in Vollbrand. Somit war die Erstma\u00dfnahme das Eind\u00e4mmen des Brandes mithilfe des Schnellangriffs bevor der Angriffstrupp unter Atemschutz mit dem Einsatz von Schaum den Brand l\u00f6schen konnte. Danach wurde das Fahrzeug abgeschleppt und die Stra\u00dfe durch uns gereinigt. Anschlie\u00dfend konnten wir wieder ins Ger\u00e4tehaus einr\u00fccken.[\/vc_column_text][\/vc_column][\/vc_row][vc_row][vc_column][vc_column_text]\n<p>&nbsp;<\/p>\n<h6>Fotos: Feuerwehr Stadt Simbach a. Inn<\/h6>\n<p>&nbsp;<\/p>\n<div id=\"su_carousel_69f473889263a\" class=\"su-carousel su-carousel-centered su-carousel-pages-no su-carousel-responsive-yes su-lightbox-gallery\" style=\"width:100%\" data-autoplay=\"3000\" data-speed=\"2000\" data-mousewheel=\"true\" data-items=\"3\" data-scroll=\"1\"><div class=\"su-carousel-slides\"><div class=\"su-carousel-slide\"><a href=\"https:\/\/feuerwehr-simbach.de\/wp-content\/uploads\/2020\/06\/PKW-Brand-1-e1607280876490.jpg\" title=\"2020.06.08 Brand PKW (1)\"><img decoding=\"async\" src=\"https:\/\/feuerwehr-simbach.de\/wp-content\/uploads\/2020\/06\/PKW-Brand-1-e1607280876490.jpg\" alt=\"2020.06.08 Brand PKW (1)\" \/><\/a><\/div><div class=\"su-carousel-slide\"><a href=\"https:\/\/feuerwehr-simbach.de\/wp-content\/uploads\/2020\/06\/PKW-Brand-2-e1607280881905.jpg\" title=\"2020.06.08 Brand PKW (2)\"><img decoding=\"async\" src=\"https:\/\/feuerwehr-simbach.de\/wp-content\/uploads\/2020\/06\/PKW-Brand-2-e1607280881905.jpg\" alt=\"2020.06.08 Brand PKW (2)\" \/><\/a><\/div><div class=\"su-carousel-slide\"><a href=\"https:\/\/feuerwehr-simbach.de\/wp-content\/uploads\/2020\/06\/PKW-Brand-3-e1615033051949.jpg\" title=\"2020.06.08 Brand PKW (3)\"><img decoding=\"async\" src=\"https:\/\/feuerwehr-simbach.de\/wp-content\/uploads\/2020\/06\/PKW-Brand-3-e1615033051949.jpg\" alt=\"2020.06.08 Brand PKW (3)\" \/><\/a><\/div><div class=\"su-carousel-slide\"><a href=\"https:\/\/feuerwehr-simbach.de\/wp-content\/uploads\/2020\/06\/PKW-Brand-4-e1607280895241.jpg\" title=\"2020.06.08 Brand PKW (4)\"><img decoding=\"async\" src=\"https:\/\/feuerwehr-simbach.de\/wp-content\/uploads\/2020\/06\/PKW-Brand-4-e1607280895241.jpg\" alt=\"2020.06.08 Brand PKW (4)\" \/><\/a><\/div><div class=\"su-carousel-slide\"><a href=\"https:\/\/feuerwehr-simbach.de\/wp-content\/uploads\/2020\/06\/PKW-Brand-5-e1607280900796.jpg\" title=\"2020.06.08 Brand PKW (5)\"><img decoding=\"async\" src=\"https:\/\/feuerwehr-simbach.de\/wp-content\/uploads\/2020\/06\/PKW-Brand-5-e1607280900796.jpg\" alt=\"2020.06.08 Brand PKW (5)\" \/><\/a><\/div><div class=\"su-carousel-slide\"><a href=\"https:\/\/feuerwehr-simbach.de\/wp-content\/uploads\/2020\/06\/PKW-Brand-6-e1607280905444.jpg\" title=\"2020.06.08 Brand PKW (6)\"><img decoding=\"async\" src=\"https:\/\/feuerwehr-simbach.de\/wp-content\/uploads\/2020\/06\/PKW-Brand-6-e1607280905444.jpg\" alt=\"2020.06.08 Brand PKW (6)\" \/><\/a><\/div><\/div><div class=\"su-carousel-nav\"><div class=\"su-carousel-direction\"><span class=\"su-carousel-prev\"><\/span><span class=\"su-carousel-next\"><\/span><\/div><div class=\"su-carousel-pagination\"><\/div><\/div><\/div>\n<p>&nbsp;<\/p>\n<\/div>","protected":false},"author":22,"featured_media":10696,"template":"","meta":{"einsatz_weight":1,"footnotes":""},"categories":[167],"tags":[],"einsatzart":[],"fahrzeug":[],"exteinsatzmittel":[],"alarmierungsart":[],"evw_unit":[],"class_list":["post-10688","einsatz","type-einsatz","status-publish","has-post-thumbnail","hentry","category-einsaetze-2020"],"_links":{"self":[{"href":"https:\/\/feuerwehr-simbach.de\/index.php?rest_route=\/wp\/v2\/einsatz\/10688","targetHints":{"allow":["GET"]}}],"collection":[{"href":"https:\/\/feuerwehr-simbach.de\/index.php?rest_route=\/wp\/v2\/einsatz"}],"about":[{"href":"https:\/\/feuerwehr-simbach.de\/index.php?rest_route=\/wp\/v2\/types\/einsatz"}],"author":[{"embeddable":true,"href":"https:\/\/feuerwehr-simbach.de\/index.php?rest_route=\/wp\/v2\/users\/22"}],"version-history":[{"count":7,"href":"https:\/\/feuerwehr-simbach.de\/index.php?rest_route=\/wp\/v2\/einsatz\/10688\/revisions"}],"predecessor-version":[{"id":12301,"href":"https:\/\/feuerwehr-simbach.de\/index.php?rest_route=\/wp\/v2\/einsatz\/10688\/revisions\/12301"}],"wp:featuredmedia":[{"embeddable":true,"href":"https:\/\/feuerwehr-simbach.de\/index.php?rest_route=\/wp\/v2\/media\/10696"}],"wp:attachment":[{"href":"https:\/\/feuerwehr-simbach.de\/index.php?rest_route=%2Fwp%2Fv2%2Fmedia&parent=10688"}],"wp:term":[{"taxonomy":"category","embeddable":true,"href":"https:\/\/feuerwehr-simbach.de\/index.php?rest_route=%2Fwp%2Fv2%2Fcategories&post=10688"},{"taxonomy":"post_tag","embeddable":true,"href":"https:\/\/feuerwehr-simbach.de\/index.php?rest_route=%2Fwp%2Fv2%2Ftags&post=10688"},{"taxonomy":"einsatzart","embeddable":true,"href":"https:\/\/feuerwehr-simbach.de\/index.php?rest_route=%2Fwp%2Fv2%2Feinsatzart&post=10688"},{"taxonomy":"fahrzeug","embeddable":true,"href":"https:\/\/feuerwehr-simbach.de\/index.php?rest_route=%2Fwp%2Fv2%2Ffahrzeug&post=10688"},{"taxonomy":"exteinsatzmittel","embeddable":true,"href":"https:\/\/feuerwehr-simbach.de\/index.php?rest_route=%2Fwp%2Fv2%2Fexteinsatzmittel&post=10688"},{"taxonomy":"alarmierungsart","embeddable":true,"href":"https:\/\/feuerwehr-simbach.de\/index.php?rest_route=%2Fwp%2Fv2%2Falarmierungsart&post=10688"},{"taxonomy":"evw_unit","embeddable":true,"href":"https:\/\/feuerwehr-simbach.de\/index.php?rest_route=%2Fwp%2Fv2%2Fevw_unit&post=10688"}],"curies":[{"name":"wp","href":"https:\/\/api.w.org\/{rel}","templated":true}]}}

<div class="wpb-content-wrapper">[vc_row][vc_column][vc_empty_space height=&#8220;1&#8243;][/vc_column][/vc_row][vc_row equal_height=&#8220;yes&#8220; inverse=&#8220;&#8220; css=&#8220;.vc_custom_1545579889091{padding-bottom: 25px !important;background-color: #edf2ef !important;}&#8220;][vc_column width=&#8220;1/4&#8243;][vc_column_text]
<p><strong>Einsatzart:</strong></p>
[/vc_column_text][/vc_column][vc_column width=&#8220;3/4&#8243;][vc_column_text]Brandeinsatz[/vc_column_text][/vc_column][/vc_row][vc_row equal_height=&#8220;yes&#8220; inverse=&#8220;&#8220; css=&#8220;.vc_custom_1545579201718{padding-bottom: 25px !important;}&#8220;][vc_column width=&#8220;1/4&#8243;][vc_column_text]
<p><strong>Schlagwort:</strong></p>
[/vc_column_text][/vc_column][vc_column width=&#8220;3/4&#8243;][vc_column_text]Brand PKW[/vc_column_text][/vc_column][/vc_row][vc_row equal_height=&#8220;yes&#8220; inverse=&#8220;&#8220; css=&#8220;.vc_custom_1545579190843{padding-bottom: 25px !important;background-color: #edf2ef !important;}&#8220;][vc_column width=&#8220;1/4&#8243;][vc_column_text]
<p><strong>Stichwort:</strong></p>
[/vc_column_text][/vc_column][vc_column width=&#8220;3/4&#8243;][vc_column_text]B 2[/vc_column_text][/vc_column][/vc_row][vc_row equal_height=&#8220;yes&#8220; inverse=&#8220;&#8220; css=&#8220;.vc_custom_1545579201718{padding-bottom: 25px !important;}&#8220;][vc_column width=&#8220;1/4&#8243;][vc_column_text]
<p><strong>Einsatzort:</strong></p>
[/vc_column_text][/vc_column][vc_column width=&#8220;3/4&#8243;][vc_column_text]Simbach, Bahnhofstraße[/vc_column_text][/vc_column][/vc_row][vc_row equal_height=&#8220;yes&#8220; inverse=&#8220;&#8220; css=&#8220;.vc_custom_1545579210044{padding-bottom: 25px !important;background-color: #edf2ef !important;}&#8220;][vc_column width=&#8220;1/4&#8243;][vc_column_text]
<p><strong>Datum:</strong></p>
[/vc_column_text][/vc_column][vc_column width=&#8220;3/4&#8243;][vc_column_text]Montag, 08. Juni 2020[/vc_column_text][/vc_column][/vc_row][vc_row equal_height=&#8220;yes&#8220; inverse=&#8220;&#8220; css=&#8220;.vc_custom_1545579217081{padding-bottom: 25px !important;}&#8220;][vc_column width=&#8220;1/4&#8243;][vc_column_text]
<p><strong>Alarmierung (Schleife):</strong></p>
[/vc_column_text][/vc_column][vc_column width=&#8220;3/4&#8243;][vc_column_text]Vollalarm[/vc_column_text][/vc_column][/vc_row][vc_row equal_height=&#8220;yes&#8220; inverse=&#8220;&#8220; css=&#8220;.vc_custom_1545579225595{padding-bottom: 25px !important;background-color: #edf2ef !important;}&#8220;][vc_column width=&#8220;1/4&#8243;][vc_column_text]
<p><strong>E</strong><strong>ingesetzte</strong><strong> Kräfte:</strong></p>
[/vc_column_text][/vc_column][vc_column width=&#8220;3/4&#8243;][vc_column_text]FF Simbach a. Inn, Polizei, Rettungsdienst[/vc_column_text][/vc_column][/vc_row][vc_row][vc_column][vc_empty_space height=&#8220;30&#8243;][/vc_column][/vc_row][vc_row][vc_column][vc_separator border_width=&#8220;4&#8243;][/vc_column][/vc_row][vc_row][vc_column][vc_empty_space height=&#8220;30&#8243;][/vc_column][/vc_row][vc_row equal_height=&#8220;yes&#8220; inverse=&#8220;&#8220; css=&#8220;.vc_custom_1534176358862{padding-bottom: 25px !important;}&#8220;][vc_column width=&#8220;1/4&#8243;][vc_column_text]
<p><strong>Einsatzbericht:</strong></p>
[/vc_column_text][/vc_column][vc_column width=&#8220;3/4&#8243;][vc_column_text]Ein PKW-Fahrer meldete am Montagnachmittag den Brand seines Fahrzeuges. Daraufhin alarmierte uns die Leitstelle nach dem Stichwort B2 zum PKW-Brand. Beim Eintreffen des ersten Einsatzfahrzeuges stand der Motorraum bereits in Vollbrand. Somit war die Erstmaßnahme das Eindämmen des Brandes mithilfe des Schnellangriffs bevor der Angriffstrupp unter Atemschutz mit dem Einsatz von Schaum den Brand löschen konnte. Danach wurde das Fahrzeug abgeschleppt und die Straße durch uns gereinigt. Anschließend konnten wir wieder ins Gerätehaus einrücken.[/vc_column_text][/vc_column][/vc_row][vc_row][vc_column][vc_column_text]
<p>&nbsp;</p>
<h6>Fotos: Feuerwehr Stadt Simbach a. Inn</h6>
<p>&nbsp;</p>
<div id="su_carousel_69f473889263a" class="su-carousel su-carousel-centered su-carousel-pages-no su-carousel-responsive-yes su-lightbox-gallery" style="width:100%" data-autoplay="3000" data-speed="2000" data-mousewheel="true" data-items="3" data-scroll="1"><div class="su-carousel-slides"><div class="su-carousel-slide"><a href="https://feuerwehr-simbach.de/wp-content/uploads/2020/06/PKW-Brand-1-e1607280876490.jpg" title="2020.06.08 Brand PKW (1)"><img decoding="async" src="https://feuerwehr-simbach.de/wp-content/uploads/2020/06/PKW-Brand-1-e1607280876490.jpg" alt="2020.06.08 Brand PKW (1)" /></a></div><div class="su-carousel-slide"><a href="https://feuerwehr-simbach.de/wp-content/uploads/2020/06/PKW-Brand-2-e1607280881905.jpg" title="2020.06.08 Brand PKW (2)"><img decoding="async" src="https://feuerwehr-simbach.de/wp-content/uploads/2020/06/PKW-Brand-2-e1607280881905.jpg" alt="2020.06.08 Brand PKW (2)" /></a></div><div class="su-carousel-slide"><a href="https://feuerwehr-simbach.de/wp-content/uploads/2020/06/PKW-Brand-3-e1615033051949.jpg" title="2020.06.08 Brand PKW (3)"><img decoding="async" src="https://feuerwehr-simbach.de/wp-content/uploads/2020/06/PKW-Brand-3-e1615033051949.jpg" alt="2020.06.08 Brand PKW (3)" /></a></div><div class="su-carousel-slide"><a href="https://feuerwehr-simbach.de/wp-content/uploads/2020/06/PKW-Brand-4-e1607280895241.jpg" title="2020.06.08 Brand PKW (4)"><img decoding="async" src="https://feuerwehr-simbach.de/wp-content/uploads/2020/06/PKW-Brand-4-e1607280895241.jpg" alt="2020.06.08 Brand PKW (4)" /></a></div><div class="su-carousel-slide"><a href="https://feuerwehr-simbach.de/wp-content/uploads/2020/06/PKW-Brand-5-e1607280900796.jpg" title="2020.06.08 Brand PKW (5)"><img decoding="async" src="https://feuerwehr-simbach.de/wp-content/uploads/2020/06/PKW-Brand-5-e1607280900796.jpg" alt="2020.06.08 Brand PKW (5)" /></a></div><div class="su-carousel-slide"><a href="https://feuerwehr-simbach.de/wp-content/uploads/2020/06/PKW-Brand-6-e1607280905444.jpg" title="2020.06.08 Brand PKW (6)"><img decoding="async" src="https://feuerwehr-simbach.de/wp-content/uploads/2020/06/PKW-Brand-6-e1607280905444.jpg" alt="2020.06.08 Brand PKW (6)" /></a></div></div><div class="su-carousel-nav"><div class="su-carousel-direction"><span class="su-carousel-prev"></span><span class="su-carousel-next"></span></div><div class="su-carousel-pagination"></div></div></div>
<p>&nbsp;</p>
</div>
