{"id":11791,"date":"2020-12-06T19:02:00","date_gmt":"2020-12-06T18:02:00","guid":{"rendered":"https:\/\/feuerwehr-simbach.de\/?post_type=einsatz&#038;p=11791"},"modified":"2024-02-25T14:44:03","modified_gmt":"2024-02-25T13:44:03","slug":"01-09-2018-oelspur","status":"publish","type":"einsatz","link":"https:\/\/feuerwehr-simbach.de\/?einsatz=01-09-2018-oelspur","title":{"rendered":"01.09.2018 &#8211; Stra\u00dfe reinigen &#8211; \u00d6lspur"},"content":{"rendered":"<div class=\"wpb-content-wrapper\">[vc_row][vc_column][vc_empty_space height=&#8220;30&#8243;][\/vc_column][\/vc_row][vc_row equal_height=&#8220;yes&#8220; inverse=&#8220;&#8220; css=&#8220;.vc_custom_1534252452366{padding-bottom: 25px !important;background-color: #f6f3f0 !important;}&#8220;][vc_column width=&#8220;1\/4&#8243;][vc_column_text]\n<p><b>Einsatzart:<\/b><\/p>\n[\/vc_column_text][\/vc_column][vc_column width=&#8220;3\/4&#8243;][vc_column_text]Stra\u00dfe reinigen &#8211; \u00d6lspur[\/vc_column_text][\/vc_column][\/vc_row][vc_row equal_height=&#8220;yes&#8220; inverse=&#8220;&#8220; css=&#8220;.vc_custom_1534176358862{padding-bottom: 25px !important;}&#8220;][vc_column width=&#8220;1\/4&#8243;][vc_column_text]\n<p><strong>Stichwort:<\/strong><\/p>\n[\/vc_column_text][\/vc_column][vc_column width=&#8220;3\/4&#8243;][vc_column_text]THL 1[\/vc_column_text][\/vc_column][\/vc_row][vc_row equal_height=&#8220;yes&#8220; inverse=&#8220;&#8220; css=&#8220;.vc_custom_1534176324087{padding-bottom: 25px !important;background-color: #f6f3f0 !important;}&#8220;][vc_column width=&#8220;1\/4&#8243;][vc_column_text]\n<p><strong>Einsatzort:<\/strong><\/p>\n[\/vc_column_text][\/vc_column][vc_column width=&#8220;3\/4&#8243;][vc_column_text]Simbach, Kreuzberger Weg[\/vc_column_text][\/vc_column][\/vc_row][vc_row equal_height=&#8220;yes&#8220; inverse=&#8220;&#8220; css=&#8220;.vc_custom_1534176358862{padding-bottom: 25px !important;}&#8220;][vc_column width=&#8220;1\/4&#8243;][vc_column_text]\n<p><strong>Datum:<\/strong><\/p>\n[\/vc_column_text][\/vc_column][vc_column width=&#8220;3\/4&#8243;][vc_column_text]Samstag, 01. September 2018[\/vc_column_text][\/vc_column][\/vc_row][vc_row equal_height=&#8220;yes&#8220; inverse=&#8220;&#8220; css=&#8220;.vc_custom_1534176324087{padding-bottom: 25px !important;background-color: #f6f3f0 !important;}&#8220;][vc_column width=&#8220;1\/4&#8243;][vc_column_text]\n<p><strong>Alarmierung (Schleife):<\/strong><\/p>\n[\/vc_column_text][\/vc_column][vc_column width=&#8220;3\/4&#8243;][vc_column_text]Nacht-\/Wochenendalarm[\/vc_column_text][\/vc_column][\/vc_row][vc_row equal_height=&#8220;yes&#8220; inverse=&#8220;&#8220; css=&#8220;.vc_custom_1535721482686{padding-bottom: 25px !important;}&#8220;][vc_column width=&#8220;1\/4&#8243;][vc_column_text]\n<p><strong>Alarmierte Einheiten:<\/strong><\/p>\n[\/vc_column_text][\/vc_column][vc_column width=&#8220;3\/4&#8243;][vc_column_text]FF Simbach a. Inn, KBM 2\/1, Polizei[\/vc_column_text][\/vc_column][\/vc_row][vc_row][vc_column][vc_empty_space height=&#8220;30&#8243;][\/vc_column][\/vc_row][vc_row][vc_column][vc_separator border_width=&#8220;4&#8243;][\/vc_column][\/vc_row][vc_row][vc_column][vc_empty_space height=&#8220;30&#8243;][\/vc_column][\/vc_row][vc_row equal_height=&#8220;yes&#8220; inverse=&#8220;&#8220; css=&#8220;.vc_custom_1534176358862{padding-bottom: 25px !important;}&#8220;][vc_column width=&#8220;1\/4&#8243;][vc_column_text]\n<p><strong>Einsatzbericht:<\/strong><\/p>\n[\/vc_column_text][\/vc_column][vc_column width=&#8220;3\/4&#8243;][vc_column_text]Am Samstagvormittag, den 01.09.2018, kurz nach der <a href=\"https:\/\/feuerwehr-simbach.de\/?einsatz=01-09-2018-ausgeloeste-brandmeldeanlage\">ausgel\u00f6sten Brandmeldeanlage<\/a> wurden wir zur Beseitigung einer \u00d6lspur alarmiert. Da das \u00d6l aufgrund des Regens in den Abfluss zu gelangen drohte, wurde die betroffene Stelle unverz\u00fcglich mit Bindemittel abgestreut und ges\u00e4ubert.[\/vc_column_text][\/vc_column][\/vc_row][vc_row][vc_column][vc_empty_space height=&#8220;30&#8243;][\/vc_column][\/vc_row][vc_row][vc_column][\/vc_column][\/vc_row][vc_row][vc_column][vc_empty_space height=&#8220;30&#8243;][\/vc_column][\/vc_row]\n<p>&nbsp;<\/p>\n<p>&nbsp;<\/p>\n<p><img loading=\"lazy\" decoding=\"async\" class=\"aligncenter wp-image-6637 size-full\" src=\"https:\/\/feuerwehr-simbach.de\/wp-content\/uploads\/2018\/08\/LF.png\" alt=\"\" width=\"969\" height=\"646\" srcset=\"https:\/\/feuerwehr-simbach.de\/wp-content\/uploads\/2018\/08\/LF.png 969w, https:\/\/feuerwehr-simbach.de\/wp-content\/uploads\/2018\/08\/LF-300x200.png 300w, https:\/\/feuerwehr-simbach.de\/wp-content\/uploads\/2018\/08\/LF-768x512.png 768w\" sizes=\"auto, (max-width: 969px) 100vw, 969px\" \/><\/p>\n<\/div>","protected":false},"author":22,"featured_media":6637,"template":"","meta":{"einsatz_weight":1,"footnotes":""},"categories":[161],"tags":[],"einsatzart":[],"fahrzeug":[],"exteinsatzmittel":[],"alarmierungsart":[],"evw_unit":[],"class_list":["post-11791","einsatz","type-einsatz","status-publish","has-post-thumbnail","hentry","category-einsaetze-2018"],"_links":{"self":[{"href":"https:\/\/feuerwehr-simbach.de\/index.php?rest_route=\/wp\/v2\/einsatz\/11791","targetHints":{"allow":["GET"]}}],"collection":[{"href":"https:\/\/feuerwehr-simbach.de\/index.php?rest_route=\/wp\/v2\/einsatz"}],"about":[{"href":"https:\/\/feuerwehr-simbach.de\/index.php?rest_route=\/wp\/v2\/types\/einsatz"}],"author":[{"embeddable":true,"href":"https:\/\/feuerwehr-simbach.de\/index.php?rest_route=\/wp\/v2\/users\/22"}],"version-history":[{"count":6,"href":"https:\/\/feuerwehr-simbach.de\/index.php?rest_route=\/wp\/v2\/einsatz\/11791\/revisions"}],"predecessor-version":[{"id":21003,"href":"https:\/\/feuerwehr-simbach.de\/index.php?rest_route=\/wp\/v2\/einsatz\/11791\/revisions\/21003"}],"wp:featuredmedia":[{"embeddable":true,"href":"https:\/\/feuerwehr-simbach.de\/index.php?rest_route=\/wp\/v2\/media\/6637"}],"wp:attachment":[{"href":"https:\/\/feuerwehr-simbach.de\/index.php?rest_route=%2Fwp%2Fv2%2Fmedia&parent=11791"}],"wp:term":[{"taxonomy":"category","embeddable":true,"href":"https:\/\/feuerwehr-simbach.de\/index.php?rest_route=%2Fwp%2Fv2%2Fcategories&post=11791"},{"taxonomy":"post_tag","embeddable":true,"href":"https:\/\/feuerwehr-simbach.de\/index.php?rest_route=%2Fwp%2Fv2%2Ftags&post=11791"},{"taxonomy":"einsatzart","embeddable":true,"href":"https:\/\/feuerwehr-simbach.de\/index.php?rest_route=%2Fwp%2Fv2%2Feinsatzart&post=11791"},{"taxonomy":"fahrzeug","embeddable":true,"href":"https:\/\/feuerwehr-simbach.de\/index.php?rest_route=%2Fwp%2Fv2%2Ffahrzeug&post=11791"},{"taxonomy":"exteinsatzmittel","embeddable":true,"href":"https:\/\/feuerwehr-simbach.de\/index.php?rest_route=%2Fwp%2Fv2%2Fexteinsatzmittel&post=11791"},{"taxonomy":"alarmierungsart","embeddable":true,"href":"https:\/\/feuerwehr-simbach.de\/index.php?rest_route=%2Fwp%2Fv2%2Falarmierungsart&post=11791"},{"taxonomy":"evw_unit","embeddable":true,"href":"https:\/\/feuerwehr-simbach.de\/index.php?rest_route=%2Fwp%2Fv2%2Fevw_unit&post=11791"}],"curies":[{"name":"wp","href":"https:\/\/api.w.org\/{rel}","templated":true}]}}

01.09.2018 &#8211; Straße reinigen &#8211; Ölspur

<div class="wpb-content-wrapper">[vc_row][vc_column][vc_empty_space height=&#8220;30&#8243;][/vc_column][/vc_row][vc_row equal_height=&#8220;yes&#8220; inverse=&#8220;&#8220; css=&#8220;.vc_custom_1534252452366{padding-bottom: 25px !important;background-color: #f6f3f0 !important;}&#8220;][vc_column width=&#8220;1/4&#8243;][vc_column_text]
<p><b>Einsatzart:</b></p>
[/vc_column_text][/vc_column][vc_column width=&#8220;3/4&#8243;][vc_column_text]Straße reinigen &#8211; Ölspur[/vc_column_text][/vc_column][/vc_row][vc_row equal_height=&#8220;yes&#8220; inverse=&#8220;&#8220; css=&#8220;.vc_custom_1534176358862{padding-bottom: 25px !important;}&#8220;][vc_column width=&#8220;1/4&#8243;][vc_column_text]
<p><strong>Stichwort:</strong></p>
[/vc_column_text][/vc_column][vc_column width=&#8220;3/4&#8243;][vc_column_text]THL 1[/vc_column_text][/vc_column][/vc_row][vc_row equal_height=&#8220;yes&#8220; inverse=&#8220;&#8220; css=&#8220;.vc_custom_1534176324087{padding-bottom: 25px !important;background-color: #f6f3f0 !important;}&#8220;][vc_column width=&#8220;1/4&#8243;][vc_column_text]
<p><strong>Einsatzort:</strong></p>
[/vc_column_text][/vc_column][vc_column width=&#8220;3/4&#8243;][vc_column_text]Simbach, Kreuzberger Weg[/vc_column_text][/vc_column][/vc_row][vc_row equal_height=&#8220;yes&#8220; inverse=&#8220;&#8220; css=&#8220;.vc_custom_1534176358862{padding-bottom: 25px !important;}&#8220;][vc_column width=&#8220;1/4&#8243;][vc_column_text]
<p><strong>Datum:</strong></p>
[/vc_column_text][/vc_column][vc_column width=&#8220;3/4&#8243;][vc_column_text]Samstag, 01. September 2018[/vc_column_text][/vc_column][/vc_row][vc_row equal_height=&#8220;yes&#8220; inverse=&#8220;&#8220; css=&#8220;.vc_custom_1534176324087{padding-bottom: 25px !important;background-color: #f6f3f0 !important;}&#8220;][vc_column width=&#8220;1/4&#8243;][vc_column_text]
<p><strong>Alarmierung (Schleife):</strong></p>
[/vc_column_text][/vc_column][vc_column width=&#8220;3/4&#8243;][vc_column_text]Nacht-/Wochenendalarm[/vc_column_text][/vc_column][/vc_row][vc_row equal_height=&#8220;yes&#8220; inverse=&#8220;&#8220; css=&#8220;.vc_custom_1535721482686{padding-bottom: 25px !important;}&#8220;][vc_column width=&#8220;1/4&#8243;][vc_column_text]
<p><strong>Alarmierte Einheiten:</strong></p>
[/vc_column_text][/vc_column][vc_column width=&#8220;3/4&#8243;][vc_column_text]FF Simbach a. Inn, KBM 2/1, Polizei[/vc_column_text][/vc_column][/vc_row][vc_row][vc_column][vc_empty_space height=&#8220;30&#8243;][/vc_column][/vc_row][vc_row][vc_column][vc_separator border_width=&#8220;4&#8243;][/vc_column][/vc_row][vc_row][vc_column][vc_empty_space height=&#8220;30&#8243;][/vc_column][/vc_row][vc_row equal_height=&#8220;yes&#8220; inverse=&#8220;&#8220; css=&#8220;.vc_custom_1534176358862{padding-bottom: 25px !important;}&#8220;][vc_column width=&#8220;1/4&#8243;][vc_column_text]
<p><strong>Einsatzbericht:</strong></p>
[/vc_column_text][/vc_column][vc_column width=&#8220;3/4&#8243;][vc_column_text]Am Samstagvormittag, den 01.09.2018, kurz nach der <a href="https://feuerwehr-simbach.de/?einsatz=01-09-2018-ausgeloeste-brandmeldeanlage">ausgelösten Brandmeldeanlage</a> wurden wir zur Beseitigung einer Ölspur alarmiert. Da das Öl aufgrund des Regens in den Abfluss zu gelangen drohte, wurde die betroffene Stelle unverzüglich mit Bindemittel abgestreut und gesäubert.[/vc_column_text][/vc_column][/vc_row][vc_row][vc_column][vc_empty_space height=&#8220;30&#8243;][/vc_column][/vc_row][vc_row][vc_column][/vc_column][/vc_row][vc_row][vc_column][vc_empty_space height=&#8220;30&#8243;][/vc_column][/vc_row]
<p>&nbsp;</p>
<p>&nbsp;</p>
<p><img loading="lazy" decoding="async" class="aligncenter wp-image-6637 size-full" src="https://feuerwehr-simbach.de/wp-content/uploads/2018/08/LF.png" alt="" width="969" height="646" srcset="https://feuerwehr-simbach.de/wp-content/uploads/2018/08/LF.png 969w, https://feuerwehr-simbach.de/wp-content/uploads/2018/08/LF-300x200.png 300w, https://feuerwehr-simbach.de/wp-content/uploads/2018/08/LF-768x512.png 768w" sizes="auto, (max-width: 969px) 100vw, 969px" /></p>
</div>
