{"id":13499,"date":"2021-02-05T17:01:00","date_gmt":"2021-02-05T16:01:00","guid":{"rendered":"https:\/\/feuerwehr-simbach.de\/?post_type=einsatz&#038;p=13499"},"modified":"2021-02-06T20:47:30","modified_gmt":"2021-02-06T19:47:30","slug":"17-01-2021-waldunfall-eingeklemmte-person","status":"publish","type":"einsatz","link":"https:\/\/feuerwehr-simbach.de\/?einsatz=17-01-2021-waldunfall-eingeklemmte-person","title":{"rendered":"05.02.2021 &#8211; Waldunfall mit eingeklemmter Person"},"content":{"rendered":"<div class=\"wpb-content-wrapper\">[vc_row][vc_column][vc_empty_space height=&#8220;1&#8243;][\/vc_column][\/vc_row][vc_row equal_height=&#8220;yes&#8220; inverse=&#8220;&#8220; css=&#8220;.vc_custom_1545579889091{padding-bottom: 25px !important;background-color: #edf2ef !important;}&#8220;][vc_column width=&#8220;1\/4&#8243;][vc_column_text]\n<p><strong>Einsatzart:<\/strong><\/p>\n[\/vc_column_text][\/vc_column][vc_column width=&#8220;3\/4&#8243;][vc_column_text]Technische Hilfeleistung[\/vc_column_text][\/vc_column][\/vc_row][vc_row equal_height=&#8220;yes&#8220; inverse=&#8220;&#8220; css=&#8220;.vc_custom_1545579201718{padding-bottom: 25px !important;}&#8220;][vc_column width=&#8220;1\/4&#8243;][vc_column_text]\n<p><strong>Schlagwort:<\/strong><\/p>\n[\/vc_column_text][\/vc_column][vc_column width=&#8220;3\/4&#8243;][vc_column_text]Waldunfall, eingeklemmte Person[\/vc_column_text][\/vc_column][\/vc_row][vc_row equal_height=&#8220;yes&#8220; inverse=&#8220;&#8220; css=&#8220;.vc_custom_1545579190843{padding-bottom: 25px !important;background-color: #edf2ef !important;}&#8220;][vc_column width=&#8220;1\/4&#8243;][vc_column_text]\n<p><strong>Stichwort:<\/strong><\/p>\n[\/vc_column_text][\/vc_column][vc_column width=&#8220;3\/4&#8243;][vc_column_text]THL 3[\/vc_column_text][\/vc_column][\/vc_row][vc_row equal_height=&#8220;yes&#8220; inverse=&#8220;&#8220; css=&#8220;.vc_custom_1545579201718{padding-bottom: 25px !important;}&#8220;][vc_column width=&#8220;1\/4&#8243;][vc_column_text]\n<p><strong>Einsatzort:<\/strong><\/p>\n[\/vc_column_text][\/vc_column][vc_column width=&#8220;3\/4&#8243;][vc_column_text]Simbach, Antersdorf[\/vc_column_text][\/vc_column][\/vc_row][vc_row equal_height=&#8220;yes&#8220; inverse=&#8220;&#8220; css=&#8220;.vc_custom_1545579210044{padding-bottom: 25px !important;background-color: #edf2ef !important;}&#8220;][vc_column width=&#8220;1\/4&#8243;][vc_column_text]\n<p><strong>Datum:<\/strong><\/p>\n[\/vc_column_text][\/vc_column][vc_column width=&#8220;3\/4&#8243;][vc_column_text]Freitag, 5. Februar 2021[\/vc_column_text][\/vc_column][\/vc_row][vc_row equal_height=&#8220;yes&#8220; inverse=&#8220;&#8220; css=&#8220;.vc_custom_1545579217081{padding-bottom: 25px !important;}&#8220;][vc_column width=&#8220;1\/4&#8243;][vc_column_text]\n<p><strong>Alarmierung (Schleife):<\/strong><\/p>\n[\/vc_column_text][\/vc_column][vc_column width=&#8220;3\/4&#8243;][vc_column_text]Vollalarm[\/vc_column_text][\/vc_column][\/vc_row][vc_row equal_height=&#8220;yes&#8220; inverse=&#8220;&#8220; css=&#8220;.vc_custom_1545579225595{padding-bottom: 25px !important;background-color: #edf2ef !important;}&#8220;][vc_column width=&#8220;1\/4&#8243;][vc_column_text]\n<p><strong>E<\/strong><strong>ingesetzte<\/strong><strong> Kr\u00e4fte:<\/strong><\/p>\n[\/vc_column_text][\/vc_column][vc_column width=&#8220;3\/4&#8243;][vc_column_text]FF Simbach a. Inn, FF Kirchdorf a. Inn, KBM 2\/1, Polizei, Rettungsdienst, Einsatzleiter Rettungsdienst[\/vc_column_text][\/vc_column][\/vc_row][vc_row][vc_column][vc_empty_space height=&#8220;30&#8243;][\/vc_column][\/vc_row][vc_row][vc_column][vc_separator border_width=&#8220;4&#8243;][\/vc_column][\/vc_row][vc_row][vc_column][vc_empty_space height=&#8220;30&#8243;][\/vc_column][\/vc_row][vc_row equal_height=&#8220;yes&#8220; inverse=&#8220;&#8220; css=&#8220;.vc_custom_1534176358862{padding-bottom: 25px !important;}&#8220;][vc_column width=&#8220;1\/4&#8243;][vc_column_text]\n<p><strong>Einsatzbericht:<\/strong><\/p>\n[\/vc_column_text][\/vc_column][vc_column width=&#8220;3\/4&#8243;][vc_column_text]Bei Waldarbeiten an einem Steilhang in Antersdorf wurde eine Person von einem Baum getroffen. Daraufhin wurden wir gemeinsam mit der Feuerwehr Kirchdorf gegen 16.00 Uhr nach dem Stichwort THL 3 alarmiert, da vermutet wurde, dass die Person unter dem Baum eingeklemmt ist. Nach Eintreffen am Einsatzort stellte sich aber gl\u00fccklicherweise heraus, dass dies nicht der Fall war. Deshalb konnten die Kameraden aus Kirchdorf wieder in ihr Ger\u00e4tehaus zur\u00fcckkehren. Jedoch musste der Patient noch vom Steilhang gerettet werden, damit der Rettungsdienst diesen in ein Krankenhaus abtransportieren kann. Daf\u00fcr musste noch ein Zugang zum Patienten geschaffen werden, da kleinere B\u00e4ume und Gestr\u00fcpp eine Rettung erschwert h\u00e4tten. Danach konnte der Patient mit vereinten Kr\u00e4ften aus Feuerwehr und Rettungsdienst zum Rettungswagen (RTW) transportiert werden. Anschlie\u00dfend konnten auch wir wieder abr\u00fccken.<\/p>\n<p>Hier noch der Pressebericht der PNP: <a href=\"https:\/\/www.pnp.de\/lokales\/landkreis-rottal-inn\/simbach\/Forstunfall-an-einem-Steilhang-3906984.html\">Bericht<\/a>[\/vc_column_text][\/vc_column][\/vc_row][vc_row][vc_column][vc_column_text]\n<p>&nbsp;<\/p>\n<p><img loading=\"lazy\" decoding=\"async\" class=\"aligncenter wp-image-13510 size-full\" src=\"https:\/\/feuerwehr-simbach.de\/wp-content\/uploads\/2021\/02\/Waldunfall-5.02.2021-1.jpg\" alt=\"\" width=\"1920\" height=\"1280\" srcset=\"https:\/\/feuerwehr-simbach.de\/wp-content\/uploads\/2021\/02\/Waldunfall-5.02.2021-1.jpg 1920w, https:\/\/feuerwehr-simbach.de\/wp-content\/uploads\/2021\/02\/Waldunfall-5.02.2021-1-300x200.jpg 300w, https:\/\/feuerwehr-simbach.de\/wp-content\/uploads\/2021\/02\/Waldunfall-5.02.2021-1-1024x683.jpg 1024w, https:\/\/feuerwehr-simbach.de\/wp-content\/uploads\/2021\/02\/Waldunfall-5.02.2021-1-768x512.jpg 768w, https:\/\/feuerwehr-simbach.de\/wp-content\/uploads\/2021\/02\/Waldunfall-5.02.2021-1-1536x1024.jpg 1536w, https:\/\/feuerwehr-simbach.de\/wp-content\/uploads\/2021\/02\/Waldunfall-5.02.2021-1-1320x880.jpg 1320w\" sizes=\"auto, (max-width: 1920px) 100vw, 1920px\" \/><\/p>\n<\/div>","protected":false},"author":11,"featured_media":13510,"template":"","meta":{"einsatz_weight":1,"footnotes":""},"categories":[162],"tags":[],"einsatzart":[],"fahrzeug":[],"exteinsatzmittel":[],"alarmierungsart":[],"evw_unit":[],"class_list":["post-13499","einsatz","type-einsatz","status-publish","has-post-thumbnail","hentry","category-einsaetze-2021"],"_links":{"self":[{"href":"https:\/\/feuerwehr-simbach.de\/index.php?rest_route=\/wp\/v2\/einsatz\/13499","targetHints":{"allow":["GET"]}}],"collection":[{"href":"https:\/\/feuerwehr-simbach.de\/index.php?rest_route=\/wp\/v2\/einsatz"}],"about":[{"href":"https:\/\/feuerwehr-simbach.de\/index.php?rest_route=\/wp\/v2\/types\/einsatz"}],"author":[{"embeddable":true,"href":"https:\/\/feuerwehr-simbach.de\/index.php?rest_route=\/wp\/v2\/users\/11"}],"version-history":[{"count":6,"href":"https:\/\/feuerwehr-simbach.de\/index.php?rest_route=\/wp\/v2\/einsatz\/13499\/revisions"}],"predecessor-version":[{"id":13517,"href":"https:\/\/feuerwehr-simbach.de\/index.php?rest_route=\/wp\/v2\/einsatz\/13499\/revisions\/13517"}],"wp:featuredmedia":[{"embeddable":true,"href":"https:\/\/feuerwehr-simbach.de\/index.php?rest_route=\/wp\/v2\/media\/13510"}],"wp:attachment":[{"href":"https:\/\/feuerwehr-simbach.de\/index.php?rest_route=%2Fwp%2Fv2%2Fmedia&parent=13499"}],"wp:term":[{"taxonomy":"category","embeddable":true,"href":"https:\/\/feuerwehr-simbach.de\/index.php?rest_route=%2Fwp%2Fv2%2Fcategories&post=13499"},{"taxonomy":"post_tag","embeddable":true,"href":"https:\/\/feuerwehr-simbach.de\/index.php?rest_route=%2Fwp%2Fv2%2Ftags&post=13499"},{"taxonomy":"einsatzart","embeddable":true,"href":"https:\/\/feuerwehr-simbach.de\/index.php?rest_route=%2Fwp%2Fv2%2Feinsatzart&post=13499"},{"taxonomy":"fahrzeug","embeddable":true,"href":"https:\/\/feuerwehr-simbach.de\/index.php?rest_route=%2Fwp%2Fv2%2Ffahrzeug&post=13499"},{"taxonomy":"exteinsatzmittel","embeddable":true,"href":"https:\/\/feuerwehr-simbach.de\/index.php?rest_route=%2Fwp%2Fv2%2Fexteinsatzmittel&post=13499"},{"taxonomy":"alarmierungsart","embeddable":true,"href":"https:\/\/feuerwehr-simbach.de\/index.php?rest_route=%2Fwp%2Fv2%2Falarmierungsart&post=13499"},{"taxonomy":"evw_unit","embeddable":true,"href":"https:\/\/feuerwehr-simbach.de\/index.php?rest_route=%2Fwp%2Fv2%2Fevw_unit&post=13499"}],"curies":[{"name":"wp","href":"https:\/\/api.w.org\/{rel}","templated":true}]}}

<div class="wpb-content-wrapper">[vc_row][vc_column][vc_empty_space height=&#8220;1&#8243;][/vc_column][/vc_row][vc_row equal_height=&#8220;yes&#8220; inverse=&#8220;&#8220; css=&#8220;.vc_custom_1545579889091{padding-bottom: 25px !important;background-color: #edf2ef !important;}&#8220;][vc_column width=&#8220;1/4&#8243;][vc_column_text]
<p><strong>Einsatzart:</strong></p>
[/vc_column_text][/vc_column][vc_column width=&#8220;3/4&#8243;][vc_column_text]Technische Hilfeleistung[/vc_column_text][/vc_column][/vc_row][vc_row equal_height=&#8220;yes&#8220; inverse=&#8220;&#8220; css=&#8220;.vc_custom_1545579201718{padding-bottom: 25px !important;}&#8220;][vc_column width=&#8220;1/4&#8243;][vc_column_text]
<p><strong>Schlagwort:</strong></p>
[/vc_column_text][/vc_column][vc_column width=&#8220;3/4&#8243;][vc_column_text]Waldunfall, eingeklemmte Person[/vc_column_text][/vc_column][/vc_row][vc_row equal_height=&#8220;yes&#8220; inverse=&#8220;&#8220; css=&#8220;.vc_custom_1545579190843{padding-bottom: 25px !important;background-color: #edf2ef !important;}&#8220;][vc_column width=&#8220;1/4&#8243;][vc_column_text]
<p><strong>Stichwort:</strong></p>
[/vc_column_text][/vc_column][vc_column width=&#8220;3/4&#8243;][vc_column_text]THL 3[/vc_column_text][/vc_column][/vc_row][vc_row equal_height=&#8220;yes&#8220; inverse=&#8220;&#8220; css=&#8220;.vc_custom_1545579201718{padding-bottom: 25px !important;}&#8220;][vc_column width=&#8220;1/4&#8243;][vc_column_text]
<p><strong>Einsatzort:</strong></p>
[/vc_column_text][/vc_column][vc_column width=&#8220;3/4&#8243;][vc_column_text]Simbach, Antersdorf[/vc_column_text][/vc_column][/vc_row][vc_row equal_height=&#8220;yes&#8220; inverse=&#8220;&#8220; css=&#8220;.vc_custom_1545579210044{padding-bottom: 25px !important;background-color: #edf2ef !important;}&#8220;][vc_column width=&#8220;1/4&#8243;][vc_column_text]
<p><strong>Datum:</strong></p>
[/vc_column_text][/vc_column][vc_column width=&#8220;3/4&#8243;][vc_column_text]Freitag, 5. Februar 2021[/vc_column_text][/vc_column][/vc_row][vc_row equal_height=&#8220;yes&#8220; inverse=&#8220;&#8220; css=&#8220;.vc_custom_1545579217081{padding-bottom: 25px !important;}&#8220;][vc_column width=&#8220;1/4&#8243;][vc_column_text]
<p><strong>Alarmierung (Schleife):</strong></p>
[/vc_column_text][/vc_column][vc_column width=&#8220;3/4&#8243;][vc_column_text]Vollalarm[/vc_column_text][/vc_column][/vc_row][vc_row equal_height=&#8220;yes&#8220; inverse=&#8220;&#8220; css=&#8220;.vc_custom_1545579225595{padding-bottom: 25px !important;background-color: #edf2ef !important;}&#8220;][vc_column width=&#8220;1/4&#8243;][vc_column_text]
<p><strong>E</strong><strong>ingesetzte</strong><strong> Kräfte:</strong></p>
[/vc_column_text][/vc_column][vc_column width=&#8220;3/4&#8243;][vc_column_text]FF Simbach a. Inn, FF Kirchdorf a. Inn, KBM 2/1, Polizei, Rettungsdienst, Einsatzleiter Rettungsdienst[/vc_column_text][/vc_column][/vc_row][vc_row][vc_column][vc_empty_space height=&#8220;30&#8243;][/vc_column][/vc_row][vc_row][vc_column][vc_separator border_width=&#8220;4&#8243;][/vc_column][/vc_row][vc_row][vc_column][vc_empty_space height=&#8220;30&#8243;][/vc_column][/vc_row][vc_row equal_height=&#8220;yes&#8220; inverse=&#8220;&#8220; css=&#8220;.vc_custom_1534176358862{padding-bottom: 25px !important;}&#8220;][vc_column width=&#8220;1/4&#8243;][vc_column_text]
<p><strong>Einsatzbericht:</strong></p>
[/vc_column_text][/vc_column][vc_column width=&#8220;3/4&#8243;][vc_column_text]Bei Waldarbeiten an einem Steilhang in Antersdorf wurde eine Person von einem Baum getroffen. Daraufhin wurden wir gemeinsam mit der Feuerwehr Kirchdorf gegen 16.00 Uhr nach dem Stichwort THL 3 alarmiert, da vermutet wurde, dass die Person unter dem Baum eingeklemmt ist. Nach Eintreffen am Einsatzort stellte sich aber glücklicherweise heraus, dass dies nicht der Fall war. Deshalb konnten die Kameraden aus Kirchdorf wieder in ihr Gerätehaus zurückkehren. Jedoch musste der Patient noch vom Steilhang gerettet werden, damit der Rettungsdienst diesen in ein Krankenhaus abtransportieren kann. Dafür musste noch ein Zugang zum Patienten geschaffen werden, da kleinere Bäume und Gestrüpp eine Rettung erschwert hätten. Danach konnte der Patient mit vereinten Kräften aus Feuerwehr und Rettungsdienst zum Rettungswagen (RTW) transportiert werden. Anschließend konnten auch wir wieder abrücken.</p>
<p>Hier noch der Pressebericht der PNP: <a href="https://www.pnp.de/lokales/landkreis-rottal-inn/simbach/Forstunfall-an-einem-Steilhang-3906984.html">Bericht</a>[/vc_column_text][/vc_column][/vc_row][vc_row][vc_column][vc_column_text]
<p>&nbsp;</p>
<p><img loading="lazy" decoding="async" class="aligncenter wp-image-13510 size-full" src="https://feuerwehr-simbach.de/wp-content/uploads/2021/02/Waldunfall-5.02.2021-1.jpg" alt="" width="1920" height="1280" srcset="https://feuerwehr-simbach.de/wp-content/uploads/2021/02/Waldunfall-5.02.2021-1.jpg 1920w, https://feuerwehr-simbach.de/wp-content/uploads/2021/02/Waldunfall-5.02.2021-1-300x200.jpg 300w, https://feuerwehr-simbach.de/wp-content/uploads/2021/02/Waldunfall-5.02.2021-1-1024x683.jpg 1024w, https://feuerwehr-simbach.de/wp-content/uploads/2021/02/Waldunfall-5.02.2021-1-768x512.jpg 768w, https://feuerwehr-simbach.de/wp-content/uploads/2021/02/Waldunfall-5.02.2021-1-1536x1024.jpg 1536w, https://feuerwehr-simbach.de/wp-content/uploads/2021/02/Waldunfall-5.02.2021-1-1320x880.jpg 1320w" sizes="auto, (max-width: 1920px) 100vw, 1920px" /></p>
</div>
