{"id":13800,"date":"2021-03-30T18:41:00","date_gmt":"2021-03-30T16:41:00","guid":{"rendered":"https:\/\/feuerwehr-simbach.de\/?post_type=einsatz&#038;p=13800"},"modified":"2021-03-31T13:22:26","modified_gmt":"2021-03-31T11:22:26","slug":"30-03-2021-ausgeloeste-brandmeldeanlage","status":"publish","type":"einsatz","link":"https:\/\/feuerwehr-simbach.de\/?einsatz=30-03-2021-ausgeloeste-brandmeldeanlage","title":{"rendered":"30.03.2021 &#8211; Ausgel\u00f6ste Brandmeldeanlage"},"content":{"rendered":"<div class=\"wpb-content-wrapper\">[vc_row][vc_column][vc_column_text]\n<p style=\"text-align: left;\">[\/vc_column_text][\/vc_column][\/vc_row][vc_row][vc_column][vc_empty_space height=&#8220;1&#8243;][\/vc_column][\/vc_row][vc_row equal_height=&#8220;yes&#8220; inverse=&#8220;&#8220; css=&#8220;.vc_custom_1545579889091{padding-bottom: 25px !important;background-color: #edf2ef !important;}&#8220;][vc_column width=&#8220;1\/4&#8243;][vc_column_text]\n<p><strong>Einsatzart:<\/strong><\/p>\n[\/vc_column_text][\/vc_column][vc_column width=&#8220;3\/4&#8243;][vc_column_text]Brandeinsatz[\/vc_column_text][\/vc_column][\/vc_row][vc_row equal_height=&#8220;yes&#8220; inverse=&#8220;&#8220; css=&#8220;.vc_custom_1545579201718{padding-bottom: 25px !important;}&#8220;][vc_column width=&#8220;1\/4&#8243;][vc_column_text]\n<p><strong>Schlagwort:<\/strong><\/p>\n[\/vc_column_text][\/vc_column][vc_column width=&#8220;3\/4&#8243;][vc_column_text]Ausgel\u00f6ste Brandmeldeanlage[\/vc_column_text][\/vc_column][\/vc_row][vc_row equal_height=&#8220;yes&#8220; inverse=&#8220;&#8220; css=&#8220;.vc_custom_1545579190843{padding-bottom: 25px !important;background-color: #edf2ef !important;}&#8220;][vc_column width=&#8220;1\/4&#8243;][vc_column_text]\n<p><strong>Stichwort:<\/strong><\/p>\n[\/vc_column_text][\/vc_column][vc_column width=&#8220;3\/4&#8243;][vc_column_text]B BMA[\/vc_column_text][\/vc_column][\/vc_row][vc_row equal_height=&#8220;yes&#8220; inverse=&#8220;&#8220; css=&#8220;.vc_custom_1545579201718{padding-bottom: 25px !important;}&#8220;][vc_column width=&#8220;1\/4&#8243;][vc_column_text]\n<p><strong>Einsatzort:<\/strong><\/p>\n[\/vc_column_text][\/vc_column][vc_column width=&#8220;3\/4&#8243;][vc_column_text]Simbach, Heraklithstra\u00dfe[\/vc_column_text][\/vc_column][\/vc_row][vc_row equal_height=&#8220;yes&#8220; inverse=&#8220;&#8220; css=&#8220;.vc_custom_1545579210044{padding-bottom: 25px !important;background-color: #edf2ef !important;}&#8220;][vc_column width=&#8220;1\/4&#8243;][vc_column_text]\n<p><strong>Datum:<\/strong><\/p>\n[\/vc_column_text][\/vc_column][vc_column width=&#8220;3\/4&#8243;][vc_column_text]Dienstag, 30. M\u00e4rz 2021[\/vc_column_text][\/vc_column][\/vc_row][vc_row equal_height=&#8220;yes&#8220; inverse=&#8220;&#8220; css=&#8220;.vc_custom_1545579217081{padding-bottom: 25px !important;}&#8220;][vc_column width=&#8220;1\/4&#8243;][vc_column_text]\n<p><strong>Alarmierung (Schleife):<\/strong><\/p>\n[\/vc_column_text][\/vc_column][vc_column width=&#8220;3\/4&#8243;][vc_column_text]Vollalarm[\/vc_column_text][\/vc_column][\/vc_row][vc_row equal_height=&#8220;yes&#8220; inverse=&#8220;&#8220; css=&#8220;.vc_custom_1545579225595{padding-bottom: 25px !important;background-color: #edf2ef !important;}&#8220;][vc_column width=&#8220;1\/4&#8243;][vc_column_text]\n<p><strong>E<\/strong><strong>ingesetzte<\/strong><strong> Kr\u00e4fte:<\/strong><\/p>\n[\/vc_column_text][\/vc_column][vc_column width=&#8220;3\/4&#8243;][vc_column_text]FF Simbach a. Inn, FF Erlach, Polizei, KBM 2\/1[\/vc_column_text][\/vc_column][\/vc_row][vc_row][vc_column][vc_empty_space height=&#8220;30&#8243;][\/vc_column][\/vc_row][vc_row][vc_column][vc_separator border_width=&#8220;4&#8243;][\/vc_column][\/vc_row][vc_row][vc_column][vc_empty_space height=&#8220;30&#8243;][\/vc_column][\/vc_row][vc_row equal_height=&#8220;yes&#8220; inverse=&#8220;&#8220; css=&#8220;.vc_custom_1534176358862{padding-bottom: 25px !important;}&#8220;][vc_column width=&#8220;1\/4&#8243;][vc_column_text]\n<p><strong>Einsatzbericht:<\/strong><\/p>\n[\/vc_column_text][\/vc_column][vc_column width=&#8220;3\/4&#8243;][vc_column_text]Am Dienstag gegen 18.00 Uhr alarmierte uns die ILS Passau zu einer ausgel\u00f6sten Brandmeldeanlage zur Firma Sch\u00fctz ins Gewerbegebiet. Nach einer Erkundung am Einsatzort stellte sich heraus, dass es sich nicht um einen Fehlalarm handelte. Denn es hatten mehrere Melder Alarm ausgel\u00f6st und beim Betreten der Produktionshalle war bereits eine Rauchentwicklung sichtbar. Somit r\u00e4umten wir die Halle und versuchten mit unserer W\u00e4rmebildkamera, den genauen Brandort zu lokalisieren. Jedoch hatte diese einen technischen Defekt, weshalb wir \u00fcber die Leitstelle die Feuerwehr Erlach mit ihrer W\u00e4rmebildkamera nachalarmieren lie\u00dfen. Da die Rauchentwicklung von den Rohren der Absauganlage ausging, \u00f6ffneten wir diese mittels Flex und S\u00e4bels\u00e4ge. Hier konnte auch der eigentliche Brandherd festgestellt werden, der vom Angriffstrupp mit CO2-Feuerl\u00f6schern bek\u00e4mpft wurde. Vermutlich wurde dieser durch sich entz\u00fcndende R\u00fcckst\u00e4nde in den Rohren verursacht. Die Erlacher Kameraden kontrollierten nach ihrem Eintreffen die Rohre mit ihrer W\u00e4rmebildkamera. Zur Sicherheit entschied sich der Einsatzleiter dazu, Teile der Absaugung abzunehmen und ins Freie zu bringen. Anschlie\u00dfend wurde erneut die Temperatur an den Rohren gemessen. Da diese wieder sehr gering war und somit keine Gefahr mehr bestand, konnten wir nach zwei Stunden an der Einsatzstelle wieder einr\u00fccken.[\/vc_column_text][\/vc_column][\/vc_row][vc_column][\/vc_column]\n<p>&nbsp;<\/p>\n<div id=\"su_carousel_69f092c16d84a\" class=\"su-carousel su-carousel-centered su-carousel-pages-no su-carousel-responsive-yes JLqJ4b ChMk0b su-lightbox-gallery\" style=\"width:100%\" data-autoplay=\"3000\" data-speed=\"2000\" data-mousewheel=\"true\" data-items=\"3\" data-scroll=\"1\"><div class=\"su-carousel-slides\"><div class=\"su-carousel-slide\"><a href=\"https:\/\/feuerwehr-simbach.de\/wp-content\/uploads\/2021\/03\/Ausgeloeste-Brandmeldeanlage-30.03.21-1-e1617182643545.jpg\" title=\"2021.03.30 Ausgel\u00f6ste Brandmeldeanlage (1)\"><img decoding=\"async\" src=\"https:\/\/feuerwehr-simbach.de\/wp-content\/uploads\/2021\/03\/Ausgeloeste-Brandmeldeanlage-30.03.21-1-e1617182643545.jpg\" alt=\"2021.03.30 Ausgel\u00f6ste Brandmeldeanlage (1)\" \/><\/a><\/div><div class=\"su-carousel-slide\"><a href=\"https:\/\/feuerwehr-simbach.de\/wp-content\/uploads\/2021\/03\/Ausgeloeste-Brandmeldeanlage-30.03.21-2-e1617182664268.jpg\" title=\"2021.03.30 Ausgel\u00f6ste Brandmeldeanlage (2)\"><img decoding=\"async\" src=\"https:\/\/feuerwehr-simbach.de\/wp-content\/uploads\/2021\/03\/Ausgeloeste-Brandmeldeanlage-30.03.21-2-e1617182664268.jpg\" alt=\"2021.03.30 Ausgel\u00f6ste Brandmeldeanlage (2)\" \/><\/a><\/div><div class=\"su-carousel-slide\"><a href=\"https:\/\/feuerwehr-simbach.de\/wp-content\/uploads\/2021\/03\/Ausgeloeste-Brandmeldeanlage-30.03.21-3-e1617182674673.jpg\" title=\"2021.03.30 Ausgel\u00f6ste Brandmeldeanlage (3)\"><img decoding=\"async\" src=\"https:\/\/feuerwehr-simbach.de\/wp-content\/uploads\/2021\/03\/Ausgeloeste-Brandmeldeanlage-30.03.21-3-e1617182674673.jpg\" alt=\"2021.03.30 Ausgel\u00f6ste Brandmeldeanlage (3)\" \/><\/a><\/div><div class=\"su-carousel-slide\"><a href=\"https:\/\/feuerwehr-simbach.de\/wp-content\/uploads\/2021\/03\/Ausgeloeste-Brandmeldeanlage-30.03.21-4-e1617182684302.jpg\" title=\"2021.03.30 Ausgel\u00f6ste Brandmeldeanlage (4)\"><img decoding=\"async\" src=\"https:\/\/feuerwehr-simbach.de\/wp-content\/uploads\/2021\/03\/Ausgeloeste-Brandmeldeanlage-30.03.21-4-e1617182684302.jpg\" alt=\"2021.03.30 Ausgel\u00f6ste Brandmeldeanlage (4)\" \/><\/a><\/div><div class=\"su-carousel-slide\"><a href=\"https:\/\/feuerwehr-simbach.de\/wp-content\/uploads\/2021\/03\/Ausgeloeste-Brandmeldeanlage-30.03.21-5-e1617182693848.jpg\" title=\"2021.03.30 Ausgel\u00f6ste Brandmeldeanlage (5)\"><img decoding=\"async\" src=\"https:\/\/feuerwehr-simbach.de\/wp-content\/uploads\/2021\/03\/Ausgeloeste-Brandmeldeanlage-30.03.21-5-e1617182693848.jpg\" alt=\"2021.03.30 Ausgel\u00f6ste Brandmeldeanlage (5)\" \/><\/a><\/div><\/div><div class=\"su-carousel-nav\"><div class=\"su-carousel-direction\"><span class=\"su-carousel-prev\"><\/span><span class=\"su-carousel-next\"><\/span><\/div><div class=\"su-carousel-pagination\"><\/div><\/div><\/div>\n<\/div>","protected":false},"author":11,"featured_media":13822,"template":"","meta":{"einsatz_weight":1,"footnotes":""},"categories":[162],"tags":[],"einsatzart":[],"fahrzeug":[],"exteinsatzmittel":[],"alarmierungsart":[],"evw_unit":[],"class_list":["post-13800","einsatz","type-einsatz","status-publish","has-post-thumbnail","hentry","category-einsaetze-2021"],"_links":{"self":[{"href":"https:\/\/feuerwehr-simbach.de\/index.php?rest_route=\/wp\/v2\/einsatz\/13800","targetHints":{"allow":["GET"]}}],"collection":[{"href":"https:\/\/feuerwehr-simbach.de\/index.php?rest_route=\/wp\/v2\/einsatz"}],"about":[{"href":"https:\/\/feuerwehr-simbach.de\/index.php?rest_route=\/wp\/v2\/types\/einsatz"}],"author":[{"embeddable":true,"href":"https:\/\/feuerwehr-simbach.de\/index.php?rest_route=\/wp\/v2\/users\/11"}],"version-history":[{"count":3,"href":"https:\/\/feuerwehr-simbach.de\/index.php?rest_route=\/wp\/v2\/einsatz\/13800\/revisions"}],"predecessor-version":[{"id":13827,"href":"https:\/\/feuerwehr-simbach.de\/index.php?rest_route=\/wp\/v2\/einsatz\/13800\/revisions\/13827"}],"wp:featuredmedia":[{"embeddable":true,"href":"https:\/\/feuerwehr-simbach.de\/index.php?rest_route=\/wp\/v2\/media\/13822"}],"wp:attachment":[{"href":"https:\/\/feuerwehr-simbach.de\/index.php?rest_route=%2Fwp%2Fv2%2Fmedia&parent=13800"}],"wp:term":[{"taxonomy":"category","embeddable":true,"href":"https:\/\/feuerwehr-simbach.de\/index.php?rest_route=%2Fwp%2Fv2%2Fcategories&post=13800"},{"taxonomy":"post_tag","embeddable":true,"href":"https:\/\/feuerwehr-simbach.de\/index.php?rest_route=%2Fwp%2Fv2%2Ftags&post=13800"},{"taxonomy":"einsatzart","embeddable":true,"href":"https:\/\/feuerwehr-simbach.de\/index.php?rest_route=%2Fwp%2Fv2%2Feinsatzart&post=13800"},{"taxonomy":"fahrzeug","embeddable":true,"href":"https:\/\/feuerwehr-simbach.de\/index.php?rest_route=%2Fwp%2Fv2%2Ffahrzeug&post=13800"},{"taxonomy":"exteinsatzmittel","embeddable":true,"href":"https:\/\/feuerwehr-simbach.de\/index.php?rest_route=%2Fwp%2Fv2%2Fexteinsatzmittel&post=13800"},{"taxonomy":"alarmierungsart","embeddable":true,"href":"https:\/\/feuerwehr-simbach.de\/index.php?rest_route=%2Fwp%2Fv2%2Falarmierungsart&post=13800"},{"taxonomy":"evw_unit","embeddable":true,"href":"https:\/\/feuerwehr-simbach.de\/index.php?rest_route=%2Fwp%2Fv2%2Fevw_unit&post=13800"}],"curies":[{"name":"wp","href":"https:\/\/api.w.org\/{rel}","templated":true}]}}

30.03.2021 &#8211; Ausgelöste Brandmeldeanlage

<div class="wpb-content-wrapper">[vc_row][vc_column][vc_column_text]
<p style="text-align: left;">[/vc_column_text][/vc_column][/vc_row][vc_row][vc_column][vc_empty_space height=&#8220;1&#8243;][/vc_column][/vc_row][vc_row equal_height=&#8220;yes&#8220; inverse=&#8220;&#8220; css=&#8220;.vc_custom_1545579889091{padding-bottom: 25px !important;background-color: #edf2ef !important;}&#8220;][vc_column width=&#8220;1/4&#8243;][vc_column_text]
<p><strong>Einsatzart:</strong></p>
[/vc_column_text][/vc_column][vc_column width=&#8220;3/4&#8243;][vc_column_text]Brandeinsatz[/vc_column_text][/vc_column][/vc_row][vc_row equal_height=&#8220;yes&#8220; inverse=&#8220;&#8220; css=&#8220;.vc_custom_1545579201718{padding-bottom: 25px !important;}&#8220;][vc_column width=&#8220;1/4&#8243;][vc_column_text]
<p><strong>Schlagwort:</strong></p>
[/vc_column_text][/vc_column][vc_column width=&#8220;3/4&#8243;][vc_column_text]Ausgelöste Brandmeldeanlage[/vc_column_text][/vc_column][/vc_row][vc_row equal_height=&#8220;yes&#8220; inverse=&#8220;&#8220; css=&#8220;.vc_custom_1545579190843{padding-bottom: 25px !important;background-color: #edf2ef !important;}&#8220;][vc_column width=&#8220;1/4&#8243;][vc_column_text]
<p><strong>Stichwort:</strong></p>
[/vc_column_text][/vc_column][vc_column width=&#8220;3/4&#8243;][vc_column_text]B BMA[/vc_column_text][/vc_column][/vc_row][vc_row equal_height=&#8220;yes&#8220; inverse=&#8220;&#8220; css=&#8220;.vc_custom_1545579201718{padding-bottom: 25px !important;}&#8220;][vc_column width=&#8220;1/4&#8243;][vc_column_text]
<p><strong>Einsatzort:</strong></p>
[/vc_column_text][/vc_column][vc_column width=&#8220;3/4&#8243;][vc_column_text]Simbach, Heraklithstraße[/vc_column_text][/vc_column][/vc_row][vc_row equal_height=&#8220;yes&#8220; inverse=&#8220;&#8220; css=&#8220;.vc_custom_1545579210044{padding-bottom: 25px !important;background-color: #edf2ef !important;}&#8220;][vc_column width=&#8220;1/4&#8243;][vc_column_text]
<p><strong>Datum:</strong></p>
[/vc_column_text][/vc_column][vc_column width=&#8220;3/4&#8243;][vc_column_text]Dienstag, 30. März 2021[/vc_column_text][/vc_column][/vc_row][vc_row equal_height=&#8220;yes&#8220; inverse=&#8220;&#8220; css=&#8220;.vc_custom_1545579217081{padding-bottom: 25px !important;}&#8220;][vc_column width=&#8220;1/4&#8243;][vc_column_text]
<p><strong>Alarmierung (Schleife):</strong></p>
[/vc_column_text][/vc_column][vc_column width=&#8220;3/4&#8243;][vc_column_text]Vollalarm[/vc_column_text][/vc_column][/vc_row][vc_row equal_height=&#8220;yes&#8220; inverse=&#8220;&#8220; css=&#8220;.vc_custom_1545579225595{padding-bottom: 25px !important;background-color: #edf2ef !important;}&#8220;][vc_column width=&#8220;1/4&#8243;][vc_column_text]
<p><strong>E</strong><strong>ingesetzte</strong><strong> Kräfte:</strong></p>
[/vc_column_text][/vc_column][vc_column width=&#8220;3/4&#8243;][vc_column_text]FF Simbach a. Inn, FF Erlach, Polizei, KBM 2/1[/vc_column_text][/vc_column][/vc_row][vc_row][vc_column][vc_empty_space height=&#8220;30&#8243;][/vc_column][/vc_row][vc_row][vc_column][vc_separator border_width=&#8220;4&#8243;][/vc_column][/vc_row][vc_row][vc_column][vc_empty_space height=&#8220;30&#8243;][/vc_column][/vc_row][vc_row equal_height=&#8220;yes&#8220; inverse=&#8220;&#8220; css=&#8220;.vc_custom_1534176358862{padding-bottom: 25px !important;}&#8220;][vc_column width=&#8220;1/4&#8243;][vc_column_text]
<p><strong>Einsatzbericht:</strong></p>
[/vc_column_text][/vc_column][vc_column width=&#8220;3/4&#8243;][vc_column_text]Am Dienstag gegen 18.00 Uhr alarmierte uns die ILS Passau zu einer ausgelösten Brandmeldeanlage zur Firma Schütz ins Gewerbegebiet. Nach einer Erkundung am Einsatzort stellte sich heraus, dass es sich nicht um einen Fehlalarm handelte. Denn es hatten mehrere Melder Alarm ausgelöst und beim Betreten der Produktionshalle war bereits eine Rauchentwicklung sichtbar. Somit räumten wir die Halle und versuchten mit unserer Wärmebildkamera, den genauen Brandort zu lokalisieren. Jedoch hatte diese einen technischen Defekt, weshalb wir über die Leitstelle die Feuerwehr Erlach mit ihrer Wärmebildkamera nachalarmieren ließen. Da die Rauchentwicklung von den Rohren der Absauganlage ausging, öffneten wir diese mittels Flex und Säbelsäge. Hier konnte auch der eigentliche Brandherd festgestellt werden, der vom Angriffstrupp mit CO2-Feuerlöschern bekämpft wurde. Vermutlich wurde dieser durch sich entzündende Rückstände in den Rohren verursacht. Die Erlacher Kameraden kontrollierten nach ihrem Eintreffen die Rohre mit ihrer Wärmebildkamera. Zur Sicherheit entschied sich der Einsatzleiter dazu, Teile der Absaugung abzunehmen und ins Freie zu bringen. Anschließend wurde erneut die Temperatur an den Rohren gemessen. Da diese wieder sehr gering war und somit keine Gefahr mehr bestand, konnten wir nach zwei Stunden an der Einsatzstelle wieder einrücken.[/vc_column_text][/vc_column][/vc_row][vc_column][/vc_column]
<p>&nbsp;</p>
<div id="su_carousel_69f092c16d84a" class="su-carousel su-carousel-centered su-carousel-pages-no su-carousel-responsive-yes JLqJ4b ChMk0b su-lightbox-gallery" style="width:100%" data-autoplay="3000" data-speed="2000" data-mousewheel="true" data-items="3" data-scroll="1"><div class="su-carousel-slides"><div class="su-carousel-slide"><a href="https://feuerwehr-simbach.de/wp-content/uploads/2021/03/Ausgeloeste-Brandmeldeanlage-30.03.21-1-e1617182643545.jpg" title="2021.03.30 Ausgelöste Brandmeldeanlage (1)"><img decoding="async" src="https://feuerwehr-simbach.de/wp-content/uploads/2021/03/Ausgeloeste-Brandmeldeanlage-30.03.21-1-e1617182643545.jpg" alt="2021.03.30 Ausgelöste Brandmeldeanlage (1)" /></a></div><div class="su-carousel-slide"><a href="https://feuerwehr-simbach.de/wp-content/uploads/2021/03/Ausgeloeste-Brandmeldeanlage-30.03.21-2-e1617182664268.jpg" title="2021.03.30 Ausgelöste Brandmeldeanlage (2)"><img decoding="async" src="https://feuerwehr-simbach.de/wp-content/uploads/2021/03/Ausgeloeste-Brandmeldeanlage-30.03.21-2-e1617182664268.jpg" alt="2021.03.30 Ausgelöste Brandmeldeanlage (2)" /></a></div><div class="su-carousel-slide"><a href="https://feuerwehr-simbach.de/wp-content/uploads/2021/03/Ausgeloeste-Brandmeldeanlage-30.03.21-3-e1617182674673.jpg" title="2021.03.30 Ausgelöste Brandmeldeanlage (3)"><img decoding="async" src="https://feuerwehr-simbach.de/wp-content/uploads/2021/03/Ausgeloeste-Brandmeldeanlage-30.03.21-3-e1617182674673.jpg" alt="2021.03.30 Ausgelöste Brandmeldeanlage (3)" /></a></div><div class="su-carousel-slide"><a href="https://feuerwehr-simbach.de/wp-content/uploads/2021/03/Ausgeloeste-Brandmeldeanlage-30.03.21-4-e1617182684302.jpg" title="2021.03.30 Ausgelöste Brandmeldeanlage (4)"><img decoding="async" src="https://feuerwehr-simbach.de/wp-content/uploads/2021/03/Ausgeloeste-Brandmeldeanlage-30.03.21-4-e1617182684302.jpg" alt="2021.03.30 Ausgelöste Brandmeldeanlage (4)" /></a></div><div class="su-carousel-slide"><a href="https://feuerwehr-simbach.de/wp-content/uploads/2021/03/Ausgeloeste-Brandmeldeanlage-30.03.21-5-e1617182693848.jpg" title="2021.03.30 Ausgelöste Brandmeldeanlage (5)"><img decoding="async" src="https://feuerwehr-simbach.de/wp-content/uploads/2021/03/Ausgeloeste-Brandmeldeanlage-30.03.21-5-e1617182693848.jpg" alt="2021.03.30 Ausgelöste Brandmeldeanlage (5)" /></a></div></div><div class="su-carousel-nav"><div class="su-carousel-direction"><span class="su-carousel-prev"></span><span class="su-carousel-next"></span></div><div class="su-carousel-pagination"></div></div></div>
</div>
