{"id":14422,"date":"2021-05-22T16:14:00","date_gmt":"2021-05-22T14:14:00","guid":{"rendered":"https:\/\/feuerwehr-simbach.de\/?post_type=einsatz&#038;p=14422"},"modified":"2021-05-22T17:00:22","modified_gmt":"2021-05-22T15:00:22","slug":"22-05-2021-balkonbrand","status":"publish","type":"einsatz","link":"https:\/\/feuerwehr-simbach.de\/?einsatz=22-05-2021-balkonbrand","title":{"rendered":"22.05.2021 &#8211; Balkonbrand"},"content":{"rendered":"<div class=\"wpb-content-wrapper\">[vc_row][vc_column][vc_empty_space height=&#8220;1&#8243;][\/vc_column][\/vc_row][vc_row equal_height=&#8220;yes&#8220; inverse=&#8220;&#8220; css=&#8220;.vc_custom_1545579889091{padding-bottom: 25px !important;background-color: #edf2ef !important;}&#8220;][vc_column width=&#8220;1\/4&#8243;][vc_column_text]\n<p><strong>Einsatzart:<\/strong><\/p>\n[\/vc_column_text][\/vc_column][vc_column width=&#8220;3\/4&#8243;][vc_column_text]Brandeinsatz[\/vc_column_text][\/vc_column][\/vc_row][vc_row equal_height=&#8220;yes&#8220; inverse=&#8220;&#8220; css=&#8220;.vc_custom_1545579201718{padding-bottom: 25px !important;}&#8220;][vc_column width=&#8220;1\/4&#8243;][vc_column_text]\n<p><strong>Schlagwort:<\/strong><\/p>\n[\/vc_column_text][\/vc_column][vc_column width=&#8220;3\/4&#8243;][vc_column_text]Balkonbrand[\/vc_column_text][\/vc_column][\/vc_row][vc_row equal_height=&#8220;yes&#8220; inverse=&#8220;&#8220; css=&#8220;.vc_custom_1545579190843{padding-bottom: 25px !important;background-color: #edf2ef !important;}&#8220;][vc_column width=&#8220;1\/4&#8243;][vc_column_text]\n<p><strong>Stichwort:<\/strong><\/p>\n[\/vc_column_text][\/vc_column][vc_column width=&#8220;3\/4&#8243;][vc_column_text]B 3[\/vc_column_text][\/vc_column][\/vc_row][vc_row equal_height=&#8220;yes&#8220; inverse=&#8220;&#8220; css=&#8220;.vc_custom_1545579201718{padding-bottom: 25px !important;}&#8220;][vc_column width=&#8220;1\/4&#8243;][vc_column_text]\n<p><strong>Einsatzort:<\/strong><\/p>\n[\/vc_column_text][\/vc_column][vc_column width=&#8220;3\/4&#8243;][vc_column_text]Simbach, Gartenstra\u00dfe[\/vc_column_text][\/vc_column][\/vc_row][vc_row equal_height=&#8220;yes&#8220; inverse=&#8220;&#8220; css=&#8220;.vc_custom_1545579210044{padding-bottom: 25px !important;background-color: #edf2ef !important;}&#8220;][vc_column width=&#8220;1\/4&#8243;][vc_column_text]\n<p><strong>Datum:<\/strong><\/p>\n[\/vc_column_text][\/vc_column][vc_column width=&#8220;3\/4&#8243;][vc_column_text]Samstag, 22. Mai 2021[\/vc_column_text][\/vc_column][\/vc_row][vc_row equal_height=&#8220;yes&#8220; inverse=&#8220;&#8220; css=&#8220;.vc_custom_1545579217081{padding-bottom: 25px !important;}&#8220;][vc_column width=&#8220;1\/4&#8243;][vc_column_text]\n<p><strong>Alarmierung (Schleife):<\/strong><\/p>\n[\/vc_column_text][\/vc_column][vc_column width=&#8220;3\/4&#8243;][vc_column_text]Vollalarm[\/vc_column_text][\/vc_column][\/vc_row][vc_row equal_height=&#8220;yes&#8220; inverse=&#8220;&#8220; css=&#8220;.vc_custom_1545579225595{padding-bottom: 25px !important;background-color: #edf2ef !important;}&#8220;][vc_column width=&#8220;1\/4&#8243;][vc_column_text]\n<p><strong>E<\/strong><strong>ingesetzte<\/strong><strong> Kr\u00e4fte:<\/strong><\/p>\n[\/vc_column_text][\/vc_column][vc_column width=&#8220;3\/4&#8243;][vc_column_text]FF Simbach a. Inn, FF Erlach, Polizei, KBM 2\/1, KBI 2, Rettungsdienst[\/vc_column_text][\/vc_column][\/vc_row][vc_row][vc_column][vc_empty_space height=&#8220;30&#8243;][\/vc_column][\/vc_row][vc_row][vc_column][vc_separator border_width=&#8220;4&#8243;][\/vc_column][\/vc_row][vc_row][vc_column][vc_empty_space height=&#8220;30&#8243;][\/vc_column][\/vc_row][vc_row equal_height=&#8220;yes&#8220; inverse=&#8220;&#8220; css=&#8220;.vc_custom_1534176358862{padding-bottom: 25px !important;}&#8220;][vc_column width=&#8220;1\/4&#8243;][vc_column_text]\n<p><strong>Einsatzbericht:<\/strong><\/p>\n[\/vc_column_text][\/vc_column][vc_column width=&#8220;3\/4&#8243;][vc_column_text]\n<p>Am Samstag gegen 14.15 Uhr alarmierte uns die ILS Passau zusammen mit den Kameraden aus Erlach zu einem Balkonbrand in die Gartenstra\u00dfe. Am Einsatzort stellte sich nach einer Erkundung heraus, dass mehrere auf dem Balkon abgestellte Kerzen brannten und f\u00fcr die Rauchentwicklung sorgten. Deshalb konnte die Feuerwehr Erlach nach kurzer Bereitstellung an der Einsatzstelle wieder einr\u00fccken. Unser Angriffstrupp kontrollierte den Balkon mit der W\u00e4rmebildkamera und k\u00fchlte den betroffenen Bereich, sodass ein erneuter Brand ausgeschlossen werden konnte. Anschlie\u00dfend konnten auch wir wieder ins Ger\u00e4tehaus zur\u00fcckkehren.<\/p>\n<p><strong>P.S.:<\/strong> Der Brand wurde durch eine aufmerksame Nachbarin entdeckt, die sehr vorbildlich handelte und unverz\u00fcglich den Notruf absetzte.<\/p>\n[\/vc_column_text][\/vc_column][\/vc_row][vc_row][vc_column][vc_column_text]\n<p>&nbsp;<\/p>\n<div id=\"su_carousel_69f08cc995a1d\" class=\"su-carousel su-carousel-centered su-carousel-pages-no su-carousel-responsive-yes JLqJ4b ChMk0b su-lightbox-gallery\" style=\"width:100%\" data-autoplay=\"3000\" data-speed=\"2000\" data-mousewheel=\"true\" data-items=\"3\" data-scroll=\"1\"><div class=\"su-carousel-slides\"><div class=\"su-carousel-slide\"><a href=\"https:\/\/feuerwehr-simbach.de\/wp-content\/uploads\/2021\/05\/Balkonbrand-22.05.2021-1-e1621694043679.jpg\" title=\"2021.05.22 Balkonbrand (1)\"><img decoding=\"async\" src=\"https:\/\/feuerwehr-simbach.de\/wp-content\/uploads\/2021\/05\/Balkonbrand-22.05.2021-1-e1621694043679.jpg\" alt=\"2021.05.22 Balkonbrand (1)\" \/><\/a><\/div><div class=\"su-carousel-slide\"><a href=\"https:\/\/feuerwehr-simbach.de\/wp-content\/uploads\/2021\/05\/Balkonbrand-22.05.2021-2-e1621694054719.jpg\" title=\"2021.05.22 Balkonbrand (2)\"><img decoding=\"async\" src=\"https:\/\/feuerwehr-simbach.de\/wp-content\/uploads\/2021\/05\/Balkonbrand-22.05.2021-2-e1621694054719.jpg\" alt=\"2021.05.22 Balkonbrand (2)\" \/><\/a><\/div><div class=\"su-carousel-slide\"><a href=\"https:\/\/feuerwehr-simbach.de\/wp-content\/uploads\/2021\/05\/Balkonbrand-22.05.2021-3-e1621694062279.jpg\" title=\"2021.05.22 Balkonbrand (3)\"><img decoding=\"async\" src=\"https:\/\/feuerwehr-simbach.de\/wp-content\/uploads\/2021\/05\/Balkonbrand-22.05.2021-3-e1621694062279.jpg\" alt=\"2021.05.22 Balkonbrand (3)\" \/><\/a><\/div><div class=\"su-carousel-slide\"><a href=\"https:\/\/feuerwehr-simbach.de\/wp-content\/uploads\/2021\/05\/Balkonbrand-22.05.2021-4-e1621694072703.jpg\" title=\"2021.05.22 Balkonbrand (4)\"><img decoding=\"async\" src=\"https:\/\/feuerwehr-simbach.de\/wp-content\/uploads\/2021\/05\/Balkonbrand-22.05.2021-4-e1621694072703.jpg\" alt=\"2021.05.22 Balkonbrand (4)\" \/><\/a><\/div><div class=\"su-carousel-slide\"><a href=\"https:\/\/feuerwehr-simbach.de\/wp-content\/uploads\/2021\/05\/Balkonbrand-22.05.2021-5-e1621694080978.jpg\" title=\"2021.05.22 Balkonbrand (5)\"><img decoding=\"async\" src=\"https:\/\/feuerwehr-simbach.de\/wp-content\/uploads\/2021\/05\/Balkonbrand-22.05.2021-5-e1621694080978.jpg\" alt=\"2021.05.22 Balkonbrand (5)\" \/><\/a><\/div><div class=\"su-carousel-slide\"><a href=\"https:\/\/feuerwehr-simbach.de\/wp-content\/uploads\/2021\/05\/Balkonbrand-22.05.2021-6-e1621694089457.jpg\" title=\"2021.05.22 Balkonbrand (6)\"><img decoding=\"async\" src=\"https:\/\/feuerwehr-simbach.de\/wp-content\/uploads\/2021\/05\/Balkonbrand-22.05.2021-6-e1621694089457.jpg\" alt=\"2021.05.22 Balkonbrand (6)\" \/><\/a><\/div><div class=\"su-carousel-slide\"><a href=\"https:\/\/feuerwehr-simbach.de\/wp-content\/uploads\/2021\/05\/Balkonbrand-22.05.2021-7-e1621694096188.jpg\" title=\"2021.05.22 Balkonbrand (7)\"><img decoding=\"async\" src=\"https:\/\/feuerwehr-simbach.de\/wp-content\/uploads\/2021\/05\/Balkonbrand-22.05.2021-7-e1621694096188.jpg\" alt=\"2021.05.22 Balkonbrand (7)\" \/><\/a><\/div><div class=\"su-carousel-slide\"><a href=\"https:\/\/feuerwehr-simbach.de\/wp-content\/uploads\/2021\/05\/Balkonbrand-22.05.2021-8-e1621694105279.jpg\" title=\"2021.05.22 Balkonbrand (8)\"><img decoding=\"async\" src=\"https:\/\/feuerwehr-simbach.de\/wp-content\/uploads\/2021\/05\/Balkonbrand-22.05.2021-8-e1621694105279.jpg\" alt=\"2021.05.22 Balkonbrand (8)\" \/><\/a><\/div><div class=\"su-carousel-slide\"><a href=\"https:\/\/feuerwehr-simbach.de\/wp-content\/uploads\/2021\/05\/Balkonbrand-22.05.2021-9-e1621694113685.jpg\" title=\"2021.05.22 Balkonbrand (9)\"><img decoding=\"async\" src=\"https:\/\/feuerwehr-simbach.de\/wp-content\/uploads\/2021\/05\/Balkonbrand-22.05.2021-9-e1621694113685.jpg\" alt=\"2021.05.22 Balkonbrand (9)\" \/><\/a><\/div><div class=\"su-carousel-slide\"><a href=\"https:\/\/feuerwehr-simbach.de\/wp-content\/uploads\/2021\/05\/Balkonbrand-22.05.2021-10-e1621694121875.jpg\" title=\"2021.05.22 Balkonbrand (10)\"><img decoding=\"async\" src=\"https:\/\/feuerwehr-simbach.de\/wp-content\/uploads\/2021\/05\/Balkonbrand-22.05.2021-10-e1621694121875.jpg\" alt=\"2021.05.22 Balkonbrand (10)\" \/><\/a><\/div><\/div><div class=\"su-carousel-nav\"><div class=\"su-carousel-direction\"><span class=\"su-carousel-prev\"><\/span><span class=\"su-carousel-next\"><\/span><\/div><div class=\"su-carousel-pagination\"><\/div><\/div><\/div>\n<\/div>","protected":false},"author":11,"featured_media":14432,"template":"","meta":{"einsatz_weight":1,"footnotes":""},"categories":[162],"tags":[],"einsatzart":[],"fahrzeug":[],"exteinsatzmittel":[],"alarmierungsart":[],"evw_unit":[],"class_list":["post-14422","einsatz","type-einsatz","status-publish","has-post-thumbnail","hentry","category-einsaetze-2021"],"_links":{"self":[{"href":"https:\/\/feuerwehr-simbach.de\/index.php?rest_route=\/wp\/v2\/einsatz\/14422","targetHints":{"allow":["GET"]}}],"collection":[{"href":"https:\/\/feuerwehr-simbach.de\/index.php?rest_route=\/wp\/v2\/einsatz"}],"about":[{"href":"https:\/\/feuerwehr-simbach.de\/index.php?rest_route=\/wp\/v2\/types\/einsatz"}],"author":[{"embeddable":true,"href":"https:\/\/feuerwehr-simbach.de\/index.php?rest_route=\/wp\/v2\/users\/11"}],"version-history":[{"count":3,"href":"https:\/\/feuerwehr-simbach.de\/index.php?rest_route=\/wp\/v2\/einsatz\/14422\/revisions"}],"predecessor-version":[{"id":14437,"href":"https:\/\/feuerwehr-simbach.de\/index.php?rest_route=\/wp\/v2\/einsatz\/14422\/revisions\/14437"}],"wp:featuredmedia":[{"embeddable":true,"href":"https:\/\/feuerwehr-simbach.de\/index.php?rest_route=\/wp\/v2\/media\/14432"}],"wp:attachment":[{"href":"https:\/\/feuerwehr-simbach.de\/index.php?rest_route=%2Fwp%2Fv2%2Fmedia&parent=14422"}],"wp:term":[{"taxonomy":"category","embeddable":true,"href":"https:\/\/feuerwehr-simbach.de\/index.php?rest_route=%2Fwp%2Fv2%2Fcategories&post=14422"},{"taxonomy":"post_tag","embeddable":true,"href":"https:\/\/feuerwehr-simbach.de\/index.php?rest_route=%2Fwp%2Fv2%2Ftags&post=14422"},{"taxonomy":"einsatzart","embeddable":true,"href":"https:\/\/feuerwehr-simbach.de\/index.php?rest_route=%2Fwp%2Fv2%2Feinsatzart&post=14422"},{"taxonomy":"fahrzeug","embeddable":true,"href":"https:\/\/feuerwehr-simbach.de\/index.php?rest_route=%2Fwp%2Fv2%2Ffahrzeug&post=14422"},{"taxonomy":"exteinsatzmittel","embeddable":true,"href":"https:\/\/feuerwehr-simbach.de\/index.php?rest_route=%2Fwp%2Fv2%2Fexteinsatzmittel&post=14422"},{"taxonomy":"alarmierungsart","embeddable":true,"href":"https:\/\/feuerwehr-simbach.de\/index.php?rest_route=%2Fwp%2Fv2%2Falarmierungsart&post=14422"},{"taxonomy":"evw_unit","embeddable":true,"href":"https:\/\/feuerwehr-simbach.de\/index.php?rest_route=%2Fwp%2Fv2%2Fevw_unit&post=14422"}],"curies":[{"name":"wp","href":"https:\/\/api.w.org\/{rel}","templated":true}]}}

<div class="wpb-content-wrapper">[vc_row][vc_column][vc_empty_space height=&#8220;1&#8243;][/vc_column][/vc_row][vc_row equal_height=&#8220;yes&#8220; inverse=&#8220;&#8220; css=&#8220;.vc_custom_1545579889091{padding-bottom: 25px !important;background-color: #edf2ef !important;}&#8220;][vc_column width=&#8220;1/4&#8243;][vc_column_text]
<p><strong>Einsatzart:</strong></p>
[/vc_column_text][/vc_column][vc_column width=&#8220;3/4&#8243;][vc_column_text]Brandeinsatz[/vc_column_text][/vc_column][/vc_row][vc_row equal_height=&#8220;yes&#8220; inverse=&#8220;&#8220; css=&#8220;.vc_custom_1545579201718{padding-bottom: 25px !important;}&#8220;][vc_column width=&#8220;1/4&#8243;][vc_column_text]
<p><strong>Schlagwort:</strong></p>
[/vc_column_text][/vc_column][vc_column width=&#8220;3/4&#8243;][vc_column_text]Balkonbrand[/vc_column_text][/vc_column][/vc_row][vc_row equal_height=&#8220;yes&#8220; inverse=&#8220;&#8220; css=&#8220;.vc_custom_1545579190843{padding-bottom: 25px !important;background-color: #edf2ef !important;}&#8220;][vc_column width=&#8220;1/4&#8243;][vc_column_text]
<p><strong>Stichwort:</strong></p>
[/vc_column_text][/vc_column][vc_column width=&#8220;3/4&#8243;][vc_column_text]B 3[/vc_column_text][/vc_column][/vc_row][vc_row equal_height=&#8220;yes&#8220; inverse=&#8220;&#8220; css=&#8220;.vc_custom_1545579201718{padding-bottom: 25px !important;}&#8220;][vc_column width=&#8220;1/4&#8243;][vc_column_text]
<p><strong>Einsatzort:</strong></p>
[/vc_column_text][/vc_column][vc_column width=&#8220;3/4&#8243;][vc_column_text]Simbach, Gartenstraße[/vc_column_text][/vc_column][/vc_row][vc_row equal_height=&#8220;yes&#8220; inverse=&#8220;&#8220; css=&#8220;.vc_custom_1545579210044{padding-bottom: 25px !important;background-color: #edf2ef !important;}&#8220;][vc_column width=&#8220;1/4&#8243;][vc_column_text]
<p><strong>Datum:</strong></p>
[/vc_column_text][/vc_column][vc_column width=&#8220;3/4&#8243;][vc_column_text]Samstag, 22. Mai 2021[/vc_column_text][/vc_column][/vc_row][vc_row equal_height=&#8220;yes&#8220; inverse=&#8220;&#8220; css=&#8220;.vc_custom_1545579217081{padding-bottom: 25px !important;}&#8220;][vc_column width=&#8220;1/4&#8243;][vc_column_text]
<p><strong>Alarmierung (Schleife):</strong></p>
[/vc_column_text][/vc_column][vc_column width=&#8220;3/4&#8243;][vc_column_text]Vollalarm[/vc_column_text][/vc_column][/vc_row][vc_row equal_height=&#8220;yes&#8220; inverse=&#8220;&#8220; css=&#8220;.vc_custom_1545579225595{padding-bottom: 25px !important;background-color: #edf2ef !important;}&#8220;][vc_column width=&#8220;1/4&#8243;][vc_column_text]
<p><strong>E</strong><strong>ingesetzte</strong><strong> Kräfte:</strong></p>
[/vc_column_text][/vc_column][vc_column width=&#8220;3/4&#8243;][vc_column_text]FF Simbach a. Inn, FF Erlach, Polizei, KBM 2/1, KBI 2, Rettungsdienst[/vc_column_text][/vc_column][/vc_row][vc_row][vc_column][vc_empty_space height=&#8220;30&#8243;][/vc_column][/vc_row][vc_row][vc_column][vc_separator border_width=&#8220;4&#8243;][/vc_column][/vc_row][vc_row][vc_column][vc_empty_space height=&#8220;30&#8243;][/vc_column][/vc_row][vc_row equal_height=&#8220;yes&#8220; inverse=&#8220;&#8220; css=&#8220;.vc_custom_1534176358862{padding-bottom: 25px !important;}&#8220;][vc_column width=&#8220;1/4&#8243;][vc_column_text]
<p><strong>Einsatzbericht:</strong></p>
[/vc_column_text][/vc_column][vc_column width=&#8220;3/4&#8243;][vc_column_text]
<p>Am Samstag gegen 14.15 Uhr alarmierte uns die ILS Passau zusammen mit den Kameraden aus Erlach zu einem Balkonbrand in die Gartenstraße. Am Einsatzort stellte sich nach einer Erkundung heraus, dass mehrere auf dem Balkon abgestellte Kerzen brannten und für die Rauchentwicklung sorgten. Deshalb konnte die Feuerwehr Erlach nach kurzer Bereitstellung an der Einsatzstelle wieder einrücken. Unser Angriffstrupp kontrollierte den Balkon mit der Wärmebildkamera und kühlte den betroffenen Bereich, sodass ein erneuter Brand ausgeschlossen werden konnte. Anschließend konnten auch wir wieder ins Gerätehaus zurückkehren.</p>
<p><strong>P.S.:</strong> Der Brand wurde durch eine aufmerksame Nachbarin entdeckt, die sehr vorbildlich handelte und unverzüglich den Notruf absetzte.</p>
[/vc_column_text][/vc_column][/vc_row][vc_row][vc_column][vc_column_text]
<p>&nbsp;</p>
<div id="su_carousel_69f08cc995a1d" class="su-carousel su-carousel-centered su-carousel-pages-no su-carousel-responsive-yes JLqJ4b ChMk0b su-lightbox-gallery" style="width:100%" data-autoplay="3000" data-speed="2000" data-mousewheel="true" data-items="3" data-scroll="1"><div class="su-carousel-slides"><div class="su-carousel-slide"><a href="https://feuerwehr-simbach.de/wp-content/uploads/2021/05/Balkonbrand-22.05.2021-1-e1621694043679.jpg" title="2021.05.22 Balkonbrand (1)"><img decoding="async" src="https://feuerwehr-simbach.de/wp-content/uploads/2021/05/Balkonbrand-22.05.2021-1-e1621694043679.jpg" alt="2021.05.22 Balkonbrand (1)" /></a></div><div class="su-carousel-slide"><a href="https://feuerwehr-simbach.de/wp-content/uploads/2021/05/Balkonbrand-22.05.2021-2-e1621694054719.jpg" title="2021.05.22 Balkonbrand (2)"><img decoding="async" src="https://feuerwehr-simbach.de/wp-content/uploads/2021/05/Balkonbrand-22.05.2021-2-e1621694054719.jpg" alt="2021.05.22 Balkonbrand (2)" /></a></div><div class="su-carousel-slide"><a href="https://feuerwehr-simbach.de/wp-content/uploads/2021/05/Balkonbrand-22.05.2021-3-e1621694062279.jpg" title="2021.05.22 Balkonbrand (3)"><img decoding="async" src="https://feuerwehr-simbach.de/wp-content/uploads/2021/05/Balkonbrand-22.05.2021-3-e1621694062279.jpg" alt="2021.05.22 Balkonbrand (3)" /></a></div><div class="su-carousel-slide"><a href="https://feuerwehr-simbach.de/wp-content/uploads/2021/05/Balkonbrand-22.05.2021-4-e1621694072703.jpg" title="2021.05.22 Balkonbrand (4)"><img decoding="async" src="https://feuerwehr-simbach.de/wp-content/uploads/2021/05/Balkonbrand-22.05.2021-4-e1621694072703.jpg" alt="2021.05.22 Balkonbrand (4)" /></a></div><div class="su-carousel-slide"><a href="https://feuerwehr-simbach.de/wp-content/uploads/2021/05/Balkonbrand-22.05.2021-5-e1621694080978.jpg" title="2021.05.22 Balkonbrand (5)"><img decoding="async" src="https://feuerwehr-simbach.de/wp-content/uploads/2021/05/Balkonbrand-22.05.2021-5-e1621694080978.jpg" alt="2021.05.22 Balkonbrand (5)" /></a></div><div class="su-carousel-slide"><a href="https://feuerwehr-simbach.de/wp-content/uploads/2021/05/Balkonbrand-22.05.2021-6-e1621694089457.jpg" title="2021.05.22 Balkonbrand (6)"><img decoding="async" src="https://feuerwehr-simbach.de/wp-content/uploads/2021/05/Balkonbrand-22.05.2021-6-e1621694089457.jpg" alt="2021.05.22 Balkonbrand (6)" /></a></div><div class="su-carousel-slide"><a href="https://feuerwehr-simbach.de/wp-content/uploads/2021/05/Balkonbrand-22.05.2021-7-e1621694096188.jpg" title="2021.05.22 Balkonbrand (7)"><img decoding="async" src="https://feuerwehr-simbach.de/wp-content/uploads/2021/05/Balkonbrand-22.05.2021-7-e1621694096188.jpg" alt="2021.05.22 Balkonbrand (7)" /></a></div><div class="su-carousel-slide"><a href="https://feuerwehr-simbach.de/wp-content/uploads/2021/05/Balkonbrand-22.05.2021-8-e1621694105279.jpg" title="2021.05.22 Balkonbrand (8)"><img decoding="async" src="https://feuerwehr-simbach.de/wp-content/uploads/2021/05/Balkonbrand-22.05.2021-8-e1621694105279.jpg" alt="2021.05.22 Balkonbrand (8)" /></a></div><div class="su-carousel-slide"><a href="https://feuerwehr-simbach.de/wp-content/uploads/2021/05/Balkonbrand-22.05.2021-9-e1621694113685.jpg" title="2021.05.22 Balkonbrand (9)"><img decoding="async" src="https://feuerwehr-simbach.de/wp-content/uploads/2021/05/Balkonbrand-22.05.2021-9-e1621694113685.jpg" alt="2021.05.22 Balkonbrand (9)" /></a></div><div class="su-carousel-slide"><a href="https://feuerwehr-simbach.de/wp-content/uploads/2021/05/Balkonbrand-22.05.2021-10-e1621694121875.jpg" title="2021.05.22 Balkonbrand (10)"><img decoding="async" src="https://feuerwehr-simbach.de/wp-content/uploads/2021/05/Balkonbrand-22.05.2021-10-e1621694121875.jpg" alt="2021.05.22 Balkonbrand (10)" /></a></div></div><div class="su-carousel-nav"><div class="su-carousel-direction"><span class="su-carousel-prev"></span><span class="su-carousel-next"></span></div><div class="su-carousel-pagination"></div></div></div>
</div>
