{"id":14473,"date":"2021-06-05T23:14:00","date_gmt":"2021-06-05T21:14:00","guid":{"rendered":"https:\/\/feuerwehr-simbach.de\/?post_type=einsatz&#038;p=14473"},"modified":"2021-06-06T11:28:29","modified_gmt":"2021-06-06T09:28:29","slug":"05-06-2021-verkehrsunfall","status":"publish","type":"einsatz","link":"https:\/\/feuerwehr-simbach.de\/?einsatz=05-06-2021-verkehrsunfall","title":{"rendered":"05.06.2021 &#8211; Verkehrsunfall mit eingeklemmter Person"},"content":{"rendered":"<div class=\"wpb-content-wrapper\">[vc_row][vc_column][vc_empty_space height=&#8220;1&#8243;][\/vc_column][\/vc_row][vc_row equal_height=&#8220;yes&#8220; inverse=&#8220;&#8220; css=&#8220;.vc_custom_1545579889091{padding-bottom: 25px !important;background-color: #edf2ef !important;}&#8220;][vc_column width=&#8220;1\/4&#8243;][vc_column_text]\n<p><strong>Einsatzart:<\/strong><\/p>\n[\/vc_column_text][\/vc_column][vc_column width=&#8220;3\/4&#8243;][vc_column_text]Technische Hilfeleistung[\/vc_column_text][\/vc_column][\/vc_row][vc_row equal_height=&#8220;yes&#8220; inverse=&#8220;&#8220; css=&#8220;.vc_custom_1545579201718{padding-bottom: 25px !important;}&#8220;][vc_column width=&#8220;1\/4&#8243;][vc_column_text]\n<p><strong>Schlagwort:<\/strong><\/p>\n[\/vc_column_text][\/vc_column][vc_column width=&#8220;3\/4&#8243;][vc_column_text]Verkehrsunfall mit eingeklemmter Person[\/vc_column_text][\/vc_column][\/vc_row][vc_row equal_height=&#8220;yes&#8220; inverse=&#8220;&#8220; css=&#8220;.vc_custom_1545579190843{padding-bottom: 25px !important;background-color: #edf2ef !important;}&#8220;][vc_column width=&#8220;1\/4&#8243;][vc_column_text]\n<p><strong>Stichwort:<\/strong><\/p>\n[\/vc_column_text][\/vc_column][vc_column width=&#8220;3\/4&#8243;][vc_column_text]THL 3[\/vc_column_text][\/vc_column][\/vc_row][vc_row equal_height=&#8220;yes&#8220; inverse=&#8220;&#8220; css=&#8220;.vc_custom_1545579201718{padding-bottom: 25px !important;}&#8220;][vc_column width=&#8220;1\/4&#8243;][vc_column_text]\n<p><strong>Einsatzort:<\/strong><\/p>\n[\/vc_column_text][\/vc_column][vc_column width=&#8220;3\/4&#8243;][vc_column_text]Reut, St2112 H\u00f6he Reut<span style=\"font-size: 0.9rem;\">[\/vc_column_text][\/vc_column][\/vc_row][vc_row equal_height=&#8220;yes&#8220; inverse=&#8220;&#8220; css=&#8220;.vc_custom_1545579210044{padding-bottom: 25px !important;background-color: #edf2ef !important;}&#8220;][vc_column width=&#8220;1\/4&#8243;][vc_column_text]<\/span><\/p>\n<p><strong>Datum:<\/strong><\/p>\n[\/vc_column_text][\/vc_column][vc_column width=&#8220;3\/4&#8243;][vc_column_text]Samstag, 5. Juni 2021[\/vc_column_text][\/vc_column][\/vc_row][vc_row equal_height=&#8220;yes&#8220; inverse=&#8220;&#8220; css=&#8220;.vc_custom_1545579217081{padding-bottom: 25px !important;}&#8220;][vc_column width=&#8220;1\/4&#8243;][vc_column_text]\n<p><strong>Alarmierung (Schleife):<\/strong><\/p>\n[\/vc_column_text][\/vc_column][vc_column width=&#8220;3\/4&#8243;][vc_column_text]Vollalarm[\/vc_column_text][\/vc_column][\/vc_row][vc_row equal_height=&#8220;yes&#8220; inverse=&#8220;&#8220; css=&#8220;.vc_custom_1545579225595{padding-bottom: 25px !important;background-color: #edf2ef !important;}&#8220;][vc_column width=&#8220;1\/4&#8243;][vc_column_text]\n<p><strong>E<\/strong><strong>ingesetzte<\/strong><strong> Kr\u00e4fte:<\/strong><\/p>\n[\/vc_column_text][\/vc_column][vc_column width=&#8220;3\/4&#8243;][vc_column_text]FF Simbach a. Inn, FF Kirchdorf a. Inn, FF Reut, KBI 2, KBM 2\/1, KBM 2\/2, Rettungsdienst, Einsatzleiter Rettungsdienst[\/vc_column_text][\/vc_column][\/vc_row][vc_row][vc_column][vc_empty_space height=&#8220;30&#8243;][\/vc_column][\/vc_row][vc_row][vc_column][vc_separator border_width=&#8220;4&#8243;][\/vc_column][\/vc_row][vc_row][vc_column][vc_empty_space height=&#8220;30&#8243;][\/vc_column][\/vc_row][vc_row equal_height=&#8220;yes&#8220; inverse=&#8220;&#8220; css=&#8220;.vc_custom_1534176358862{padding-bottom: 25px !important;}&#8220;][vc_column width=&#8220;1\/4&#8243;][vc_column_text]\n<p><strong>Einsatzbericht:<\/strong><\/p>\n[\/vc_column_text][\/vc_column][vc_column width=&#8220;3\/4&#8243;][vc_column_text]Am Samstag gegen 22.15 Uhr wurden wir gemeinsam mit der Feuerwehr Kirchdorf zu einem Verkehrsunfall mit eingeklemmter Person auf die Staatsstra\u00dfe 2112 H\u00f6he Irging alarmiert. W\u00e4hrend der Einsatzfahrt stellte sich jedoch heraus, dass sich der Verkehrsunfall auf H\u00f6he Reut ereignet hatte. Da entgegen der Erstmeldung keine Personen eingeklemmt waren, konnten die Kameraden aus Kirchdorf wieder einr\u00fccken und die Feuerwehr Reut wurde als Ortsfeuerwehr nachalarmiert. An der Einsatzstelle stellte sich au\u00dferdem heraus, dass sich der PKW im Graben befand, weshalb wir den Verkehr bis zum Eintreffen der Ortsfeuerwehr wechselseitig an der Unfallstelle vorbeileiteten. Anschlie\u00dfend konnten wir ebenfalls ins Ger\u00e4tehaus zur\u00fcckkehren.[\/vc_column_text][\/vc_column][\/vc_row][vc_row][vc_column][vc_column_text]\n<p>&nbsp;<\/p>\n<p><img loading=\"lazy\" decoding=\"async\" class=\"aligncenter wp-image-14337 size-full\" src=\"https:\/\/feuerwehr-simbach.de\/wp-content\/uploads\/2021\/05\/HLF-Einsatzseite.jpg\" alt=\"\" width=\"969\" height=\"646\" srcset=\"https:\/\/feuerwehr-simbach.de\/wp-content\/uploads\/2021\/05\/HLF-Einsatzseite.jpg 969w, https:\/\/feuerwehr-simbach.de\/wp-content\/uploads\/2021\/05\/HLF-Einsatzseite-300x200.jpg 300w, https:\/\/feuerwehr-simbach.de\/wp-content\/uploads\/2021\/05\/HLF-Einsatzseite-768x512.jpg 768w\" sizes=\"auto, (max-width: 969px) 100vw, 969px\" \/><\/p>\n<\/div>","protected":false},"author":11,"featured_media":14337,"template":"","meta":{"einsatz_weight":1,"footnotes":""},"categories":[162],"tags":[],"einsatzart":[],"fahrzeug":[],"exteinsatzmittel":[],"alarmierungsart":[],"evw_unit":[],"class_list":["post-14473","einsatz","type-einsatz","status-publish","has-post-thumbnail","hentry","category-einsaetze-2021"],"_links":{"self":[{"href":"https:\/\/feuerwehr-simbach.de\/index.php?rest_route=\/wp\/v2\/einsatz\/14473","targetHints":{"allow":["GET"]}}],"collection":[{"href":"https:\/\/feuerwehr-simbach.de\/index.php?rest_route=\/wp\/v2\/einsatz"}],"about":[{"href":"https:\/\/feuerwehr-simbach.de\/index.php?rest_route=\/wp\/v2\/types\/einsatz"}],"author":[{"embeddable":true,"href":"https:\/\/feuerwehr-simbach.de\/index.php?rest_route=\/wp\/v2\/users\/11"}],"version-history":[{"count":4,"href":"https:\/\/feuerwehr-simbach.de\/index.php?rest_route=\/wp\/v2\/einsatz\/14473\/revisions"}],"predecessor-version":[{"id":14481,"href":"https:\/\/feuerwehr-simbach.de\/index.php?rest_route=\/wp\/v2\/einsatz\/14473\/revisions\/14481"}],"wp:featuredmedia":[{"embeddable":true,"href":"https:\/\/feuerwehr-simbach.de\/index.php?rest_route=\/wp\/v2\/media\/14337"}],"wp:attachment":[{"href":"https:\/\/feuerwehr-simbach.de\/index.php?rest_route=%2Fwp%2Fv2%2Fmedia&parent=14473"}],"wp:term":[{"taxonomy":"category","embeddable":true,"href":"https:\/\/feuerwehr-simbach.de\/index.php?rest_route=%2Fwp%2Fv2%2Fcategories&post=14473"},{"taxonomy":"post_tag","embeddable":true,"href":"https:\/\/feuerwehr-simbach.de\/index.php?rest_route=%2Fwp%2Fv2%2Ftags&post=14473"},{"taxonomy":"einsatzart","embeddable":true,"href":"https:\/\/feuerwehr-simbach.de\/index.php?rest_route=%2Fwp%2Fv2%2Feinsatzart&post=14473"},{"taxonomy":"fahrzeug","embeddable":true,"href":"https:\/\/feuerwehr-simbach.de\/index.php?rest_route=%2Fwp%2Fv2%2Ffahrzeug&post=14473"},{"taxonomy":"exteinsatzmittel","embeddable":true,"href":"https:\/\/feuerwehr-simbach.de\/index.php?rest_route=%2Fwp%2Fv2%2Fexteinsatzmittel&post=14473"},{"taxonomy":"alarmierungsart","embeddable":true,"href":"https:\/\/feuerwehr-simbach.de\/index.php?rest_route=%2Fwp%2Fv2%2Falarmierungsart&post=14473"},{"taxonomy":"evw_unit","embeddable":true,"href":"https:\/\/feuerwehr-simbach.de\/index.php?rest_route=%2Fwp%2Fv2%2Fevw_unit&post=14473"}],"curies":[{"name":"wp","href":"https:\/\/api.w.org\/{rel}","templated":true}]}}

<div class="wpb-content-wrapper">[vc_row][vc_column][vc_empty_space height=&#8220;1&#8243;][/vc_column][/vc_row][vc_row equal_height=&#8220;yes&#8220; inverse=&#8220;&#8220; css=&#8220;.vc_custom_1545579889091{padding-bottom: 25px !important;background-color: #edf2ef !important;}&#8220;][vc_column width=&#8220;1/4&#8243;][vc_column_text]
<p><strong>Einsatzart:</strong></p>
[/vc_column_text][/vc_column][vc_column width=&#8220;3/4&#8243;][vc_column_text]Technische Hilfeleistung[/vc_column_text][/vc_column][/vc_row][vc_row equal_height=&#8220;yes&#8220; inverse=&#8220;&#8220; css=&#8220;.vc_custom_1545579201718{padding-bottom: 25px !important;}&#8220;][vc_column width=&#8220;1/4&#8243;][vc_column_text]
<p><strong>Schlagwort:</strong></p>
[/vc_column_text][/vc_column][vc_column width=&#8220;3/4&#8243;][vc_column_text]Verkehrsunfall mit eingeklemmter Person[/vc_column_text][/vc_column][/vc_row][vc_row equal_height=&#8220;yes&#8220; inverse=&#8220;&#8220; css=&#8220;.vc_custom_1545579190843{padding-bottom: 25px !important;background-color: #edf2ef !important;}&#8220;][vc_column width=&#8220;1/4&#8243;][vc_column_text]
<p><strong>Stichwort:</strong></p>
[/vc_column_text][/vc_column][vc_column width=&#8220;3/4&#8243;][vc_column_text]THL 3[/vc_column_text][/vc_column][/vc_row][vc_row equal_height=&#8220;yes&#8220; inverse=&#8220;&#8220; css=&#8220;.vc_custom_1545579201718{padding-bottom: 25px !important;}&#8220;][vc_column width=&#8220;1/4&#8243;][vc_column_text]
<p><strong>Einsatzort:</strong></p>
[/vc_column_text][/vc_column][vc_column width=&#8220;3/4&#8243;][vc_column_text]Reut, St2112 Höhe Reut<span style="font-size: 0.9rem;">[/vc_column_text][/vc_column][/vc_row][vc_row equal_height=&#8220;yes&#8220; inverse=&#8220;&#8220; css=&#8220;.vc_custom_1545579210044{padding-bottom: 25px !important;background-color: #edf2ef !important;}&#8220;][vc_column width=&#8220;1/4&#8243;][vc_column_text]</span></p>
<p><strong>Datum:</strong></p>
[/vc_column_text][/vc_column][vc_column width=&#8220;3/4&#8243;][vc_column_text]Samstag, 5. Juni 2021[/vc_column_text][/vc_column][/vc_row][vc_row equal_height=&#8220;yes&#8220; inverse=&#8220;&#8220; css=&#8220;.vc_custom_1545579217081{padding-bottom: 25px !important;}&#8220;][vc_column width=&#8220;1/4&#8243;][vc_column_text]
<p><strong>Alarmierung (Schleife):</strong></p>
[/vc_column_text][/vc_column][vc_column width=&#8220;3/4&#8243;][vc_column_text]Vollalarm[/vc_column_text][/vc_column][/vc_row][vc_row equal_height=&#8220;yes&#8220; inverse=&#8220;&#8220; css=&#8220;.vc_custom_1545579225595{padding-bottom: 25px !important;background-color: #edf2ef !important;}&#8220;][vc_column width=&#8220;1/4&#8243;][vc_column_text]
<p><strong>E</strong><strong>ingesetzte</strong><strong> Kräfte:</strong></p>
[/vc_column_text][/vc_column][vc_column width=&#8220;3/4&#8243;][vc_column_text]FF Simbach a. Inn, FF Kirchdorf a. Inn, FF Reut, KBI 2, KBM 2/1, KBM 2/2, Rettungsdienst, Einsatzleiter Rettungsdienst[/vc_column_text][/vc_column][/vc_row][vc_row][vc_column][vc_empty_space height=&#8220;30&#8243;][/vc_column][/vc_row][vc_row][vc_column][vc_separator border_width=&#8220;4&#8243;][/vc_column][/vc_row][vc_row][vc_column][vc_empty_space height=&#8220;30&#8243;][/vc_column][/vc_row][vc_row equal_height=&#8220;yes&#8220; inverse=&#8220;&#8220; css=&#8220;.vc_custom_1534176358862{padding-bottom: 25px !important;}&#8220;][vc_column width=&#8220;1/4&#8243;][vc_column_text]
<p><strong>Einsatzbericht:</strong></p>
[/vc_column_text][/vc_column][vc_column width=&#8220;3/4&#8243;][vc_column_text]Am Samstag gegen 22.15 Uhr wurden wir gemeinsam mit der Feuerwehr Kirchdorf zu einem Verkehrsunfall mit eingeklemmter Person auf die Staatsstraße 2112 Höhe Irging alarmiert. Während der Einsatzfahrt stellte sich jedoch heraus, dass sich der Verkehrsunfall auf Höhe Reut ereignet hatte. Da entgegen der Erstmeldung keine Personen eingeklemmt waren, konnten die Kameraden aus Kirchdorf wieder einrücken und die Feuerwehr Reut wurde als Ortsfeuerwehr nachalarmiert. An der Einsatzstelle stellte sich außerdem heraus, dass sich der PKW im Graben befand, weshalb wir den Verkehr bis zum Eintreffen der Ortsfeuerwehr wechselseitig an der Unfallstelle vorbeileiteten. Anschließend konnten wir ebenfalls ins Gerätehaus zurückkehren.[/vc_column_text][/vc_column][/vc_row][vc_row][vc_column][vc_column_text]
<p>&nbsp;</p>
<p><img loading="lazy" decoding="async" class="aligncenter wp-image-14337 size-full" src="https://feuerwehr-simbach.de/wp-content/uploads/2021/05/HLF-Einsatzseite.jpg" alt="" width="969" height="646" srcset="https://feuerwehr-simbach.de/wp-content/uploads/2021/05/HLF-Einsatzseite.jpg 969w, https://feuerwehr-simbach.de/wp-content/uploads/2021/05/HLF-Einsatzseite-300x200.jpg 300w, https://feuerwehr-simbach.de/wp-content/uploads/2021/05/HLF-Einsatzseite-768x512.jpg 768w" sizes="auto, (max-width: 969px) 100vw, 969px" /></p>
</div>
