{"id":14544,"date":"2021-06-18T22:06:00","date_gmt":"2021-06-18T21:06:00","guid":{"rendered":"https:\/\/feuerwehr-simbach.de\/?post_type=einsatz&#038;p=14544"},"modified":"2024-02-25T14:30:02","modified_gmt":"2024-02-25T13:30:02","slug":"18-06-2021-thl-klein-strasse-reinigen","status":"publish","type":"einsatz","link":"https:\/\/feuerwehr-simbach.de\/?einsatz=18-06-2021-thl-klein-strasse-reinigen","title":{"rendered":"18.06.2021 &#8211; Stra\u00dfe reinigen &#8211; \u00d6lspur"},"content":{"rendered":"<div class=\"wpb-content-wrapper\">[vc_row][vc_column][vc_empty_space height=&#8220;1&#8243;][\/vc_column][\/vc_row][vc_row equal_height=&#8220;yes&#8220; inverse=&#8220;&#8220; css=&#8220;.vc_custom_1545579889091{padding-bottom: 25px !important;background-color: #edf2ef !important;}&#8220;][vc_column width=&#8220;1\/4&#8243;][vc_column_text]\n<p><strong>Einsatzart:<\/strong><\/p>\n[\/vc_column_text][\/vc_column][vc_column width=&#8220;3\/4&#8243;][vc_column_text]Technische Hilfeleistung[\/vc_column_text][\/vc_column][\/vc_row][vc_row equal_height=&#8220;yes&#8220; inverse=&#8220;&#8220; css=&#8220;.vc_custom_1545579201718{padding-bottom: 25px !important;}&#8220;][vc_column width=&#8220;1\/4&#8243;][vc_column_text]\n<p><strong>Schlagwort:<\/strong><\/p>\n[\/vc_column_text][\/vc_column][vc_column width=&#8220;3\/4&#8243;][vc_column_text]Stra\u00dfe reinigen &#8211; \u00d6lspur[\/vc_column_text][\/vc_column][\/vc_row][vc_row equal_height=&#8220;yes&#8220; inverse=&#8220;&#8220; css=&#8220;.vc_custom_1545579190843{padding-bottom: 25px !important;background-color: #edf2ef !important;}&#8220;][vc_column width=&#8220;1\/4&#8243;][vc_column_text]\n<p><strong>Stichwort:<\/strong><\/p>\n[\/vc_column_text][\/vc_column][vc_column width=&#8220;3\/4&#8243;][vc_column_text]THL 1[\/vc_column_text][\/vc_column][\/vc_row][vc_row equal_height=&#8220;yes&#8220; inverse=&#8220;&#8220; css=&#8220;.vc_custom_1545579201718{padding-bottom: 25px !important;}&#8220;][vc_column width=&#8220;1\/4&#8243;][vc_column_text]\n<p><strong>Einsatzort:<\/strong><\/p>\n[\/vc_column_text][\/vc_column][vc_column width=&#8220;3\/4&#8243;][vc_column_text]Simbach, Hintere Moosecker Stra\u00dfe[\/vc_column_text][\/vc_column][\/vc_row][vc_row equal_height=&#8220;yes&#8220; inverse=&#8220;&#8220; css=&#8220;.vc_custom_1545579210044{padding-bottom: 25px !important;background-color: #edf2ef !important;}&#8220;][vc_column width=&#8220;1\/4&#8243;][vc_column_text]\n<p><strong>Datum:<\/strong><\/p>\n[\/vc_column_text][\/vc_column][vc_column width=&#8220;3\/4&#8243;][vc_column_text]Freitag, 18. Juni 2021[\/vc_column_text][\/vc_column][\/vc_row][vc_row equal_height=&#8220;yes&#8220; inverse=&#8220;&#8220; css=&#8220;.vc_custom_1545579217081{padding-bottom: 25px !important;}&#8220;][vc_column width=&#8220;1\/4&#8243;][vc_column_text]\n<p><strong>Alarmierung (Schleife):<\/strong><\/p>\n[\/vc_column_text][\/vc_column][vc_column width=&#8220;3\/4&#8243;][vc_column_text]Nacht-\/Wochenendalarm[\/vc_column_text][\/vc_column][\/vc_row][vc_row equal_height=&#8220;yes&#8220; inverse=&#8220;&#8220; css=&#8220;.vc_custom_1545579225595{padding-bottom: 25px !important;background-color: #edf2ef !important;}&#8220;][vc_column width=&#8220;1\/4&#8243;][vc_column_text]\n<p><strong>E<\/strong><strong>ingesetzte<\/strong><strong> Kr\u00e4fte:<\/strong><\/p>\n[\/vc_column_text][\/vc_column][vc_column width=&#8220;3\/4&#8243;][vc_column_text]FF Simbach a. Inn, Polizei[\/vc_column_text][\/vc_column][\/vc_row][vc_row][vc_column][vc_empty_space height=&#8220;30&#8243;][\/vc_column][\/vc_row][vc_row][vc_column][vc_separator border_width=&#8220;4&#8243;][\/vc_column][\/vc_row][vc_row][vc_column][vc_empty_space height=&#8220;30&#8243;][\/vc_column][\/vc_row][vc_row equal_height=&#8220;yes&#8220; inverse=&#8220;&#8220; css=&#8220;.vc_custom_1534176358862{padding-bottom: 25px !important;}&#8220;][vc_column width=&#8220;1\/4&#8243;][vc_column_text]\n<p><strong>Einsatzbericht:<\/strong><\/p>\n[\/vc_column_text][\/vc_column][vc_column width=&#8220;3\/4&#8243;][vc_column_text]Am Freitag gegen 19.45 Uhr alarmierte uns die ILS Passau nach dem Stichwort THL 1 in die Hintere Moosecker Stra\u00dfe. Vor Ort stellten wir fest, dass aus einem PKW Motor\u00f6l auslief. Wir nahmen dies mittels \u00d6lbindemittel auf und konnten kurz darauf wieder ins Ger\u00e4tehaus zur\u00fcckkehren.[\/vc_column_text][\/vc_column][\/vc_row][vc_row][vc_column][vc_column_text]\n<p>&nbsp;<\/p>\n<p><img loading=\"lazy\" decoding=\"async\" class=\"aligncenter wp-image-6640 size-full\" src=\"https:\/\/feuerwehr-simbach.de\/wp-content\/uploads\/2018\/08\/RW.png\" alt=\"\" width=\"969\" height=\"646\" srcset=\"https:\/\/feuerwehr-simbach.de\/wp-content\/uploads\/2018\/08\/RW.png 969w, https:\/\/feuerwehr-simbach.de\/wp-content\/uploads\/2018\/08\/RW-300x200.png 300w, https:\/\/feuerwehr-simbach.de\/wp-content\/uploads\/2018\/08\/RW-768x512.png 768w\" sizes=\"auto, (max-width: 969px) 100vw, 969px\" \/><\/p>\n<p>&nbsp;<\/p>\n<\/div>","protected":false},"author":11,"featured_media":6640,"template":"","meta":{"einsatz_weight":1,"footnotes":""},"categories":[162],"tags":[],"einsatzart":[],"fahrzeug":[],"exteinsatzmittel":[],"alarmierungsart":[],"evw_unit":[],"class_list":["post-14544","einsatz","type-einsatz","status-publish","has-post-thumbnail","hentry","category-einsaetze-2021"],"_links":{"self":[{"href":"https:\/\/feuerwehr-simbach.de\/index.php?rest_route=\/wp\/v2\/einsatz\/14544","targetHints":{"allow":["GET"]}}],"collection":[{"href":"https:\/\/feuerwehr-simbach.de\/index.php?rest_route=\/wp\/v2\/einsatz"}],"about":[{"href":"https:\/\/feuerwehr-simbach.de\/index.php?rest_route=\/wp\/v2\/types\/einsatz"}],"author":[{"embeddable":true,"href":"https:\/\/feuerwehr-simbach.de\/index.php?rest_route=\/wp\/v2\/users\/11"}],"version-history":[{"count":5,"href":"https:\/\/feuerwehr-simbach.de\/index.php?rest_route=\/wp\/v2\/einsatz\/14544\/revisions"}],"predecessor-version":[{"id":20987,"href":"https:\/\/feuerwehr-simbach.de\/index.php?rest_route=\/wp\/v2\/einsatz\/14544\/revisions\/20987"}],"wp:featuredmedia":[{"embeddable":true,"href":"https:\/\/feuerwehr-simbach.de\/index.php?rest_route=\/wp\/v2\/media\/6640"}],"wp:attachment":[{"href":"https:\/\/feuerwehr-simbach.de\/index.php?rest_route=%2Fwp%2Fv2%2Fmedia&parent=14544"}],"wp:term":[{"taxonomy":"category","embeddable":true,"href":"https:\/\/feuerwehr-simbach.de\/index.php?rest_route=%2Fwp%2Fv2%2Fcategories&post=14544"},{"taxonomy":"post_tag","embeddable":true,"href":"https:\/\/feuerwehr-simbach.de\/index.php?rest_route=%2Fwp%2Fv2%2Ftags&post=14544"},{"taxonomy":"einsatzart","embeddable":true,"href":"https:\/\/feuerwehr-simbach.de\/index.php?rest_route=%2Fwp%2Fv2%2Feinsatzart&post=14544"},{"taxonomy":"fahrzeug","embeddable":true,"href":"https:\/\/feuerwehr-simbach.de\/index.php?rest_route=%2Fwp%2Fv2%2Ffahrzeug&post=14544"},{"taxonomy":"exteinsatzmittel","embeddable":true,"href":"https:\/\/feuerwehr-simbach.de\/index.php?rest_route=%2Fwp%2Fv2%2Fexteinsatzmittel&post=14544"},{"taxonomy":"alarmierungsart","embeddable":true,"href":"https:\/\/feuerwehr-simbach.de\/index.php?rest_route=%2Fwp%2Fv2%2Falarmierungsart&post=14544"},{"taxonomy":"evw_unit","embeddable":true,"href":"https:\/\/feuerwehr-simbach.de\/index.php?rest_route=%2Fwp%2Fv2%2Fevw_unit&post=14544"}],"curies":[{"name":"wp","href":"https:\/\/api.w.org\/{rel}","templated":true}]}}

18.06.2021 &#8211; Straße reinigen &#8211; Ölspur

<div class="wpb-content-wrapper">[vc_row][vc_column][vc_empty_space height=&#8220;1&#8243;][/vc_column][/vc_row][vc_row equal_height=&#8220;yes&#8220; inverse=&#8220;&#8220; css=&#8220;.vc_custom_1545579889091{padding-bottom: 25px !important;background-color: #edf2ef !important;}&#8220;][vc_column width=&#8220;1/4&#8243;][vc_column_text]
<p><strong>Einsatzart:</strong></p>
[/vc_column_text][/vc_column][vc_column width=&#8220;3/4&#8243;][vc_column_text]Technische Hilfeleistung[/vc_column_text][/vc_column][/vc_row][vc_row equal_height=&#8220;yes&#8220; inverse=&#8220;&#8220; css=&#8220;.vc_custom_1545579201718{padding-bottom: 25px !important;}&#8220;][vc_column width=&#8220;1/4&#8243;][vc_column_text]
<p><strong>Schlagwort:</strong></p>
[/vc_column_text][/vc_column][vc_column width=&#8220;3/4&#8243;][vc_column_text]Straße reinigen &#8211; Ölspur[/vc_column_text][/vc_column][/vc_row][vc_row equal_height=&#8220;yes&#8220; inverse=&#8220;&#8220; css=&#8220;.vc_custom_1545579190843{padding-bottom: 25px !important;background-color: #edf2ef !important;}&#8220;][vc_column width=&#8220;1/4&#8243;][vc_column_text]
<p><strong>Stichwort:</strong></p>
[/vc_column_text][/vc_column][vc_column width=&#8220;3/4&#8243;][vc_column_text]THL 1[/vc_column_text][/vc_column][/vc_row][vc_row equal_height=&#8220;yes&#8220; inverse=&#8220;&#8220; css=&#8220;.vc_custom_1545579201718{padding-bottom: 25px !important;}&#8220;][vc_column width=&#8220;1/4&#8243;][vc_column_text]
<p><strong>Einsatzort:</strong></p>
[/vc_column_text][/vc_column][vc_column width=&#8220;3/4&#8243;][vc_column_text]Simbach, Hintere Moosecker Straße[/vc_column_text][/vc_column][/vc_row][vc_row equal_height=&#8220;yes&#8220; inverse=&#8220;&#8220; css=&#8220;.vc_custom_1545579210044{padding-bottom: 25px !important;background-color: #edf2ef !important;}&#8220;][vc_column width=&#8220;1/4&#8243;][vc_column_text]
<p><strong>Datum:</strong></p>
[/vc_column_text][/vc_column][vc_column width=&#8220;3/4&#8243;][vc_column_text]Freitag, 18. Juni 2021[/vc_column_text][/vc_column][/vc_row][vc_row equal_height=&#8220;yes&#8220; inverse=&#8220;&#8220; css=&#8220;.vc_custom_1545579217081{padding-bottom: 25px !important;}&#8220;][vc_column width=&#8220;1/4&#8243;][vc_column_text]
<p><strong>Alarmierung (Schleife):</strong></p>
[/vc_column_text][/vc_column][vc_column width=&#8220;3/4&#8243;][vc_column_text]Nacht-/Wochenendalarm[/vc_column_text][/vc_column][/vc_row][vc_row equal_height=&#8220;yes&#8220; inverse=&#8220;&#8220; css=&#8220;.vc_custom_1545579225595{padding-bottom: 25px !important;background-color: #edf2ef !important;}&#8220;][vc_column width=&#8220;1/4&#8243;][vc_column_text]
<p><strong>E</strong><strong>ingesetzte</strong><strong> Kräfte:</strong></p>
[/vc_column_text][/vc_column][vc_column width=&#8220;3/4&#8243;][vc_column_text]FF Simbach a. Inn, Polizei[/vc_column_text][/vc_column][/vc_row][vc_row][vc_column][vc_empty_space height=&#8220;30&#8243;][/vc_column][/vc_row][vc_row][vc_column][vc_separator border_width=&#8220;4&#8243;][/vc_column][/vc_row][vc_row][vc_column][vc_empty_space height=&#8220;30&#8243;][/vc_column][/vc_row][vc_row equal_height=&#8220;yes&#8220; inverse=&#8220;&#8220; css=&#8220;.vc_custom_1534176358862{padding-bottom: 25px !important;}&#8220;][vc_column width=&#8220;1/4&#8243;][vc_column_text]
<p><strong>Einsatzbericht:</strong></p>
[/vc_column_text][/vc_column][vc_column width=&#8220;3/4&#8243;][vc_column_text]Am Freitag gegen 19.45 Uhr alarmierte uns die ILS Passau nach dem Stichwort THL 1 in die Hintere Moosecker Straße. Vor Ort stellten wir fest, dass aus einem PKW Motoröl auslief. Wir nahmen dies mittels Ölbindemittel auf und konnten kurz darauf wieder ins Gerätehaus zurückkehren.[/vc_column_text][/vc_column][/vc_row][vc_row][vc_column][vc_column_text]
<p>&nbsp;</p>
<p><img loading="lazy" decoding="async" class="aligncenter wp-image-6640 size-full" src="https://feuerwehr-simbach.de/wp-content/uploads/2018/08/RW.png" alt="" width="969" height="646" srcset="https://feuerwehr-simbach.de/wp-content/uploads/2018/08/RW.png 969w, https://feuerwehr-simbach.de/wp-content/uploads/2018/08/RW-300x200.png 300w, https://feuerwehr-simbach.de/wp-content/uploads/2018/08/RW-768x512.png 768w" sizes="auto, (max-width: 969px) 100vw, 969px" /></p>
<p>&nbsp;</p>
</div>
