{"id":14550,"date":"2021-06-19T00:56:00","date_gmt":"2021-06-18T23:56:00","guid":{"rendered":"https:\/\/feuerwehr-simbach.de\/?post_type=einsatz&#038;p=14550"},"modified":"2022-03-10T16:44:39","modified_gmt":"2022-03-10T15:44:39","slug":"19-06-2021-verkehrsunfall-mit-eingeklemmter-person","status":"publish","type":"einsatz","link":"https:\/\/feuerwehr-simbach.de\/?einsatz=19-06-2021-verkehrsunfall-mit-eingeklemmter-person","title":{"rendered":"18.06.2021 &#8211; Verkehrsunfall mit eingeklemmter Person"},"content":{"rendered":"<div class=\"wpb-content-wrapper\">[vc_row][vc_column][vc_empty_space height=&#8220;1&#8243;][\/vc_column][\/vc_row][vc_row equal_height=&#8220;yes&#8220; inverse=&#8220;&#8220; css=&#8220;.vc_custom_1545579889091{padding-bottom: 25px !important;background-color: #edf2ef !important;}&#8220;][vc_column width=&#8220;1\/4&#8243;][vc_column_text]\n<p><strong>Einsatzart:<\/strong><\/p>\n[\/vc_column_text][\/vc_column][vc_column width=&#8220;3\/4&#8243;][vc_column_text]Technische Hilfeleistung[\/vc_column_text][\/vc_column][\/vc_row][vc_row equal_height=&#8220;yes&#8220; inverse=&#8220;&#8220; css=&#8220;.vc_custom_1545579201718{padding-bottom: 25px !important;}&#8220;][vc_column width=&#8220;1\/4&#8243;][vc_column_text]\n<p><strong>Schlagwort:<\/strong><\/p>\n[\/vc_column_text][\/vc_column][vc_column width=&#8220;3\/4&#8243;][vc_column_text]Verkehrsunfall mit eingeklemmter Person[\/vc_column_text][\/vc_column][\/vc_row][vc_row equal_height=&#8220;yes&#8220; inverse=&#8220;&#8220; css=&#8220;.vc_custom_1545579190843{padding-bottom: 25px !important;background-color: #edf2ef !important;}&#8220;][vc_column width=&#8220;1\/4&#8243;][vc_column_text]\n<p><strong>Stichwort:<\/strong><\/p>\n[\/vc_column_text][\/vc_column][vc_column width=&#8220;3\/4&#8243;][vc_column_text]THL 3[\/vc_column_text][\/vc_column][\/vc_row][vc_row equal_height=&#8220;yes&#8220; inverse=&#8220;&#8220; css=&#8220;.vc_custom_1545579201718{padding-bottom: 25px !important;}&#8220;][vc_column width=&#8220;1\/4&#8243;][vc_column_text]\n<p><strong>Einsatzort:<\/strong><\/p>\n[\/vc_column_text][\/vc_column][vc_column width=&#8220;3\/4&#8243;][vc_column_text]Kirchdorf, Seibersdorfer Stra\u00dfe[\/vc_column_text][\/vc_column][\/vc_row][vc_row equal_height=&#8220;yes&#8220; inverse=&#8220;&#8220; css=&#8220;.vc_custom_1545579210044{padding-bottom: 25px !important;background-color: #edf2ef !important;}&#8220;][vc_column width=&#8220;1\/4&#8243;][vc_column_text]\n<p><strong>Datum:<\/strong><\/p>\n[\/vc_column_text][\/vc_column][vc_column width=&#8220;3\/4&#8243;][vc_column_text]Freitag, 18. Juni 2021[\/vc_column_text][\/vc_column][\/vc_row][vc_row equal_height=&#8220;yes&#8220; inverse=&#8220;&#8220; css=&#8220;.vc_custom_1545579217081{padding-bottom: 25px !important;}&#8220;][vc_column width=&#8220;1\/4&#8243;][vc_column_text]\n<p><strong>Alarmierung (Schleife):<\/strong><\/p>\n[\/vc_column_text][\/vc_column][vc_column width=&#8220;3\/4&#8243;][vc_column_text]Vollalarm[\/vc_column_text][\/vc_column][\/vc_row][vc_row equal_height=&#8220;yes&#8220; inverse=&#8220;&#8220; css=&#8220;.vc_custom_1545579225595{padding-bottom: 25px !important;background-color: #edf2ef !important;}&#8220;][vc_column width=&#8220;1\/4&#8243;][vc_column_text]\n<p><strong>E<\/strong><strong>ingesetzte<\/strong><strong> Kr\u00e4fte:<\/strong><\/p>\n[\/vc_column_text][\/vc_column][vc_column width=&#8220;3\/4&#8243;][vc_column_text]FF Simbach a. Inn, FF Kirchdorf a. Inn, KBI 2, KBM 2\/1, Rettungsdienst, Einsatzleiter Rettungsdienst, Polizei[\/vc_column_text][\/vc_column][\/vc_row][vc_row][vc_column][vc_empty_space height=&#8220;30&#8243;][\/vc_column][\/vc_row][vc_row][vc_column][vc_separator border_width=&#8220;4&#8243;][\/vc_column][\/vc_row][vc_row][vc_column][vc_empty_space height=&#8220;30&#8243;][\/vc_column][\/vc_row][vc_row equal_height=&#8220;yes&#8220; inverse=&#8220;&#8220; css=&#8220;.vc_custom_1534176358862{padding-bottom: 25px !important;}&#8220;][vc_column width=&#8220;1\/4&#8243;][vc_column_text]\n<p><strong>Einsatzbericht:<\/strong><\/p>\n[\/vc_column_text][\/vc_column][vc_column width=&#8220;3\/4&#8243;][vc_column_text]Am Freitag gegen 23.00 Uhr abends wurden wir gemeinsam mit der Feuerwehr Kirchdorf zum zweiten Einsatz des Tages in die Seibersdorfer Stra\u00dfe nach Kirchdorf alarmiert. Dort soll laut Einsatzmeldung ein PKW gegen eine Hauswand gesto\u00dfen und der Fahrer in seinem Fahrzeug eingeklemmt sein. An der Einsatzstelle konnte die gemeldete Lage best\u00e4tigt werden. Nachdem der Notarzt den Fahrer medizinisch versorgt hatte, konnte er durch die Feuerwehr Kirchdorf aus seinem PKW befreit werden. Gleichzeitig dazu k\u00fcmmerten wir uns gemeinsam mit unserer Feuerwehr\u00e4rztin bis zum Eintreffen weiterer Kr\u00e4fte des Rettungsdienstes um die Versorgung der zwei weiteren Fahrzeuginsassen, die nicht im Fahrzeug eingeklemmt waren. Zudem \u00fcbernahmen wir die Verkehrsabsicherung. Nachdem alle Personen ins Krankenhaus abtransportiert worden waren, konnten wir wieder einr\u00fccken.[\/vc_column_text][\/vc_column][\/vc_row][vc_row][vc_column][vc_column_text]\n<p>&nbsp;<\/p>\n<div id=\"su_carousel_69f092775c4e7\" class=\"su-carousel su-carousel-centered su-carousel-pages-no su-carousel-responsive-yes JLqJ4b ChMk0b su-lightbox-gallery\" style=\"width:100%\" data-autoplay=\"3000\" data-speed=\"2000\" data-mousewheel=\"true\" data-items=\"3\" data-scroll=\"1\"><div class=\"su-carousel-slides\"><div class=\"su-carousel-slide\"><a href=\"https:\/\/feuerwehr-simbach.de\/wp-content\/uploads\/2021\/06\/PKW-gegen-Hauswand-18.06.2021-1-e1624122124289.jpg\" title=\"2021.06.18 Verkehrsunfall mit eingeklemmter Person (1)\"><img decoding=\"async\" src=\"https:\/\/feuerwehr-simbach.de\/wp-content\/uploads\/2021\/06\/PKW-gegen-Hauswand-18.06.2021-1-e1624122124289.jpg\" alt=\"2021.06.18 Verkehrsunfall mit eingeklemmter Person (1)\" \/><\/a><\/div><div class=\"su-carousel-slide\"><a href=\"https:\/\/feuerwehr-simbach.de\/wp-content\/uploads\/2021\/06\/PKW-gegen-Hauswand-18.06.2021-2-e1624122133294.jpg\" title=\"2021.06.18 Verkehrsunfall mit eingeklemmter Person (2)\"><img decoding=\"async\" src=\"https:\/\/feuerwehr-simbach.de\/wp-content\/uploads\/2021\/06\/PKW-gegen-Hauswand-18.06.2021-2-e1624122133294.jpg\" alt=\"2021.06.18 Verkehrsunfall mit eingeklemmter Person (2)\" \/><\/a><\/div><div class=\"su-carousel-slide\"><a href=\"https:\/\/feuerwehr-simbach.de\/wp-content\/uploads\/2021\/06\/PKW-gegen-Hauswand-18.06.2021-3-e1624122140549.jpg\" title=\"2021.06.18 Verkehrsunfall mit eingeklemmter Person (3)\"><img decoding=\"async\" src=\"https:\/\/feuerwehr-simbach.de\/wp-content\/uploads\/2021\/06\/PKW-gegen-Hauswand-18.06.2021-3-e1624122140549.jpg\" alt=\"2021.06.18 Verkehrsunfall mit eingeklemmter Person (3)\" \/><\/a><\/div><div class=\"su-carousel-slide\"><a href=\"https:\/\/feuerwehr-simbach.de\/wp-content\/uploads\/2021\/06\/PKW-gegen-Hauswand-18.06.2021-4-e1624122148896.jpg\" title=\"2021.06.18 Verkehrsunfall mit eingeklemmter Person (4)\"><img decoding=\"async\" src=\"https:\/\/feuerwehr-simbach.de\/wp-content\/uploads\/2021\/06\/PKW-gegen-Hauswand-18.06.2021-4-e1624122148896.jpg\" alt=\"2021.06.18 Verkehrsunfall mit eingeklemmter Person (4)\" \/><\/a><\/div><div class=\"su-carousel-slide\"><a href=\"https:\/\/feuerwehr-simbach.de\/wp-content\/uploads\/2021\/06\/PKW-gegen-Hauswand-18.06.2021-5-1-e1624122298791.jpg\" title=\"2021.06.18 Verkehrsunfall mit eingeklemmter Person (5)\"><img decoding=\"async\" src=\"https:\/\/feuerwehr-simbach.de\/wp-content\/uploads\/2021\/06\/PKW-gegen-Hauswand-18.06.2021-5-1-e1624122298791.jpg\" alt=\"2021.06.18 Verkehrsunfall mit eingeklemmter Person (5)\" \/><\/a><\/div><div class=\"su-carousel-slide\"><a href=\"https:\/\/feuerwehr-simbach.de\/wp-content\/uploads\/2021\/06\/PKW-gegen-Hauswand-18.06.2021-6-e1624122168824.jpg\" title=\"2021.06.18 Verkehrsunfall mit eingeklemmter Person (6)\"><img decoding=\"async\" src=\"https:\/\/feuerwehr-simbach.de\/wp-content\/uploads\/2021\/06\/PKW-gegen-Hauswand-18.06.2021-6-e1624122168824.jpg\" alt=\"2021.06.18 Verkehrsunfall mit eingeklemmter Person (6)\" \/><\/a><\/div><div class=\"su-carousel-slide\"><a href=\"https:\/\/feuerwehr-simbach.de\/wp-content\/uploads\/2021\/06\/PKW-gegen-Hauswand-18.06.2021-7-e1624122177850.jpg\" title=\"2021.06.18 Verkehrsunfall mit eingeklemmter Person (7)\"><img decoding=\"async\" src=\"https:\/\/feuerwehr-simbach.de\/wp-content\/uploads\/2021\/06\/PKW-gegen-Hauswand-18.06.2021-7-e1624122177850.jpg\" alt=\"2021.06.18 Verkehrsunfall mit eingeklemmter Person (7)\" \/><\/a><\/div><div class=\"su-carousel-slide\"><a href=\"https:\/\/feuerwehr-simbach.de\/wp-content\/uploads\/2021\/06\/PKW-gegen-Hauswand-18.06.2021-8-e1624122186894.jpg\" title=\"2021.06.18 Verkehrsunfall mit eingeklemmter Person (8)\"><img decoding=\"async\" src=\"https:\/\/feuerwehr-simbach.de\/wp-content\/uploads\/2021\/06\/PKW-gegen-Hauswand-18.06.2021-8-e1624122186894.jpg\" alt=\"2021.06.18 Verkehrsunfall mit eingeklemmter Person (8)\" \/><\/a><\/div><\/div><div class=\"su-carousel-nav\"><div class=\"su-carousel-direction\"><span class=\"su-carousel-prev\"><\/span><span class=\"su-carousel-next\"><\/span><\/div><div class=\"su-carousel-pagination\"><\/div><\/div><\/div>\n<p>&nbsp;<\/p>\n<\/div>","protected":false},"author":22,"featured_media":14561,"template":"","meta":{"einsatz_weight":1,"footnotes":""},"categories":[162],"tags":[],"einsatzart":[],"fahrzeug":[],"exteinsatzmittel":[],"alarmierungsart":[],"evw_unit":[],"class_list":["post-14550","einsatz","type-einsatz","status-publish","has-post-thumbnail","hentry","category-einsaetze-2021"],"_links":{"self":[{"href":"https:\/\/feuerwehr-simbach.de\/index.php?rest_route=\/wp\/v2\/einsatz\/14550","targetHints":{"allow":["GET"]}}],"collection":[{"href":"https:\/\/feuerwehr-simbach.de\/index.php?rest_route=\/wp\/v2\/einsatz"}],"about":[{"href":"https:\/\/feuerwehr-simbach.de\/index.php?rest_route=\/wp\/v2\/types\/einsatz"}],"author":[{"embeddable":true,"href":"https:\/\/feuerwehr-simbach.de\/index.php?rest_route=\/wp\/v2\/users\/22"}],"version-history":[{"count":7,"href":"https:\/\/feuerwehr-simbach.de\/index.php?rest_route=\/wp\/v2\/einsatz\/14550\/revisions"}],"predecessor-version":[{"id":16555,"href":"https:\/\/feuerwehr-simbach.de\/index.php?rest_route=\/wp\/v2\/einsatz\/14550\/revisions\/16555"}],"wp:featuredmedia":[{"embeddable":true,"href":"https:\/\/feuerwehr-simbach.de\/index.php?rest_route=\/wp\/v2\/media\/14561"}],"wp:attachment":[{"href":"https:\/\/feuerwehr-simbach.de\/index.php?rest_route=%2Fwp%2Fv2%2Fmedia&parent=14550"}],"wp:term":[{"taxonomy":"category","embeddable":true,"href":"https:\/\/feuerwehr-simbach.de\/index.php?rest_route=%2Fwp%2Fv2%2Fcategories&post=14550"},{"taxonomy":"post_tag","embeddable":true,"href":"https:\/\/feuerwehr-simbach.de\/index.php?rest_route=%2Fwp%2Fv2%2Ftags&post=14550"},{"taxonomy":"einsatzart","embeddable":true,"href":"https:\/\/feuerwehr-simbach.de\/index.php?rest_route=%2Fwp%2Fv2%2Feinsatzart&post=14550"},{"taxonomy":"fahrzeug","embeddable":true,"href":"https:\/\/feuerwehr-simbach.de\/index.php?rest_route=%2Fwp%2Fv2%2Ffahrzeug&post=14550"},{"taxonomy":"exteinsatzmittel","embeddable":true,"href":"https:\/\/feuerwehr-simbach.de\/index.php?rest_route=%2Fwp%2Fv2%2Fexteinsatzmittel&post=14550"},{"taxonomy":"alarmierungsart","embeddable":true,"href":"https:\/\/feuerwehr-simbach.de\/index.php?rest_route=%2Fwp%2Fv2%2Falarmierungsart&post=14550"},{"taxonomy":"evw_unit","embeddable":true,"href":"https:\/\/feuerwehr-simbach.de\/index.php?rest_route=%2Fwp%2Fv2%2Fevw_unit&post=14550"}],"curies":[{"name":"wp","href":"https:\/\/api.w.org\/{rel}","templated":true}]}}

<div class="wpb-content-wrapper">[vc_row][vc_column][vc_empty_space height=&#8220;1&#8243;][/vc_column][/vc_row][vc_row equal_height=&#8220;yes&#8220; inverse=&#8220;&#8220; css=&#8220;.vc_custom_1545579889091{padding-bottom: 25px !important;background-color: #edf2ef !important;}&#8220;][vc_column width=&#8220;1/4&#8243;][vc_column_text]
<p><strong>Einsatzart:</strong></p>
[/vc_column_text][/vc_column][vc_column width=&#8220;3/4&#8243;][vc_column_text]Technische Hilfeleistung[/vc_column_text][/vc_column][/vc_row][vc_row equal_height=&#8220;yes&#8220; inverse=&#8220;&#8220; css=&#8220;.vc_custom_1545579201718{padding-bottom: 25px !important;}&#8220;][vc_column width=&#8220;1/4&#8243;][vc_column_text]
<p><strong>Schlagwort:</strong></p>
[/vc_column_text][/vc_column][vc_column width=&#8220;3/4&#8243;][vc_column_text]Verkehrsunfall mit eingeklemmter Person[/vc_column_text][/vc_column][/vc_row][vc_row equal_height=&#8220;yes&#8220; inverse=&#8220;&#8220; css=&#8220;.vc_custom_1545579190843{padding-bottom: 25px !important;background-color: #edf2ef !important;}&#8220;][vc_column width=&#8220;1/4&#8243;][vc_column_text]
<p><strong>Stichwort:</strong></p>
[/vc_column_text][/vc_column][vc_column width=&#8220;3/4&#8243;][vc_column_text]THL 3[/vc_column_text][/vc_column][/vc_row][vc_row equal_height=&#8220;yes&#8220; inverse=&#8220;&#8220; css=&#8220;.vc_custom_1545579201718{padding-bottom: 25px !important;}&#8220;][vc_column width=&#8220;1/4&#8243;][vc_column_text]
<p><strong>Einsatzort:</strong></p>
[/vc_column_text][/vc_column][vc_column width=&#8220;3/4&#8243;][vc_column_text]Kirchdorf, Seibersdorfer Straße[/vc_column_text][/vc_column][/vc_row][vc_row equal_height=&#8220;yes&#8220; inverse=&#8220;&#8220; css=&#8220;.vc_custom_1545579210044{padding-bottom: 25px !important;background-color: #edf2ef !important;}&#8220;][vc_column width=&#8220;1/4&#8243;][vc_column_text]
<p><strong>Datum:</strong></p>
[/vc_column_text][/vc_column][vc_column width=&#8220;3/4&#8243;][vc_column_text]Freitag, 18. Juni 2021[/vc_column_text][/vc_column][/vc_row][vc_row equal_height=&#8220;yes&#8220; inverse=&#8220;&#8220; css=&#8220;.vc_custom_1545579217081{padding-bottom: 25px !important;}&#8220;][vc_column width=&#8220;1/4&#8243;][vc_column_text]
<p><strong>Alarmierung (Schleife):</strong></p>
[/vc_column_text][/vc_column][vc_column width=&#8220;3/4&#8243;][vc_column_text]Vollalarm[/vc_column_text][/vc_column][/vc_row][vc_row equal_height=&#8220;yes&#8220; inverse=&#8220;&#8220; css=&#8220;.vc_custom_1545579225595{padding-bottom: 25px !important;background-color: #edf2ef !important;}&#8220;][vc_column width=&#8220;1/4&#8243;][vc_column_text]
<p><strong>E</strong><strong>ingesetzte</strong><strong> Kräfte:</strong></p>
[/vc_column_text][/vc_column][vc_column width=&#8220;3/4&#8243;][vc_column_text]FF Simbach a. Inn, FF Kirchdorf a. Inn, KBI 2, KBM 2/1, Rettungsdienst, Einsatzleiter Rettungsdienst, Polizei[/vc_column_text][/vc_column][/vc_row][vc_row][vc_column][vc_empty_space height=&#8220;30&#8243;][/vc_column][/vc_row][vc_row][vc_column][vc_separator border_width=&#8220;4&#8243;][/vc_column][/vc_row][vc_row][vc_column][vc_empty_space height=&#8220;30&#8243;][/vc_column][/vc_row][vc_row equal_height=&#8220;yes&#8220; inverse=&#8220;&#8220; css=&#8220;.vc_custom_1534176358862{padding-bottom: 25px !important;}&#8220;][vc_column width=&#8220;1/4&#8243;][vc_column_text]
<p><strong>Einsatzbericht:</strong></p>
[/vc_column_text][/vc_column][vc_column width=&#8220;3/4&#8243;][vc_column_text]Am Freitag gegen 23.00 Uhr abends wurden wir gemeinsam mit der Feuerwehr Kirchdorf zum zweiten Einsatz des Tages in die Seibersdorfer Straße nach Kirchdorf alarmiert. Dort soll laut Einsatzmeldung ein PKW gegen eine Hauswand gestoßen und der Fahrer in seinem Fahrzeug eingeklemmt sein. An der Einsatzstelle konnte die gemeldete Lage bestätigt werden. Nachdem der Notarzt den Fahrer medizinisch versorgt hatte, konnte er durch die Feuerwehr Kirchdorf aus seinem PKW befreit werden. Gleichzeitig dazu kümmerten wir uns gemeinsam mit unserer Feuerwehrärztin bis zum Eintreffen weiterer Kräfte des Rettungsdienstes um die Versorgung der zwei weiteren Fahrzeuginsassen, die nicht im Fahrzeug eingeklemmt waren. Zudem übernahmen wir die Verkehrsabsicherung. Nachdem alle Personen ins Krankenhaus abtransportiert worden waren, konnten wir wieder einrücken.[/vc_column_text][/vc_column][/vc_row][vc_row][vc_column][vc_column_text]
<p>&nbsp;</p>
<div id="su_carousel_69f092775c4e7" class="su-carousel su-carousel-centered su-carousel-pages-no su-carousel-responsive-yes JLqJ4b ChMk0b su-lightbox-gallery" style="width:100%" data-autoplay="3000" data-speed="2000" data-mousewheel="true" data-items="3" data-scroll="1"><div class="su-carousel-slides"><div class="su-carousel-slide"><a href="https://feuerwehr-simbach.de/wp-content/uploads/2021/06/PKW-gegen-Hauswand-18.06.2021-1-e1624122124289.jpg" title="2021.06.18 Verkehrsunfall mit eingeklemmter Person (1)"><img decoding="async" src="https://feuerwehr-simbach.de/wp-content/uploads/2021/06/PKW-gegen-Hauswand-18.06.2021-1-e1624122124289.jpg" alt="2021.06.18 Verkehrsunfall mit eingeklemmter Person (1)" /></a></div><div class="su-carousel-slide"><a href="https://feuerwehr-simbach.de/wp-content/uploads/2021/06/PKW-gegen-Hauswand-18.06.2021-2-e1624122133294.jpg" title="2021.06.18 Verkehrsunfall mit eingeklemmter Person (2)"><img decoding="async" src="https://feuerwehr-simbach.de/wp-content/uploads/2021/06/PKW-gegen-Hauswand-18.06.2021-2-e1624122133294.jpg" alt="2021.06.18 Verkehrsunfall mit eingeklemmter Person (2)" /></a></div><div class="su-carousel-slide"><a href="https://feuerwehr-simbach.de/wp-content/uploads/2021/06/PKW-gegen-Hauswand-18.06.2021-3-e1624122140549.jpg" title="2021.06.18 Verkehrsunfall mit eingeklemmter Person (3)"><img decoding="async" src="https://feuerwehr-simbach.de/wp-content/uploads/2021/06/PKW-gegen-Hauswand-18.06.2021-3-e1624122140549.jpg" alt="2021.06.18 Verkehrsunfall mit eingeklemmter Person (3)" /></a></div><div class="su-carousel-slide"><a href="https://feuerwehr-simbach.de/wp-content/uploads/2021/06/PKW-gegen-Hauswand-18.06.2021-4-e1624122148896.jpg" title="2021.06.18 Verkehrsunfall mit eingeklemmter Person (4)"><img decoding="async" src="https://feuerwehr-simbach.de/wp-content/uploads/2021/06/PKW-gegen-Hauswand-18.06.2021-4-e1624122148896.jpg" alt="2021.06.18 Verkehrsunfall mit eingeklemmter Person (4)" /></a></div><div class="su-carousel-slide"><a href="https://feuerwehr-simbach.de/wp-content/uploads/2021/06/PKW-gegen-Hauswand-18.06.2021-5-1-e1624122298791.jpg" title="2021.06.18 Verkehrsunfall mit eingeklemmter Person (5)"><img decoding="async" src="https://feuerwehr-simbach.de/wp-content/uploads/2021/06/PKW-gegen-Hauswand-18.06.2021-5-1-e1624122298791.jpg" alt="2021.06.18 Verkehrsunfall mit eingeklemmter Person (5)" /></a></div><div class="su-carousel-slide"><a href="https://feuerwehr-simbach.de/wp-content/uploads/2021/06/PKW-gegen-Hauswand-18.06.2021-6-e1624122168824.jpg" title="2021.06.18 Verkehrsunfall mit eingeklemmter Person (6)"><img decoding="async" src="https://feuerwehr-simbach.de/wp-content/uploads/2021/06/PKW-gegen-Hauswand-18.06.2021-6-e1624122168824.jpg" alt="2021.06.18 Verkehrsunfall mit eingeklemmter Person (6)" /></a></div><div class="su-carousel-slide"><a href="https://feuerwehr-simbach.de/wp-content/uploads/2021/06/PKW-gegen-Hauswand-18.06.2021-7-e1624122177850.jpg" title="2021.06.18 Verkehrsunfall mit eingeklemmter Person (7)"><img decoding="async" src="https://feuerwehr-simbach.de/wp-content/uploads/2021/06/PKW-gegen-Hauswand-18.06.2021-7-e1624122177850.jpg" alt="2021.06.18 Verkehrsunfall mit eingeklemmter Person (7)" /></a></div><div class="su-carousel-slide"><a href="https://feuerwehr-simbach.de/wp-content/uploads/2021/06/PKW-gegen-Hauswand-18.06.2021-8-e1624122186894.jpg" title="2021.06.18 Verkehrsunfall mit eingeklemmter Person (8)"><img decoding="async" src="https://feuerwehr-simbach.de/wp-content/uploads/2021/06/PKW-gegen-Hauswand-18.06.2021-8-e1624122186894.jpg" alt="2021.06.18 Verkehrsunfall mit eingeklemmter Person (8)" /></a></div></div><div class="su-carousel-nav"><div class="su-carousel-direction"><span class="su-carousel-prev"></span><span class="su-carousel-next"></span></div><div class="su-carousel-pagination"></div></div></div>
<p>&nbsp;</p>
</div>
