{"id":14591,"date":"2021-06-30T15:43:00","date_gmt":"2021-06-30T13:43:00","guid":{"rendered":"https:\/\/feuerwehr-simbach.de\/?post_type=einsatz&#038;p=14591"},"modified":"2021-06-30T18:04:31","modified_gmt":"2021-06-30T16:04:31","slug":"29-06-2021-brand-eines-sicherungskastens","status":"publish","type":"einsatz","link":"https:\/\/feuerwehr-simbach.de\/?einsatz=29-06-2021-brand-eines-sicherungskastens","title":{"rendered":"29.06.2021 &#8211; Brand eines Sicherungskastens"},"content":{"rendered":"<div class=\"wpb-content-wrapper\">[vc_row][vc_column][vc_empty_space height=&#8220;1&#8243;][\/vc_column][\/vc_row][vc_row equal_height=&#8220;yes&#8220; inverse=&#8220;&#8220; css=&#8220;.vc_custom_1545579889091{padding-bottom: 25px !important;background-color: #edf2ef !important;}&#8220;][vc_column width=&#8220;1\/4&#8243;][vc_column_text]\n<p><strong>Einsatzart:<\/strong><\/p>\n[\/vc_column_text][\/vc_column][vc_column width=&#8220;3\/4&#8243;][vc_column_text]Brandeinsatz[\/vc_column_text][\/vc_column][\/vc_row][vc_row equal_height=&#8220;yes&#8220; inverse=&#8220;&#8220; css=&#8220;.vc_custom_1545579201718{padding-bottom: 25px !important;}&#8220;][vc_column width=&#8220;1\/4&#8243;][vc_column_text]\n<p><strong>Schlagwort:<\/strong><\/p>\n[\/vc_column_text][\/vc_column][vc_column width=&#8220;3\/4&#8243;][vc_column_text]Brand eines Sicherungskastens[\/vc_column_text][\/vc_column][\/vc_row][vc_row equal_height=&#8220;yes&#8220; inverse=&#8220;&#8220; css=&#8220;.vc_custom_1545579190843{padding-bottom: 25px !important;background-color: #edf2ef !important;}&#8220;][vc_column width=&#8220;1\/4&#8243;][vc_column_text]\n<p><strong>Stichwort:<\/strong><\/p>\n[\/vc_column_text][\/vc_column][vc_column width=&#8220;3\/4&#8243;][vc_column_text]B Elektroanlage[\/vc_column_text][\/vc_column][\/vc_row][vc_row equal_height=&#8220;yes&#8220; inverse=&#8220;&#8220; css=&#8220;.vc_custom_1545579201718{padding-bottom: 25px !important;}&#8220;][vc_column width=&#8220;1\/4&#8243;][vc_column_text]\n<p><strong>Einsatzort:<\/strong><\/p>\n[\/vc_column_text][\/vc_column][vc_column width=&#8220;3\/4&#8243;][vc_column_text]Simbach, Karl-M\u00fchlhuber-Stra\u00dfe[\/vc_column_text][\/vc_column][\/vc_row][vc_row equal_height=&#8220;yes&#8220; inverse=&#8220;&#8220; css=&#8220;.vc_custom_1545579210044{padding-bottom: 25px !important;background-color: #edf2ef !important;}&#8220;][vc_column width=&#8220;1\/4&#8243;][vc_column_text]\n<p><strong>Datum:<\/strong><\/p>\n[\/vc_column_text][\/vc_column][vc_column width=&#8220;3\/4&#8243;][vc_column_text]Dienstag, 29. Juni 2021[\/vc_column_text][\/vc_column][\/vc_row][vc_row equal_height=&#8220;yes&#8220; inverse=&#8220;&#8220; css=&#8220;.vc_custom_1545579217081{padding-bottom: 25px !important;}&#8220;][vc_column width=&#8220;1\/4&#8243;][vc_column_text]\n<p><strong>Alarmierung (Schleife):<\/strong><\/p>\n[\/vc_column_text][\/vc_column][vc_column width=&#8220;3\/4&#8243;][vc_column_text]Vollalarm[\/vc_column_text][\/vc_column][\/vc_row][vc_row equal_height=&#8220;yes&#8220; inverse=&#8220;&#8220; css=&#8220;.vc_custom_1545579225595{padding-bottom: 25px !important;background-color: #edf2ef !important;}&#8220;][vc_column width=&#8220;1\/4&#8243;][vc_column_text]\n<p><strong>E<\/strong><strong>ingesetzte<\/strong><strong> Kr\u00e4fte:<\/strong><\/p>\n[\/vc_column_text][\/vc_column][vc_column width=&#8220;3\/4&#8243;][vc_column_text]FF Simbach a. Inn, FF Erlach, Rettungsdienst, E-Werk Simbach[\/vc_column_text][\/vc_column][\/vc_row][vc_row][vc_column][vc_empty_space height=&#8220;30&#8243;][\/vc_column][\/vc_row][vc_row][vc_column][vc_separator border_width=&#8220;4&#8243;][\/vc_column][\/vc_row][vc_row][vc_column][vc_empty_space height=&#8220;30&#8243;][\/vc_column][\/vc_row][vc_row equal_height=&#8220;yes&#8220; inverse=&#8220;&#8220; css=&#8220;.vc_custom_1534176358862{padding-bottom: 25px !important;}&#8220;][vc_column width=&#8220;1\/4&#8243;][vc_column_text]\n<p><strong>Einsatzbericht:<\/strong><\/p>\n[\/vc_column_text][\/vc_column][vc_column width=&#8220;3\/4&#8243;][vc_column_text]W\u00e4hrend wir gemeinsam mit den Stadtteilfeuerwehren die <a href=\"https:\/\/feuerwehr-simbach.de\/?einsatz=29-06-2021-zahlreiche-unwettereinsaetze\">Unwettereins\u00e4tze<\/a> abarbeiteten, wurden wir gegen 20.00 Uhr zu einem zeitkritischen Einsatz alarmiert. Hier handelte es sich um den Brand eines Sicherungskastens in der Karl-M\u00fchlhuber-Stra\u00dfe. Gemeinsam mit der Feuerwehr Erlach fuhren wir zur Einsatzstelle. Dort konnte bei der Erkundung ein rauchender Sicherungskasten festgestellt werden. Der betroffene Bereich wurde anschlie\u00dfend mit der W\u00e4rmebildkamera kontrolliert und durch das verst\u00e4ndigte E-Werk stromlos geschaltet. Nach kurzer Zeit konnten wir wieder abr\u00fccken und die restlichen Unwettereins\u00e4tze abarbeiten.[\/vc_column_text][\/vc_column][\/vc_row][vc_row][vc_column][vc_column_text]\n<p>&nbsp;<\/p>\n<div id=\"su_carousel_69f0905f2b2de\" class=\"su-carousel su-carousel-centered su-carousel-pages-no su-carousel-responsive-yes JLqJ4b ChMk0b su-lightbox-gallery\" style=\"width:100%\" data-autoplay=\"3000\" data-speed=\"2000\" data-mousewheel=\"true\" data-items=\"3\" data-scroll=\"1\"><div class=\"su-carousel-slides\"><div class=\"su-carousel-slide\"><a href=\"https:\/\/feuerwehr-simbach.de\/wp-content\/uploads\/2021\/06\/Brand-Sicherungskasten-1-e1625061301376.jpg\" title=\"2021.06.29 Brand eines Sicherungskastens (1)\"><img decoding=\"async\" src=\"https:\/\/feuerwehr-simbach.de\/wp-content\/uploads\/2021\/06\/Brand-Sicherungskasten-1-e1625061301376.jpg\" alt=\"2021.06.29 Brand eines Sicherungskastens (1)\" \/><\/a><\/div><div class=\"su-carousel-slide\"><a href=\"https:\/\/feuerwehr-simbach.de\/wp-content\/uploads\/2021\/06\/Brand-Sicherungskasten-2-e1625061309708.jpg\" title=\"2021.06.29 Brand eines Sicherungskastens (2)\"><img decoding=\"async\" src=\"https:\/\/feuerwehr-simbach.de\/wp-content\/uploads\/2021\/06\/Brand-Sicherungskasten-2-e1625061309708.jpg\" alt=\"2021.06.29 Brand eines Sicherungskastens (2)\" \/><\/a><\/div><div class=\"su-carousel-slide\"><a href=\"https:\/\/feuerwehr-simbach.de\/wp-content\/uploads\/2021\/06\/Brand-Sicherungskasten-3-e1625061318671.jpg\" title=\"2021.06.29 Brand eines Sicherungskastens (3)\"><img decoding=\"async\" src=\"https:\/\/feuerwehr-simbach.de\/wp-content\/uploads\/2021\/06\/Brand-Sicherungskasten-3-e1625061318671.jpg\" alt=\"2021.06.29 Brand eines Sicherungskastens (3)\" \/><\/a><\/div><div class=\"su-carousel-slide\"><a href=\"https:\/\/feuerwehr-simbach.de\/wp-content\/uploads\/2021\/06\/Brand-Sicherungskasten-4-e1625061327201.jpg\" title=\"2021.06.29 Brand eines Sicherungskastens (4)\"><img decoding=\"async\" src=\"https:\/\/feuerwehr-simbach.de\/wp-content\/uploads\/2021\/06\/Brand-Sicherungskasten-4-e1625061327201.jpg\" alt=\"2021.06.29 Brand eines Sicherungskastens (4)\" \/><\/a><\/div><div class=\"su-carousel-slide\"><a href=\"https:\/\/feuerwehr-simbach.de\/wp-content\/uploads\/2021\/06\/Brand-Sicherungskasten-5-e1625061335798.jpg\" title=\"2021.06.29 Brand eines Sicherungskastens (5)\"><img decoding=\"async\" src=\"https:\/\/feuerwehr-simbach.de\/wp-content\/uploads\/2021\/06\/Brand-Sicherungskasten-5-e1625061335798.jpg\" alt=\"2021.06.29 Brand eines Sicherungskastens (5)\" \/><\/a><\/div><div class=\"su-carousel-slide\"><a href=\"https:\/\/feuerwehr-simbach.de\/wp-content\/uploads\/2021\/06\/Brand-Sicherungskasten-6-e1625061355379.jpg\" title=\"2021.06.29 Brand eines Sicherungskastens (6)\"><img decoding=\"async\" src=\"https:\/\/feuerwehr-simbach.de\/wp-content\/uploads\/2021\/06\/Brand-Sicherungskasten-6-e1625061355379.jpg\" alt=\"2021.06.29 Brand eines Sicherungskastens (6)\" \/><\/a><\/div><\/div><div class=\"su-carousel-nav\"><div class=\"su-carousel-direction\"><span class=\"su-carousel-prev\"><\/span><span class=\"su-carousel-next\"><\/span><\/div><div class=\"su-carousel-pagination\"><\/div><\/div><\/div>\n<\/div>","protected":false},"author":22,"featured_media":14631,"template":"","meta":{"einsatz_weight":1,"footnotes":""},"categories":[162],"tags":[],"einsatzart":[],"fahrzeug":[],"exteinsatzmittel":[],"alarmierungsart":[],"evw_unit":[],"class_list":["post-14591","einsatz","type-einsatz","status-publish","has-post-thumbnail","hentry","category-einsaetze-2021"],"_links":{"self":[{"href":"https:\/\/feuerwehr-simbach.de\/index.php?rest_route=\/wp\/v2\/einsatz\/14591","targetHints":{"allow":["GET"]}}],"collection":[{"href":"https:\/\/feuerwehr-simbach.de\/index.php?rest_route=\/wp\/v2\/einsatz"}],"about":[{"href":"https:\/\/feuerwehr-simbach.de\/index.php?rest_route=\/wp\/v2\/types\/einsatz"}],"author":[{"embeddable":true,"href":"https:\/\/feuerwehr-simbach.de\/index.php?rest_route=\/wp\/v2\/users\/22"}],"version-history":[{"count":5,"href":"https:\/\/feuerwehr-simbach.de\/index.php?rest_route=\/wp\/v2\/einsatz\/14591\/revisions"}],"predecessor-version":[{"id":14642,"href":"https:\/\/feuerwehr-simbach.de\/index.php?rest_route=\/wp\/v2\/einsatz\/14591\/revisions\/14642"}],"wp:featuredmedia":[{"embeddable":true,"href":"https:\/\/feuerwehr-simbach.de\/index.php?rest_route=\/wp\/v2\/media\/14631"}],"wp:attachment":[{"href":"https:\/\/feuerwehr-simbach.de\/index.php?rest_route=%2Fwp%2Fv2%2Fmedia&parent=14591"}],"wp:term":[{"taxonomy":"category","embeddable":true,"href":"https:\/\/feuerwehr-simbach.de\/index.php?rest_route=%2Fwp%2Fv2%2Fcategories&post=14591"},{"taxonomy":"post_tag","embeddable":true,"href":"https:\/\/feuerwehr-simbach.de\/index.php?rest_route=%2Fwp%2Fv2%2Ftags&post=14591"},{"taxonomy":"einsatzart","embeddable":true,"href":"https:\/\/feuerwehr-simbach.de\/index.php?rest_route=%2Fwp%2Fv2%2Feinsatzart&post=14591"},{"taxonomy":"fahrzeug","embeddable":true,"href":"https:\/\/feuerwehr-simbach.de\/index.php?rest_route=%2Fwp%2Fv2%2Ffahrzeug&post=14591"},{"taxonomy":"exteinsatzmittel","embeddable":true,"href":"https:\/\/feuerwehr-simbach.de\/index.php?rest_route=%2Fwp%2Fv2%2Fexteinsatzmittel&post=14591"},{"taxonomy":"alarmierungsart","embeddable":true,"href":"https:\/\/feuerwehr-simbach.de\/index.php?rest_route=%2Fwp%2Fv2%2Falarmierungsart&post=14591"},{"taxonomy":"evw_unit","embeddable":true,"href":"https:\/\/feuerwehr-simbach.de\/index.php?rest_route=%2Fwp%2Fv2%2Fevw_unit&post=14591"}],"curies":[{"name":"wp","href":"https:\/\/api.w.org\/{rel}","templated":true}]}}

<div class="wpb-content-wrapper">[vc_row][vc_column][vc_empty_space height=&#8220;1&#8243;][/vc_column][/vc_row][vc_row equal_height=&#8220;yes&#8220; inverse=&#8220;&#8220; css=&#8220;.vc_custom_1545579889091{padding-bottom: 25px !important;background-color: #edf2ef !important;}&#8220;][vc_column width=&#8220;1/4&#8243;][vc_column_text]
<p><strong>Einsatzart:</strong></p>
[/vc_column_text][/vc_column][vc_column width=&#8220;3/4&#8243;][vc_column_text]Brandeinsatz[/vc_column_text][/vc_column][/vc_row][vc_row equal_height=&#8220;yes&#8220; inverse=&#8220;&#8220; css=&#8220;.vc_custom_1545579201718{padding-bottom: 25px !important;}&#8220;][vc_column width=&#8220;1/4&#8243;][vc_column_text]
<p><strong>Schlagwort:</strong></p>
[/vc_column_text][/vc_column][vc_column width=&#8220;3/4&#8243;][vc_column_text]Brand eines Sicherungskastens[/vc_column_text][/vc_column][/vc_row][vc_row equal_height=&#8220;yes&#8220; inverse=&#8220;&#8220; css=&#8220;.vc_custom_1545579190843{padding-bottom: 25px !important;background-color: #edf2ef !important;}&#8220;][vc_column width=&#8220;1/4&#8243;][vc_column_text]
<p><strong>Stichwort:</strong></p>
[/vc_column_text][/vc_column][vc_column width=&#8220;3/4&#8243;][vc_column_text]B Elektroanlage[/vc_column_text][/vc_column][/vc_row][vc_row equal_height=&#8220;yes&#8220; inverse=&#8220;&#8220; css=&#8220;.vc_custom_1545579201718{padding-bottom: 25px !important;}&#8220;][vc_column width=&#8220;1/4&#8243;][vc_column_text]
<p><strong>Einsatzort:</strong></p>
[/vc_column_text][/vc_column][vc_column width=&#8220;3/4&#8243;][vc_column_text]Simbach, Karl-Mühlhuber-Straße[/vc_column_text][/vc_column][/vc_row][vc_row equal_height=&#8220;yes&#8220; inverse=&#8220;&#8220; css=&#8220;.vc_custom_1545579210044{padding-bottom: 25px !important;background-color: #edf2ef !important;}&#8220;][vc_column width=&#8220;1/4&#8243;][vc_column_text]
<p><strong>Datum:</strong></p>
[/vc_column_text][/vc_column][vc_column width=&#8220;3/4&#8243;][vc_column_text]Dienstag, 29. Juni 2021[/vc_column_text][/vc_column][/vc_row][vc_row equal_height=&#8220;yes&#8220; inverse=&#8220;&#8220; css=&#8220;.vc_custom_1545579217081{padding-bottom: 25px !important;}&#8220;][vc_column width=&#8220;1/4&#8243;][vc_column_text]
<p><strong>Alarmierung (Schleife):</strong></p>
[/vc_column_text][/vc_column][vc_column width=&#8220;3/4&#8243;][vc_column_text]Vollalarm[/vc_column_text][/vc_column][/vc_row][vc_row equal_height=&#8220;yes&#8220; inverse=&#8220;&#8220; css=&#8220;.vc_custom_1545579225595{padding-bottom: 25px !important;background-color: #edf2ef !important;}&#8220;][vc_column width=&#8220;1/4&#8243;][vc_column_text]
<p><strong>E</strong><strong>ingesetzte</strong><strong> Kräfte:</strong></p>
[/vc_column_text][/vc_column][vc_column width=&#8220;3/4&#8243;][vc_column_text]FF Simbach a. Inn, FF Erlach, Rettungsdienst, E-Werk Simbach[/vc_column_text][/vc_column][/vc_row][vc_row][vc_column][vc_empty_space height=&#8220;30&#8243;][/vc_column][/vc_row][vc_row][vc_column][vc_separator border_width=&#8220;4&#8243;][/vc_column][/vc_row][vc_row][vc_column][vc_empty_space height=&#8220;30&#8243;][/vc_column][/vc_row][vc_row equal_height=&#8220;yes&#8220; inverse=&#8220;&#8220; css=&#8220;.vc_custom_1534176358862{padding-bottom: 25px !important;}&#8220;][vc_column width=&#8220;1/4&#8243;][vc_column_text]
<p><strong>Einsatzbericht:</strong></p>
[/vc_column_text][/vc_column][vc_column width=&#8220;3/4&#8243;][vc_column_text]Während wir gemeinsam mit den Stadtteilfeuerwehren die <a href="https://feuerwehr-simbach.de/?einsatz=29-06-2021-zahlreiche-unwettereinsaetze">Unwettereinsätze</a> abarbeiteten, wurden wir gegen 20.00 Uhr zu einem zeitkritischen Einsatz alarmiert. Hier handelte es sich um den Brand eines Sicherungskastens in der Karl-Mühlhuber-Straße. Gemeinsam mit der Feuerwehr Erlach fuhren wir zur Einsatzstelle. Dort konnte bei der Erkundung ein rauchender Sicherungskasten festgestellt werden. Der betroffene Bereich wurde anschließend mit der Wärmebildkamera kontrolliert und durch das verständigte E-Werk stromlos geschaltet. Nach kurzer Zeit konnten wir wieder abrücken und die restlichen Unwettereinsätze abarbeiten.[/vc_column_text][/vc_column][/vc_row][vc_row][vc_column][vc_column_text]
<p>&nbsp;</p>
<div id="su_carousel_69f0905f2b2de" class="su-carousel su-carousel-centered su-carousel-pages-no su-carousel-responsive-yes JLqJ4b ChMk0b su-lightbox-gallery" style="width:100%" data-autoplay="3000" data-speed="2000" data-mousewheel="true" data-items="3" data-scroll="1"><div class="su-carousel-slides"><div class="su-carousel-slide"><a href="https://feuerwehr-simbach.de/wp-content/uploads/2021/06/Brand-Sicherungskasten-1-e1625061301376.jpg" title="2021.06.29 Brand eines Sicherungskastens (1)"><img decoding="async" src="https://feuerwehr-simbach.de/wp-content/uploads/2021/06/Brand-Sicherungskasten-1-e1625061301376.jpg" alt="2021.06.29 Brand eines Sicherungskastens (1)" /></a></div><div class="su-carousel-slide"><a href="https://feuerwehr-simbach.de/wp-content/uploads/2021/06/Brand-Sicherungskasten-2-e1625061309708.jpg" title="2021.06.29 Brand eines Sicherungskastens (2)"><img decoding="async" src="https://feuerwehr-simbach.de/wp-content/uploads/2021/06/Brand-Sicherungskasten-2-e1625061309708.jpg" alt="2021.06.29 Brand eines Sicherungskastens (2)" /></a></div><div class="su-carousel-slide"><a href="https://feuerwehr-simbach.de/wp-content/uploads/2021/06/Brand-Sicherungskasten-3-e1625061318671.jpg" title="2021.06.29 Brand eines Sicherungskastens (3)"><img decoding="async" src="https://feuerwehr-simbach.de/wp-content/uploads/2021/06/Brand-Sicherungskasten-3-e1625061318671.jpg" alt="2021.06.29 Brand eines Sicherungskastens (3)" /></a></div><div class="su-carousel-slide"><a href="https://feuerwehr-simbach.de/wp-content/uploads/2021/06/Brand-Sicherungskasten-4-e1625061327201.jpg" title="2021.06.29 Brand eines Sicherungskastens (4)"><img decoding="async" src="https://feuerwehr-simbach.de/wp-content/uploads/2021/06/Brand-Sicherungskasten-4-e1625061327201.jpg" alt="2021.06.29 Brand eines Sicherungskastens (4)" /></a></div><div class="su-carousel-slide"><a href="https://feuerwehr-simbach.de/wp-content/uploads/2021/06/Brand-Sicherungskasten-5-e1625061335798.jpg" title="2021.06.29 Brand eines Sicherungskastens (5)"><img decoding="async" src="https://feuerwehr-simbach.de/wp-content/uploads/2021/06/Brand-Sicherungskasten-5-e1625061335798.jpg" alt="2021.06.29 Brand eines Sicherungskastens (5)" /></a></div><div class="su-carousel-slide"><a href="https://feuerwehr-simbach.de/wp-content/uploads/2021/06/Brand-Sicherungskasten-6-e1625061355379.jpg" title="2021.06.29 Brand eines Sicherungskastens (6)"><img decoding="async" src="https://feuerwehr-simbach.de/wp-content/uploads/2021/06/Brand-Sicherungskasten-6-e1625061355379.jpg" alt="2021.06.29 Brand eines Sicherungskastens (6)" /></a></div></div><div class="su-carousel-nav"><div class="su-carousel-direction"><span class="su-carousel-prev"></span><span class="su-carousel-next"></span></div><div class="su-carousel-pagination"></div></div></div>
</div>
