{"id":14646,"date":"2021-07-07T20:11:00","date_gmt":"2021-07-07T19:11:00","guid":{"rendered":"https:\/\/feuerwehr-simbach.de\/?post_type=einsatz&#038;p=14646"},"modified":"2024-02-25T14:34:23","modified_gmt":"2024-02-25T13:34:23","slug":"07-07-2021-ausgelaufener-kraftstoff","status":"publish","type":"einsatz","link":"https:\/\/feuerwehr-simbach.de\/?einsatz=07-07-2021-ausgelaufener-kraftstoff","title":{"rendered":"07.07.2021 &#8211; Stra\u00dfe reinigen &#8211; \u00d6lspur"},"content":{"rendered":"<div class=\"wpb-content-wrapper\">[vc_row][vc_column][vc_empty_space height=&#8220;1&#8243;][\/vc_column][\/vc_row][vc_row equal_height=&#8220;yes&#8220; inverse=&#8220;&#8220; css=&#8220;.vc_custom_1545579889091{padding-bottom: 25px !important;background-color: #edf2ef !important;}&#8220;][vc_column width=&#8220;1\/4&#8243;][vc_column_text]\n<p><strong>Einsatzart:<\/strong><\/p>\n[\/vc_column_text][\/vc_column][vc_column width=&#8220;3\/4&#8243;][vc_column_text]Technische Hilfeleistung[\/vc_column_text][\/vc_column][\/vc_row][vc_row equal_height=&#8220;yes&#8220; inverse=&#8220;&#8220; css=&#8220;.vc_custom_1545579201718{padding-bottom: 25px !important;}&#8220;][vc_column width=&#8220;1\/4&#8243;][vc_column_text]\n<p><strong>Schlagwort:<\/strong><\/p>\n[\/vc_column_text][\/vc_column][vc_column width=&#8220;3\/4&#8243;][vc_column_text]Stra\u00dfe reinigen &#8211; \u00d6lspur[\/vc_column_text][\/vc_column][\/vc_row][vc_row equal_height=&#8220;yes&#8220; inverse=&#8220;&#8220; css=&#8220;.vc_custom_1545579190843{padding-bottom: 25px !important;background-color: #edf2ef !important;}&#8220;][vc_column width=&#8220;1\/4&#8243;][vc_column_text]\n<p><strong>Stichwort:<\/strong><\/p>\n[\/vc_column_text][\/vc_column][vc_column width=&#8220;3\/4&#8243;][vc_column_text]THL 1[\/vc_column_text][\/vc_column][\/vc_row][vc_row equal_height=&#8220;yes&#8220; inverse=&#8220;&#8220; css=&#8220;.vc_custom_1545579201718{padding-bottom: 25px !important;}&#8220;][vc_column width=&#8220;1\/4&#8243;][vc_column_text]\n<p><strong>Einsatzort:<\/strong><\/p>\n[\/vc_column_text][\/vc_column][vc_column width=&#8220;3\/4&#8243;][vc_column_text]Simbach, n\u00f6rdliches Stadtgebiet[\/vc_column_text][\/vc_column][\/vc_row][vc_row equal_height=&#8220;yes&#8220; inverse=&#8220;&#8220; css=&#8220;.vc_custom_1545579210044{padding-bottom: 25px !important;background-color: #edf2ef !important;}&#8220;][vc_column width=&#8220;1\/4&#8243;][vc_column_text]\n<p><strong>Datum:<\/strong><\/p>\n[\/vc_column_text][\/vc_column][vc_column width=&#8220;3\/4&#8243;][vc_column_text]Mittwoch, 07. Juli 2021[\/vc_column_text][\/vc_column][\/vc_row][vc_row equal_height=&#8220;yes&#8220; inverse=&#8220;&#8220; css=&#8220;.vc_custom_1545579217081{padding-bottom: 25px !important;}&#8220;][vc_column width=&#8220;1\/4&#8243;][vc_column_text]\n<p><strong>Alarmierung (Schleife):<\/strong><\/p>\n[\/vc_column_text][\/vc_column][vc_column width=&#8220;3\/4&#8243;][vc_column_text]Tagalarm[\/vc_column_text][\/vc_column][\/vc_row][vc_row equal_height=&#8220;yes&#8220; inverse=&#8220;&#8220; css=&#8220;.vc_custom_1545579225595{padding-bottom: 25px !important;background-color: #edf2ef !important;}&#8220;][vc_column width=&#8220;1\/4&#8243;][vc_column_text]\n<p><strong>E<\/strong><strong>ingesetzte<\/strong><strong> Kr\u00e4fte:<\/strong><\/p>\n[\/vc_column_text][\/vc_column][vc_column width=&#8220;3\/4&#8243;][vc_column_text]FF Simbach a. Inn, Bauhof Simbach a. Inn[\/vc_column_text][\/vc_column][\/vc_row][vc_row][vc_column][vc_empty_space height=&#8220;30&#8243;][\/vc_column][\/vc_row][vc_row][vc_column][vc_separator border_width=&#8220;4&#8243;][\/vc_column][\/vc_row][vc_row][vc_column][vc_empty_space height=&#8220;30&#8243;][\/vc_column][\/vc_row][vc_row equal_height=&#8220;yes&#8220; inverse=&#8220;&#8220; css=&#8220;.vc_custom_1534176358862{padding-bottom: 25px !important;}&#8220;][vc_column width=&#8220;1\/4&#8243;][vc_column_text]\n<p><strong>Einsatzbericht:<\/strong><\/p>\n[\/vc_column_text][\/vc_column][vc_column width=&#8220;3\/4&#8243;][vc_column_text]Am Mittwoch gegen 14.15 Uhr wurden wir durch den st\u00e4dtischen Bauhof zu einer \u00d6lspur angefordert. Diese zog sich vom Feuerwehrhaus in der Jakob-Weindler-Stra\u00dfe \u00fcber die Kirchberger Stra\u00dfe und das Schulzentrum bis hin zum Jugendferiendorf. In Zusammenarbeit mit dem Bauhof streuten wir Bindemittel auf das ausgelaufene Diesel, ehe die Kehrmaschine das Gemisch aufnahm. Nach knapp zwei Stunden waren die Stra\u00dfen gereinigt und entsprechend beschildert, weshalb wir wieder einr\u00fccken konnten.[\/vc_column_text][\/vc_column][\/vc_row][vc_row][vc_column][vc_column_text]\n<p>&nbsp;<\/p>\n<p>&nbsp;<\/p>\n<div id=\"su_carousel_69f09287e8218\" class=\"su-carousel su-carousel-centered su-carousel-pages-no su-carousel-responsive-yes JLqJ4b ChMk0b su-lightbox-gallery\" style=\"width:100%\" data-autoplay=\"3000\" data-speed=\"2000\" data-mousewheel=\"true\" data-items=\"3\" data-scroll=\"1\"><div class=\"su-carousel-slides\"><div class=\"su-carousel-slide\"><a href=\"https:\/\/feuerwehr-simbach.de\/wp-content\/uploads\/2021\/07\/Ausgelaufener-Kraftstoff-07.07.2021-1-e1625681777280.jpg\" title=\"2021.07.07 Ausgelaufener Kraftstoff (1)\"><img decoding=\"async\" src=\"https:\/\/feuerwehr-simbach.de\/wp-content\/uploads\/2021\/07\/Ausgelaufener-Kraftstoff-07.07.2021-1-e1625681777280.jpg\" alt=\"2021.07.07 Ausgelaufener Kraftstoff (1)\" \/><\/a><\/div><div class=\"su-carousel-slide\"><a href=\"https:\/\/feuerwehr-simbach.de\/wp-content\/uploads\/2021\/07\/Ausgelaufener-Kraftstoff-07.07.2021-2-e1625681786875.jpg\" title=\"2021.07.07 Ausgelaufener Kraftstoff (2)\"><img decoding=\"async\" src=\"https:\/\/feuerwehr-simbach.de\/wp-content\/uploads\/2021\/07\/Ausgelaufener-Kraftstoff-07.07.2021-2-e1625681786875.jpg\" alt=\"2021.07.07 Ausgelaufener Kraftstoff (2)\" \/><\/a><\/div><div class=\"su-carousel-slide\"><a href=\"https:\/\/feuerwehr-simbach.de\/wp-content\/uploads\/2021\/07\/Ausgelaufener-Kraftstoff-07.07.2021-3-e1625681794828.jpg\" title=\"2021.07.07 Ausgelaufener Kraftstoff (3)\"><img decoding=\"async\" src=\"https:\/\/feuerwehr-simbach.de\/wp-content\/uploads\/2021\/07\/Ausgelaufener-Kraftstoff-07.07.2021-3-e1625681794828.jpg\" alt=\"2021.07.07 Ausgelaufener Kraftstoff (3)\" \/><\/a><\/div><div class=\"su-carousel-slide\"><a href=\"https:\/\/feuerwehr-simbach.de\/wp-content\/uploads\/2021\/07\/Ausgelaufener-Kraftstoff-07.07.2021-4-e1625681802568.jpg\" title=\"2021.07.07 Ausgelaufener Kraftstoff (4)\"><img decoding=\"async\" src=\"https:\/\/feuerwehr-simbach.de\/wp-content\/uploads\/2021\/07\/Ausgelaufener-Kraftstoff-07.07.2021-4-e1625681802568.jpg\" alt=\"2021.07.07 Ausgelaufener Kraftstoff (4)\" \/><\/a><\/div><div class=\"su-carousel-slide\"><a href=\"https:\/\/feuerwehr-simbach.de\/wp-content\/uploads\/2021\/07\/Ausgelaufener-Kraftstoff-07.07.2021-5-e1625681811197.jpg\" title=\"2021.07.07 Ausgelaufener Kraftstoff (5)\"><img decoding=\"async\" src=\"https:\/\/feuerwehr-simbach.de\/wp-content\/uploads\/2021\/07\/Ausgelaufener-Kraftstoff-07.07.2021-5-e1625681811197.jpg\" alt=\"2021.07.07 Ausgelaufener Kraftstoff (5)\" \/><\/a><\/div><div class=\"su-carousel-slide\"><a href=\"https:\/\/feuerwehr-simbach.de\/wp-content\/uploads\/2021\/07\/Ausgelaufener-Kraftstoff-07.07.2021-6-e1625681820522.jpg\" title=\"2021.07.07 Ausgelaufener Kraftstoff (6)\"><img decoding=\"async\" src=\"https:\/\/feuerwehr-simbach.de\/wp-content\/uploads\/2021\/07\/Ausgelaufener-Kraftstoff-07.07.2021-6-e1625681820522.jpg\" alt=\"2021.07.07 Ausgelaufener Kraftstoff (6)\" \/><\/a><\/div><div class=\"su-carousel-slide\"><a href=\"https:\/\/feuerwehr-simbach.de\/wp-content\/uploads\/2021\/07\/Ausgelaufener-Kraftstoff-07.07.2021-7-e1625681829399.jpg\" title=\"2021.07.07 Ausgelaufener Kraftstoff (7)\"><img decoding=\"async\" src=\"https:\/\/feuerwehr-simbach.de\/wp-content\/uploads\/2021\/07\/Ausgelaufener-Kraftstoff-07.07.2021-7-e1625681829399.jpg\" alt=\"2021.07.07 Ausgelaufener Kraftstoff (7)\" \/><\/a><\/div><\/div><div class=\"su-carousel-nav\"><div class=\"su-carousel-direction\"><span class=\"su-carousel-prev\"><\/span><span class=\"su-carousel-next\"><\/span><\/div><div class=\"su-carousel-pagination\"><\/div><\/div><\/div>\n<\/div>","protected":false},"author":22,"featured_media":14651,"template":"","meta":{"einsatz_weight":1,"footnotes":""},"categories":[162],"tags":[],"einsatzart":[],"fahrzeug":[],"exteinsatzmittel":[],"alarmierungsart":[],"evw_unit":[],"class_list":["post-14646","einsatz","type-einsatz","status-publish","has-post-thumbnail","hentry","category-einsaetze-2021"],"_links":{"self":[{"href":"https:\/\/feuerwehr-simbach.de\/index.php?rest_route=\/wp\/v2\/einsatz\/14646","targetHints":{"allow":["GET"]}}],"collection":[{"href":"https:\/\/feuerwehr-simbach.de\/index.php?rest_route=\/wp\/v2\/einsatz"}],"about":[{"href":"https:\/\/feuerwehr-simbach.de\/index.php?rest_route=\/wp\/v2\/types\/einsatz"}],"author":[{"embeddable":true,"href":"https:\/\/feuerwehr-simbach.de\/index.php?rest_route=\/wp\/v2\/users\/22"}],"version-history":[{"count":4,"href":"https:\/\/feuerwehr-simbach.de\/index.php?rest_route=\/wp\/v2\/einsatz\/14646\/revisions"}],"predecessor-version":[{"id":20991,"href":"https:\/\/feuerwehr-simbach.de\/index.php?rest_route=\/wp\/v2\/einsatz\/14646\/revisions\/20991"}],"wp:featuredmedia":[{"embeddable":true,"href":"https:\/\/feuerwehr-simbach.de\/index.php?rest_route=\/wp\/v2\/media\/14651"}],"wp:attachment":[{"href":"https:\/\/feuerwehr-simbach.de\/index.php?rest_route=%2Fwp%2Fv2%2Fmedia&parent=14646"}],"wp:term":[{"taxonomy":"category","embeddable":true,"href":"https:\/\/feuerwehr-simbach.de\/index.php?rest_route=%2Fwp%2Fv2%2Fcategories&post=14646"},{"taxonomy":"post_tag","embeddable":true,"href":"https:\/\/feuerwehr-simbach.de\/index.php?rest_route=%2Fwp%2Fv2%2Ftags&post=14646"},{"taxonomy":"einsatzart","embeddable":true,"href":"https:\/\/feuerwehr-simbach.de\/index.php?rest_route=%2Fwp%2Fv2%2Feinsatzart&post=14646"},{"taxonomy":"fahrzeug","embeddable":true,"href":"https:\/\/feuerwehr-simbach.de\/index.php?rest_route=%2Fwp%2Fv2%2Ffahrzeug&post=14646"},{"taxonomy":"exteinsatzmittel","embeddable":true,"href":"https:\/\/feuerwehr-simbach.de\/index.php?rest_route=%2Fwp%2Fv2%2Fexteinsatzmittel&post=14646"},{"taxonomy":"alarmierungsart","embeddable":true,"href":"https:\/\/feuerwehr-simbach.de\/index.php?rest_route=%2Fwp%2Fv2%2Falarmierungsart&post=14646"},{"taxonomy":"evw_unit","embeddable":true,"href":"https:\/\/feuerwehr-simbach.de\/index.php?rest_route=%2Fwp%2Fv2%2Fevw_unit&post=14646"}],"curies":[{"name":"wp","href":"https:\/\/api.w.org\/{rel}","templated":true}]}}

07.07.2021 &#8211; Straße reinigen &#8211; Ölspur

<div class="wpb-content-wrapper">[vc_row][vc_column][vc_empty_space height=&#8220;1&#8243;][/vc_column][/vc_row][vc_row equal_height=&#8220;yes&#8220; inverse=&#8220;&#8220; css=&#8220;.vc_custom_1545579889091{padding-bottom: 25px !important;background-color: #edf2ef !important;}&#8220;][vc_column width=&#8220;1/4&#8243;][vc_column_text]
<p><strong>Einsatzart:</strong></p>
[/vc_column_text][/vc_column][vc_column width=&#8220;3/4&#8243;][vc_column_text]Technische Hilfeleistung[/vc_column_text][/vc_column][/vc_row][vc_row equal_height=&#8220;yes&#8220; inverse=&#8220;&#8220; css=&#8220;.vc_custom_1545579201718{padding-bottom: 25px !important;}&#8220;][vc_column width=&#8220;1/4&#8243;][vc_column_text]
<p><strong>Schlagwort:</strong></p>
[/vc_column_text][/vc_column][vc_column width=&#8220;3/4&#8243;][vc_column_text]Straße reinigen &#8211; Ölspur[/vc_column_text][/vc_column][/vc_row][vc_row equal_height=&#8220;yes&#8220; inverse=&#8220;&#8220; css=&#8220;.vc_custom_1545579190843{padding-bottom: 25px !important;background-color: #edf2ef !important;}&#8220;][vc_column width=&#8220;1/4&#8243;][vc_column_text]
<p><strong>Stichwort:</strong></p>
[/vc_column_text][/vc_column][vc_column width=&#8220;3/4&#8243;][vc_column_text]THL 1[/vc_column_text][/vc_column][/vc_row][vc_row equal_height=&#8220;yes&#8220; inverse=&#8220;&#8220; css=&#8220;.vc_custom_1545579201718{padding-bottom: 25px !important;}&#8220;][vc_column width=&#8220;1/4&#8243;][vc_column_text]
<p><strong>Einsatzort:</strong></p>
[/vc_column_text][/vc_column][vc_column width=&#8220;3/4&#8243;][vc_column_text]Simbach, nördliches Stadtgebiet[/vc_column_text][/vc_column][/vc_row][vc_row equal_height=&#8220;yes&#8220; inverse=&#8220;&#8220; css=&#8220;.vc_custom_1545579210044{padding-bottom: 25px !important;background-color: #edf2ef !important;}&#8220;][vc_column width=&#8220;1/4&#8243;][vc_column_text]
<p><strong>Datum:</strong></p>
[/vc_column_text][/vc_column][vc_column width=&#8220;3/4&#8243;][vc_column_text]Mittwoch, 07. Juli 2021[/vc_column_text][/vc_column][/vc_row][vc_row equal_height=&#8220;yes&#8220; inverse=&#8220;&#8220; css=&#8220;.vc_custom_1545579217081{padding-bottom: 25px !important;}&#8220;][vc_column width=&#8220;1/4&#8243;][vc_column_text]
<p><strong>Alarmierung (Schleife):</strong></p>
[/vc_column_text][/vc_column][vc_column width=&#8220;3/4&#8243;][vc_column_text]Tagalarm[/vc_column_text][/vc_column][/vc_row][vc_row equal_height=&#8220;yes&#8220; inverse=&#8220;&#8220; css=&#8220;.vc_custom_1545579225595{padding-bottom: 25px !important;background-color: #edf2ef !important;}&#8220;][vc_column width=&#8220;1/4&#8243;][vc_column_text]
<p><strong>E</strong><strong>ingesetzte</strong><strong> Kräfte:</strong></p>
[/vc_column_text][/vc_column][vc_column width=&#8220;3/4&#8243;][vc_column_text]FF Simbach a. Inn, Bauhof Simbach a. Inn[/vc_column_text][/vc_column][/vc_row][vc_row][vc_column][vc_empty_space height=&#8220;30&#8243;][/vc_column][/vc_row][vc_row][vc_column][vc_separator border_width=&#8220;4&#8243;][/vc_column][/vc_row][vc_row][vc_column][vc_empty_space height=&#8220;30&#8243;][/vc_column][/vc_row][vc_row equal_height=&#8220;yes&#8220; inverse=&#8220;&#8220; css=&#8220;.vc_custom_1534176358862{padding-bottom: 25px !important;}&#8220;][vc_column width=&#8220;1/4&#8243;][vc_column_text]
<p><strong>Einsatzbericht:</strong></p>
[/vc_column_text][/vc_column][vc_column width=&#8220;3/4&#8243;][vc_column_text]Am Mittwoch gegen 14.15 Uhr wurden wir durch den städtischen Bauhof zu einer Ölspur angefordert. Diese zog sich vom Feuerwehrhaus in der Jakob-Weindler-Straße über die Kirchberger Straße und das Schulzentrum bis hin zum Jugendferiendorf. In Zusammenarbeit mit dem Bauhof streuten wir Bindemittel auf das ausgelaufene Diesel, ehe die Kehrmaschine das Gemisch aufnahm. Nach knapp zwei Stunden waren die Straßen gereinigt und entsprechend beschildert, weshalb wir wieder einrücken konnten.[/vc_column_text][/vc_column][/vc_row][vc_row][vc_column][vc_column_text]
<p>&nbsp;</p>
<p>&nbsp;</p>
<div id="su_carousel_69f09287e8218" class="su-carousel su-carousel-centered su-carousel-pages-no su-carousel-responsive-yes JLqJ4b ChMk0b su-lightbox-gallery" style="width:100%" data-autoplay="3000" data-speed="2000" data-mousewheel="true" data-items="3" data-scroll="1"><div class="su-carousel-slides"><div class="su-carousel-slide"><a href="https://feuerwehr-simbach.de/wp-content/uploads/2021/07/Ausgelaufener-Kraftstoff-07.07.2021-1-e1625681777280.jpg" title="2021.07.07 Ausgelaufener Kraftstoff (1)"><img decoding="async" src="https://feuerwehr-simbach.de/wp-content/uploads/2021/07/Ausgelaufener-Kraftstoff-07.07.2021-1-e1625681777280.jpg" alt="2021.07.07 Ausgelaufener Kraftstoff (1)" /></a></div><div class="su-carousel-slide"><a href="https://feuerwehr-simbach.de/wp-content/uploads/2021/07/Ausgelaufener-Kraftstoff-07.07.2021-2-e1625681786875.jpg" title="2021.07.07 Ausgelaufener Kraftstoff (2)"><img decoding="async" src="https://feuerwehr-simbach.de/wp-content/uploads/2021/07/Ausgelaufener-Kraftstoff-07.07.2021-2-e1625681786875.jpg" alt="2021.07.07 Ausgelaufener Kraftstoff (2)" /></a></div><div class="su-carousel-slide"><a href="https://feuerwehr-simbach.de/wp-content/uploads/2021/07/Ausgelaufener-Kraftstoff-07.07.2021-3-e1625681794828.jpg" title="2021.07.07 Ausgelaufener Kraftstoff (3)"><img decoding="async" src="https://feuerwehr-simbach.de/wp-content/uploads/2021/07/Ausgelaufener-Kraftstoff-07.07.2021-3-e1625681794828.jpg" alt="2021.07.07 Ausgelaufener Kraftstoff (3)" /></a></div><div class="su-carousel-slide"><a href="https://feuerwehr-simbach.de/wp-content/uploads/2021/07/Ausgelaufener-Kraftstoff-07.07.2021-4-e1625681802568.jpg" title="2021.07.07 Ausgelaufener Kraftstoff (4)"><img decoding="async" src="https://feuerwehr-simbach.de/wp-content/uploads/2021/07/Ausgelaufener-Kraftstoff-07.07.2021-4-e1625681802568.jpg" alt="2021.07.07 Ausgelaufener Kraftstoff (4)" /></a></div><div class="su-carousel-slide"><a href="https://feuerwehr-simbach.de/wp-content/uploads/2021/07/Ausgelaufener-Kraftstoff-07.07.2021-5-e1625681811197.jpg" title="2021.07.07 Ausgelaufener Kraftstoff (5)"><img decoding="async" src="https://feuerwehr-simbach.de/wp-content/uploads/2021/07/Ausgelaufener-Kraftstoff-07.07.2021-5-e1625681811197.jpg" alt="2021.07.07 Ausgelaufener Kraftstoff (5)" /></a></div><div class="su-carousel-slide"><a href="https://feuerwehr-simbach.de/wp-content/uploads/2021/07/Ausgelaufener-Kraftstoff-07.07.2021-6-e1625681820522.jpg" title="2021.07.07 Ausgelaufener Kraftstoff (6)"><img decoding="async" src="https://feuerwehr-simbach.de/wp-content/uploads/2021/07/Ausgelaufener-Kraftstoff-07.07.2021-6-e1625681820522.jpg" alt="2021.07.07 Ausgelaufener Kraftstoff (6)" /></a></div><div class="su-carousel-slide"><a href="https://feuerwehr-simbach.de/wp-content/uploads/2021/07/Ausgelaufener-Kraftstoff-07.07.2021-7-e1625681829399.jpg" title="2021.07.07 Ausgelaufener Kraftstoff (7)"><img decoding="async" src="https://feuerwehr-simbach.de/wp-content/uploads/2021/07/Ausgelaufener-Kraftstoff-07.07.2021-7-e1625681829399.jpg" alt="2021.07.07 Ausgelaufener Kraftstoff (7)" /></a></div></div><div class="su-carousel-nav"><div class="su-carousel-direction"><span class="su-carousel-prev"></span><span class="su-carousel-next"></span></div><div class="su-carousel-pagination"></div></div></div>
</div>
