{"id":14659,"date":"2021-07-08T19:26:00","date_gmt":"2021-07-08T18:26:00","guid":{"rendered":"https:\/\/feuerwehr-simbach.de\/?post_type=einsatz&#038;p=14659"},"modified":"2024-02-25T15:00:05","modified_gmt":"2024-02-25T14:00:05","slug":"08-07-2021-anforderung-oelwehrzug","status":"publish","type":"einsatz","link":"https:\/\/feuerwehr-simbach.de\/?einsatz=08-07-2021-anforderung-oelwehrzug","title":{"rendered":"08.07.2021 &#8211; \u00d6l in Keller: Anforderung \u00d6lwehrzug"},"content":{"rendered":"<div class=\"wpb-content-wrapper\">[vc_row][vc_column][vc_empty_space height=&#8220;1&#8243;][\/vc_column][\/vc_row][vc_row equal_height=&#8220;yes&#8220; inverse=&#8220;&#8220; css=&#8220;.vc_custom_1545579889091{padding-bottom: 25px !important;background-color: #edf2ef !important;}&#8220;][vc_column width=&#8220;1\/4&#8243;][vc_column_text]\n<p><strong>Einsatzart:<\/strong><\/p>\n[\/vc_column_text][\/vc_column][vc_column width=&#8220;3\/4&#8243;][vc_column_text]Technische Hilfeleistung \/ ABC[\/vc_column_text][\/vc_column][\/vc_row][vc_row equal_height=&#8220;yes&#8220; inverse=&#8220;&#8220; css=&#8220;.vc_custom_1545579201718{padding-bottom: 25px !important;}&#8220;][vc_column width=&#8220;1\/4&#8243;][vc_column_text]\n<p><strong>Schlagwort:<\/strong><\/p>\n[\/vc_column_text][\/vc_column][vc_column width=&#8220;3\/4&#8243;][vc_column_text]\u00d6l in Keller: Anforderung \u00d6lwehrzug[\/vc_column_text][\/vc_column][\/vc_row][vc_row equal_height=&#8220;yes&#8220; inverse=&#8220;&#8220; css=&#8220;.vc_custom_1545579190843{padding-bottom: 25px !important;background-color: #edf2ef !important;}&#8220;][vc_column width=&#8220;1\/4&#8243;][vc_column_text]\n<p><strong>Stichwort:<\/strong><\/p>\n[\/vc_column_text][\/vc_column][vc_column width=&#8220;3\/4&#8243;][vc_column_text]Einsatz- und Abschnittsleitung (Abschnittsf\u00fchrungsstelle)[\/vc_column_text][\/vc_column][\/vc_row][vc_row equal_height=&#8220;yes&#8220; inverse=&#8220;&#8220; css=&#8220;.vc_custom_1545579201718{padding-bottom: 25px !important;}&#8220;][vc_column width=&#8220;1\/4&#8243;][vc_column_text]\n<p><strong>Einsatzort:<\/strong><\/p>\n[\/vc_column_text][\/vc_column][vc_column width=&#8220;3\/4&#8243;][vc_column_text]Bad Birnbach, Schulstra\u00dfe[\/vc_column_text][\/vc_column][\/vc_row][vc_row equal_height=&#8220;yes&#8220; inverse=&#8220;&#8220; css=&#8220;.vc_custom_1545579210044{padding-bottom: 25px !important;background-color: #edf2ef !important;}&#8220;][vc_column width=&#8220;1\/4&#8243;][vc_column_text]\n<p><strong>Datum:<\/strong><\/p>\n[\/vc_column_text][\/vc_column][vc_column width=&#8220;3\/4&#8243;][vc_column_text]Donnerstag, 8. Juli 2021[\/vc_column_text][\/vc_column][\/vc_row][vc_row equal_height=&#8220;yes&#8220; inverse=&#8220;&#8220; css=&#8220;.vc_custom_1545579217081{padding-bottom: 25px !important;}&#8220;][vc_column width=&#8220;1\/4&#8243;][vc_column_text]\n<p><strong>Alarmierung (Schleife):<\/strong><\/p>\n[\/vc_column_text][\/vc_column][vc_column width=&#8220;3\/4&#8243;][vc_column_text]Vollalarm[\/vc_column_text][\/vc_column][\/vc_row][vc_row equal_height=&#8220;yes&#8220; inverse=&#8220;&#8220; css=&#8220;.vc_custom_1545579225595{padding-bottom: 25px !important;background-color: #edf2ef !important;}&#8220;][vc_column width=&#8220;1\/4&#8243;][vc_column_text]\n<p><strong>E<\/strong><strong>ingesetzte<\/strong><strong> Kr\u00e4fte:<\/strong><\/p>\n[\/vc_column_text][\/vc_column][vc_column width=&#8220;3\/4&#8243;][vc_column_text]FF Simbach a. Inn, FF Tann, FF Kirchdorf a. Inn, FF Bad Birnbach, KBM 1\/3[\/vc_column_text][\/vc_column][\/vc_row][vc_row][vc_column][vc_empty_space height=&#8220;30&#8243;][\/vc_column][\/vc_row][vc_row][vc_column][vc_separator border_width=&#8220;4&#8243;][\/vc_column][\/vc_row][vc_row][vc_column][vc_empty_space height=&#8220;30&#8243;][\/vc_column][\/vc_row][vc_row equal_height=&#8220;yes&#8220; inverse=&#8220;&#8220; css=&#8220;.vc_custom_1534176358862{padding-bottom: 25px !important;}&#8220;][vc_column width=&#8220;1\/4&#8243;][vc_column_text]\n<p><strong>Einsatzbericht:<\/strong><\/p>\n[\/vc_column_text][\/vc_column][vc_column width=&#8220;3\/4&#8243;][vc_column_text]<span class=\"s1\">Am sp\u00e4ten Donnerstagnachmittag kam es \u00fcber Bad Birnbach zu einem heftigen Unwetter, welches zu einer Vielzahl von Eins\u00e4tzen f\u00fchrte. Zur Koordinierung dieser Eins\u00e4tze wurde auch die Abschnittsf\u00fchrungsstelle Bad Birnbach alarmiert. Zahlreiche Feuerwehren k\u00fcmmerten sich anschlie\u00dfend um die Abarbeitung dieser Eins\u00e4tze. Da sich in\u00a0<\/span><span class=\"s1\">einem Keller in der Schulstra\u00dfe das hineingeflossene Wasser mit dort gelagertem Motor\u00f6l vermischte, wurde gegen 18.45 Uhr der bei uns stationierte \u00d6lwehrzug zusammen mit dem MZF der Feuerwehr Tann als F\u00fchrungsunterst\u00fctzung und dem bereits in Bad Birnbach befindlichen V-LKW der Feuerwehr Kirchdorf alarmiert. An der Einsatzstelle wurde das \u00d6l-Wasser-Gemisch in IBC-Container gepumpt und dort zwischengelagert. Nach etwa drei Stunden wurden wir durch die Feuerwehr Bad Birnbach abgel\u00f6st, die die Restmenge an Wasser mit Wassersaugern aus dem Keller entfernte. Somit konnten wir wieder in unser Ger\u00e4tehaus einr\u00fccken.<\/span>[\/vc_column_text][\/vc_column][\/vc_row][vc_row][vc_column][vc_column_text]\n<p>&nbsp;<\/p>\n<p>&nbsp;<\/p>\n<div id=\"su_carousel_69f0910889b33\" class=\"su-carousel su-carousel-centered su-carousel-pages-no su-carousel-responsive-yes JLqJ4b ChMk0b su-lightbox-gallery\" style=\"width:100%\" data-autoplay=\"3000\" data-speed=\"2000\" data-mousewheel=\"true\" data-items=\"3\" data-scroll=\"1\"><div class=\"su-carousel-slides\"><div class=\"su-carousel-slide\"><a href=\"https:\/\/feuerwehr-simbach.de\/wp-content\/uploads\/2021\/07\/Oel-in-Keller-08.07.2021-1-e1625826605394.jpg\" title=\"2021.07.08 \u00d6l in Keller (1)\"><img decoding=\"async\" src=\"https:\/\/feuerwehr-simbach.de\/wp-content\/uploads\/2021\/07\/Oel-in-Keller-08.07.2021-1-e1625826605394.jpg\" alt=\"2021.07.08 \u00d6l in Keller (1)\" \/><\/a><\/div><div class=\"su-carousel-slide\"><a href=\"https:\/\/feuerwehr-simbach.de\/wp-content\/uploads\/2021\/07\/Oel-in-Keller-08.07.2021-2-e1625826671448.jpg\" title=\"2021.07.08 \u00d6l in Keller (2)\"><img decoding=\"async\" src=\"https:\/\/feuerwehr-simbach.de\/wp-content\/uploads\/2021\/07\/Oel-in-Keller-08.07.2021-2-e1625826671448.jpg\" alt=\"2021.07.08 \u00d6l in Keller (2)\" \/><\/a><\/div><div class=\"su-carousel-slide\"><a href=\"https:\/\/feuerwehr-simbach.de\/wp-content\/uploads\/2021\/07\/Oel-in-Keller-08.07.2021-3-e1625826613100.jpg\" title=\"2021.07.08 \u00d6l in Keller (3)\"><img decoding=\"async\" src=\"https:\/\/feuerwehr-simbach.de\/wp-content\/uploads\/2021\/07\/Oel-in-Keller-08.07.2021-3-e1625826613100.jpg\" alt=\"2021.07.08 \u00d6l in Keller (3)\" \/><\/a><\/div><div class=\"su-carousel-slide\"><a href=\"https:\/\/feuerwehr-simbach.de\/wp-content\/uploads\/2021\/07\/Oel-in-Keller-08.07.2021-4-e1625826622489.jpg\" title=\"2021.07.08 \u00d6l in Keller (4)\"><img decoding=\"async\" src=\"https:\/\/feuerwehr-simbach.de\/wp-content\/uploads\/2021\/07\/Oel-in-Keller-08.07.2021-4-e1625826622489.jpg\" alt=\"2021.07.08 \u00d6l in Keller (4)\" \/><\/a><\/div><div class=\"su-carousel-slide\"><a href=\"https:\/\/feuerwehr-simbach.de\/wp-content\/uploads\/2021\/07\/Oel-in-Keller-08.07.2021-5-e1625826630865.jpg\" title=\"2021.07.08 \u00d6l in Keller (5)\"><img decoding=\"async\" src=\"https:\/\/feuerwehr-simbach.de\/wp-content\/uploads\/2021\/07\/Oel-in-Keller-08.07.2021-5-e1625826630865.jpg\" alt=\"2021.07.08 \u00d6l in Keller (5)\" \/><\/a><\/div><div class=\"su-carousel-slide\"><a href=\"https:\/\/feuerwehr-simbach.de\/wp-content\/uploads\/2021\/07\/Oel-in-Keller-08.07.2021-6-e1625826639879.jpg\" title=\"2021.07.08 \u00d6l in Keller (6)\"><img decoding=\"async\" src=\"https:\/\/feuerwehr-simbach.de\/wp-content\/uploads\/2021\/07\/Oel-in-Keller-08.07.2021-6-e1625826639879.jpg\" alt=\"2021.07.08 \u00d6l in Keller (6)\" \/><\/a><\/div><div class=\"su-carousel-slide\"><a href=\"https:\/\/feuerwehr-simbach.de\/wp-content\/uploads\/2021\/07\/Oel-in-Keller-08.07.2021-7-e1625826650768.jpg\" title=\"2021.07.08 \u00d6l in Keller (7)\"><img decoding=\"async\" src=\"https:\/\/feuerwehr-simbach.de\/wp-content\/uploads\/2021\/07\/Oel-in-Keller-08.07.2021-7-e1625826650768.jpg\" alt=\"2021.07.08 \u00d6l in Keller (7)\" \/><\/a><\/div><div class=\"su-carousel-slide\"><a href=\"https:\/\/feuerwehr-simbach.de\/wp-content\/uploads\/2021\/07\/Oel-in-Keller-08.07.2021-8-e1625826658684.jpg\" title=\"2021.07.08 \u00d6l in Keller (8)\"><img decoding=\"async\" src=\"https:\/\/feuerwehr-simbach.de\/wp-content\/uploads\/2021\/07\/Oel-in-Keller-08.07.2021-8-e1625826658684.jpg\" alt=\"2021.07.08 \u00d6l in Keller (8)\" \/><\/a><\/div><\/div><div class=\"su-carousel-nav\"><div class=\"su-carousel-direction\"><span class=\"su-carousel-prev\"><\/span><span class=\"su-carousel-next\"><\/span><\/div><div class=\"su-carousel-pagination\"><\/div><\/div><\/div>\n<\/div>","protected":false},"author":11,"featured_media":14678,"template":"","meta":{"einsatz_weight":1,"footnotes":""},"categories":[162],"tags":[],"einsatzart":[],"fahrzeug":[],"exteinsatzmittel":[],"alarmierungsart":[],"evw_unit":[],"class_list":["post-14659","einsatz","type-einsatz","status-publish","has-post-thumbnail","hentry","category-einsaetze-2021"],"_links":{"self":[{"href":"https:\/\/feuerwehr-simbach.de\/index.php?rest_route=\/wp\/v2\/einsatz\/14659","targetHints":{"allow":["GET"]}}],"collection":[{"href":"https:\/\/feuerwehr-simbach.de\/index.php?rest_route=\/wp\/v2\/einsatz"}],"about":[{"href":"https:\/\/feuerwehr-simbach.de\/index.php?rest_route=\/wp\/v2\/types\/einsatz"}],"author":[{"embeddable":true,"href":"https:\/\/feuerwehr-simbach.de\/index.php?rest_route=\/wp\/v2\/users\/11"}],"version-history":[{"count":10,"href":"https:\/\/feuerwehr-simbach.de\/index.php?rest_route=\/wp\/v2\/einsatz\/14659\/revisions"}],"predecessor-version":[{"id":21019,"href":"https:\/\/feuerwehr-simbach.de\/index.php?rest_route=\/wp\/v2\/einsatz\/14659\/revisions\/21019"}],"wp:featuredmedia":[{"embeddable":true,"href":"https:\/\/feuerwehr-simbach.de\/index.php?rest_route=\/wp\/v2\/media\/14678"}],"wp:attachment":[{"href":"https:\/\/feuerwehr-simbach.de\/index.php?rest_route=%2Fwp%2Fv2%2Fmedia&parent=14659"}],"wp:term":[{"taxonomy":"category","embeddable":true,"href":"https:\/\/feuerwehr-simbach.de\/index.php?rest_route=%2Fwp%2Fv2%2Fcategories&post=14659"},{"taxonomy":"post_tag","embeddable":true,"href":"https:\/\/feuerwehr-simbach.de\/index.php?rest_route=%2Fwp%2Fv2%2Ftags&post=14659"},{"taxonomy":"einsatzart","embeddable":true,"href":"https:\/\/feuerwehr-simbach.de\/index.php?rest_route=%2Fwp%2Fv2%2Feinsatzart&post=14659"},{"taxonomy":"fahrzeug","embeddable":true,"href":"https:\/\/feuerwehr-simbach.de\/index.php?rest_route=%2Fwp%2Fv2%2Ffahrzeug&post=14659"},{"taxonomy":"exteinsatzmittel","embeddable":true,"href":"https:\/\/feuerwehr-simbach.de\/index.php?rest_route=%2Fwp%2Fv2%2Fexteinsatzmittel&post=14659"},{"taxonomy":"alarmierungsart","embeddable":true,"href":"https:\/\/feuerwehr-simbach.de\/index.php?rest_route=%2Fwp%2Fv2%2Falarmierungsart&post=14659"},{"taxonomy":"evw_unit","embeddable":true,"href":"https:\/\/feuerwehr-simbach.de\/index.php?rest_route=%2Fwp%2Fv2%2Fevw_unit&post=14659"}],"curies":[{"name":"wp","href":"https:\/\/api.w.org\/{rel}","templated":true}]}}

08.07.2021 &#8211; Öl in Keller: Anforderung Ölwehrzug

<div class="wpb-content-wrapper">[vc_row][vc_column][vc_empty_space height=&#8220;1&#8243;][/vc_column][/vc_row][vc_row equal_height=&#8220;yes&#8220; inverse=&#8220;&#8220; css=&#8220;.vc_custom_1545579889091{padding-bottom: 25px !important;background-color: #edf2ef !important;}&#8220;][vc_column width=&#8220;1/4&#8243;][vc_column_text]
<p><strong>Einsatzart:</strong></p>
[/vc_column_text][/vc_column][vc_column width=&#8220;3/4&#8243;][vc_column_text]Technische Hilfeleistung / ABC[/vc_column_text][/vc_column][/vc_row][vc_row equal_height=&#8220;yes&#8220; inverse=&#8220;&#8220; css=&#8220;.vc_custom_1545579201718{padding-bottom: 25px !important;}&#8220;][vc_column width=&#8220;1/4&#8243;][vc_column_text]
<p><strong>Schlagwort:</strong></p>
[/vc_column_text][/vc_column][vc_column width=&#8220;3/4&#8243;][vc_column_text]Öl in Keller: Anforderung Ölwehrzug[/vc_column_text][/vc_column][/vc_row][vc_row equal_height=&#8220;yes&#8220; inverse=&#8220;&#8220; css=&#8220;.vc_custom_1545579190843{padding-bottom: 25px !important;background-color: #edf2ef !important;}&#8220;][vc_column width=&#8220;1/4&#8243;][vc_column_text]
<p><strong>Stichwort:</strong></p>
[/vc_column_text][/vc_column][vc_column width=&#8220;3/4&#8243;][vc_column_text]Einsatz- und Abschnittsleitung (Abschnittsführungsstelle)[/vc_column_text][/vc_column][/vc_row][vc_row equal_height=&#8220;yes&#8220; inverse=&#8220;&#8220; css=&#8220;.vc_custom_1545579201718{padding-bottom: 25px !important;}&#8220;][vc_column width=&#8220;1/4&#8243;][vc_column_text]
<p><strong>Einsatzort:</strong></p>
[/vc_column_text][/vc_column][vc_column width=&#8220;3/4&#8243;][vc_column_text]Bad Birnbach, Schulstraße[/vc_column_text][/vc_column][/vc_row][vc_row equal_height=&#8220;yes&#8220; inverse=&#8220;&#8220; css=&#8220;.vc_custom_1545579210044{padding-bottom: 25px !important;background-color: #edf2ef !important;}&#8220;][vc_column width=&#8220;1/4&#8243;][vc_column_text]
<p><strong>Datum:</strong></p>
[/vc_column_text][/vc_column][vc_column width=&#8220;3/4&#8243;][vc_column_text]Donnerstag, 8. Juli 2021[/vc_column_text][/vc_column][/vc_row][vc_row equal_height=&#8220;yes&#8220; inverse=&#8220;&#8220; css=&#8220;.vc_custom_1545579217081{padding-bottom: 25px !important;}&#8220;][vc_column width=&#8220;1/4&#8243;][vc_column_text]
<p><strong>Alarmierung (Schleife):</strong></p>
[/vc_column_text][/vc_column][vc_column width=&#8220;3/4&#8243;][vc_column_text]Vollalarm[/vc_column_text][/vc_column][/vc_row][vc_row equal_height=&#8220;yes&#8220; inverse=&#8220;&#8220; css=&#8220;.vc_custom_1545579225595{padding-bottom: 25px !important;background-color: #edf2ef !important;}&#8220;][vc_column width=&#8220;1/4&#8243;][vc_column_text]
<p><strong>E</strong><strong>ingesetzte</strong><strong> Kräfte:</strong></p>
[/vc_column_text][/vc_column][vc_column width=&#8220;3/4&#8243;][vc_column_text]FF Simbach a. Inn, FF Tann, FF Kirchdorf a. Inn, FF Bad Birnbach, KBM 1/3[/vc_column_text][/vc_column][/vc_row][vc_row][vc_column][vc_empty_space height=&#8220;30&#8243;][/vc_column][/vc_row][vc_row][vc_column][vc_separator border_width=&#8220;4&#8243;][/vc_column][/vc_row][vc_row][vc_column][vc_empty_space height=&#8220;30&#8243;][/vc_column][/vc_row][vc_row equal_height=&#8220;yes&#8220; inverse=&#8220;&#8220; css=&#8220;.vc_custom_1534176358862{padding-bottom: 25px !important;}&#8220;][vc_column width=&#8220;1/4&#8243;][vc_column_text]
<p><strong>Einsatzbericht:</strong></p>
[/vc_column_text][/vc_column][vc_column width=&#8220;3/4&#8243;][vc_column_text]<span class="s1">Am späten Donnerstagnachmittag kam es über Bad Birnbach zu einem heftigen Unwetter, welches zu einer Vielzahl von Einsätzen führte. Zur Koordinierung dieser Einsätze wurde auch die Abschnittsführungsstelle Bad Birnbach alarmiert. Zahlreiche Feuerwehren kümmerten sich anschließend um die Abarbeitung dieser Einsätze. Da sich in </span><span class="s1">einem Keller in der Schulstraße das hineingeflossene Wasser mit dort gelagertem Motoröl vermischte, wurde gegen 18.45 Uhr der bei uns stationierte Ölwehrzug zusammen mit dem MZF der Feuerwehr Tann als Führungsunterstützung und dem bereits in Bad Birnbach befindlichen V-LKW der Feuerwehr Kirchdorf alarmiert. An der Einsatzstelle wurde das Öl-Wasser-Gemisch in IBC-Container gepumpt und dort zwischengelagert. Nach etwa drei Stunden wurden wir durch die Feuerwehr Bad Birnbach abgelöst, die die Restmenge an Wasser mit Wassersaugern aus dem Keller entfernte. Somit konnten wir wieder in unser Gerätehaus einrücken.</span>[/vc_column_text][/vc_column][/vc_row][vc_row][vc_column][vc_column_text]
<p>&nbsp;</p>
<p>&nbsp;</p>
<div id="su_carousel_69f0910889b33" class="su-carousel su-carousel-centered su-carousel-pages-no su-carousel-responsive-yes JLqJ4b ChMk0b su-lightbox-gallery" style="width:100%" data-autoplay="3000" data-speed="2000" data-mousewheel="true" data-items="3" data-scroll="1"><div class="su-carousel-slides"><div class="su-carousel-slide"><a href="https://feuerwehr-simbach.de/wp-content/uploads/2021/07/Oel-in-Keller-08.07.2021-1-e1625826605394.jpg" title="2021.07.08 Öl in Keller (1)"><img decoding="async" src="https://feuerwehr-simbach.de/wp-content/uploads/2021/07/Oel-in-Keller-08.07.2021-1-e1625826605394.jpg" alt="2021.07.08 Öl in Keller (1)" /></a></div><div class="su-carousel-slide"><a href="https://feuerwehr-simbach.de/wp-content/uploads/2021/07/Oel-in-Keller-08.07.2021-2-e1625826671448.jpg" title="2021.07.08 Öl in Keller (2)"><img decoding="async" src="https://feuerwehr-simbach.de/wp-content/uploads/2021/07/Oel-in-Keller-08.07.2021-2-e1625826671448.jpg" alt="2021.07.08 Öl in Keller (2)" /></a></div><div class="su-carousel-slide"><a href="https://feuerwehr-simbach.de/wp-content/uploads/2021/07/Oel-in-Keller-08.07.2021-3-e1625826613100.jpg" title="2021.07.08 Öl in Keller (3)"><img decoding="async" src="https://feuerwehr-simbach.de/wp-content/uploads/2021/07/Oel-in-Keller-08.07.2021-3-e1625826613100.jpg" alt="2021.07.08 Öl in Keller (3)" /></a></div><div class="su-carousel-slide"><a href="https://feuerwehr-simbach.de/wp-content/uploads/2021/07/Oel-in-Keller-08.07.2021-4-e1625826622489.jpg" title="2021.07.08 Öl in Keller (4)"><img decoding="async" src="https://feuerwehr-simbach.de/wp-content/uploads/2021/07/Oel-in-Keller-08.07.2021-4-e1625826622489.jpg" alt="2021.07.08 Öl in Keller (4)" /></a></div><div class="su-carousel-slide"><a href="https://feuerwehr-simbach.de/wp-content/uploads/2021/07/Oel-in-Keller-08.07.2021-5-e1625826630865.jpg" title="2021.07.08 Öl in Keller (5)"><img decoding="async" src="https://feuerwehr-simbach.de/wp-content/uploads/2021/07/Oel-in-Keller-08.07.2021-5-e1625826630865.jpg" alt="2021.07.08 Öl in Keller (5)" /></a></div><div class="su-carousel-slide"><a href="https://feuerwehr-simbach.de/wp-content/uploads/2021/07/Oel-in-Keller-08.07.2021-6-e1625826639879.jpg" title="2021.07.08 Öl in Keller (6)"><img decoding="async" src="https://feuerwehr-simbach.de/wp-content/uploads/2021/07/Oel-in-Keller-08.07.2021-6-e1625826639879.jpg" alt="2021.07.08 Öl in Keller (6)" /></a></div><div class="su-carousel-slide"><a href="https://feuerwehr-simbach.de/wp-content/uploads/2021/07/Oel-in-Keller-08.07.2021-7-e1625826650768.jpg" title="2021.07.08 Öl in Keller (7)"><img decoding="async" src="https://feuerwehr-simbach.de/wp-content/uploads/2021/07/Oel-in-Keller-08.07.2021-7-e1625826650768.jpg" alt="2021.07.08 Öl in Keller (7)" /></a></div><div class="su-carousel-slide"><a href="https://feuerwehr-simbach.de/wp-content/uploads/2021/07/Oel-in-Keller-08.07.2021-8-e1625826658684.jpg" title="2021.07.08 Öl in Keller (8)"><img decoding="async" src="https://feuerwehr-simbach.de/wp-content/uploads/2021/07/Oel-in-Keller-08.07.2021-8-e1625826658684.jpg" alt="2021.07.08 Öl in Keller (8)" /></a></div></div><div class="su-carousel-nav"><div class="su-carousel-direction"><span class="su-carousel-prev"></span><span class="su-carousel-next"></span></div><div class="su-carousel-pagination"></div></div></div>
</div>
