{"id":14733,"date":"2021-07-14T20:15:00","date_gmt":"2021-07-14T19:15:00","guid":{"rendered":"https:\/\/feuerwehr-simbach.de\/?post_type=einsatz&#038;p=14733"},"modified":"2024-02-25T15:22:03","modified_gmt":"2024-02-25T14:22:03","slug":"14-07-2021-anforderung-oelwehrzug","status":"publish","type":"einsatz","link":"https:\/\/feuerwehr-simbach.de\/?einsatz=14-07-2021-anforderung-oelwehrzug","title":{"rendered":"14.07.2021 &#8211; Heiz\u00f6l in Keller: Anforderung \u00d6lwehrzug"},"content":{"rendered":"<div class=\"wpb-content-wrapper\">[vc_row][vc_column][vc_empty_space height=&#8220;1&#8243;][\/vc_column][\/vc_row][vc_row equal_height=&#8220;yes&#8220; inverse=&#8220;&#8220; css=&#8220;.vc_custom_1545579889091{padding-bottom: 25px !important;background-color: #edf2ef !important;}&#8220;][vc_column width=&#8220;1\/4&#8243;][vc_column_text]\n<p><strong>Einsatzart:<\/strong><\/p>\n[\/vc_column_text][\/vc_column][vc_column width=&#8220;3\/4&#8243;][vc_column_text]Technische Hilfeleistung \/ ABC[\/vc_column_text][\/vc_column][\/vc_row][vc_row equal_height=&#8220;yes&#8220; inverse=&#8220;&#8220; css=&#8220;.vc_custom_1545579201718{padding-bottom: 25px !important;}&#8220;][vc_column width=&#8220;1\/4&#8243;][vc_column_text]\n<p><strong>Schlagwort:<\/strong><\/p>\n[\/vc_column_text][\/vc_column][vc_column width=&#8220;3\/4&#8243;][vc_column_text]Heiz\u00f6l in Keller: Anforderung \u00d6lwehrzug[\/vc_column_text][\/vc_column][\/vc_row][vc_row equal_height=&#8220;yes&#8220; inverse=&#8220;&#8220; css=&#8220;.vc_custom_1545579190843{padding-bottom: 25px !important;background-color: #edf2ef !important;}&#8220;][vc_column width=&#8220;1\/4&#8243;][vc_column_text]\n<p><strong>Stichwort:<\/strong><\/p>\n[\/vc_column_text][\/vc_column][vc_column width=&#8220;3\/4&#8243;][vc_column_text]Einsatz- und Abschnittsleitung (Abschnittsf\u00fchrungsstelle)[\/vc_column_text][\/vc_column][\/vc_row][vc_row equal_height=&#8220;yes&#8220; inverse=&#8220;&#8220; css=&#8220;.vc_custom_1545579201718{padding-bottom: 25px !important;}&#8220;][vc_column width=&#8220;1\/4&#8243;][vc_column_text]\n<p><strong>Einsatzort:<\/strong><\/p>\n[\/vc_column_text][\/vc_column][vc_column width=&#8220;3\/4&#8243;][vc_column_text]Egglham, Frauent\u00f6dling[\/vc_column_text][\/vc_column][\/vc_row][vc_row equal_height=&#8220;yes&#8220; inverse=&#8220;&#8220; css=&#8220;.vc_custom_1545579210044{padding-bottom: 25px !important;background-color: #edf2ef !important;}&#8220;][vc_column width=&#8220;1\/4&#8243;][vc_column_text]\n<p><strong>Datum:<\/strong><\/p>\n[\/vc_column_text][\/vc_column][vc_column width=&#8220;3\/4&#8243;][vc_column_text]Mittwoch, 14. Juli 2021[\/vc_column_text][\/vc_column][\/vc_row][vc_row equal_height=&#8220;yes&#8220; inverse=&#8220;&#8220; css=&#8220;.vc_custom_1545579217081{padding-bottom: 25px !important;}&#8220;][vc_column width=&#8220;1\/4&#8243;][vc_column_text]\n<p><strong>Alarmierung (Schleife):<\/strong><\/p>\n[\/vc_column_text][\/vc_column][vc_column width=&#8220;3\/4&#8243;][vc_column_text]Vollalarm[\/vc_column_text][\/vc_column][\/vc_row][vc_row equal_height=&#8220;yes&#8220; inverse=&#8220;&#8220; css=&#8220;.vc_custom_1545579225595{padding-bottom: 25px !important;background-color: #edf2ef !important;}&#8220;][vc_column width=&#8220;1\/4&#8243;][vc_column_text]\n<p><strong>E<\/strong><strong>ingesetzte<\/strong><strong> Kr\u00e4fte:<\/strong><\/p>\n[\/vc_column_text][\/vc_column][vc_column width=&#8220;3\/4&#8243;][vc_column_text]FF Simbach a. Inn, FF Tann, FF Kirchdorf a. Inn, FF Egglham, KBR Lippeck, KBM 1\/3, KBM 5\/4[\/vc_column_text][\/vc_column][\/vc_row][vc_row][vc_column][vc_empty_space height=&#8220;30&#8243;][\/vc_column][\/vc_row][vc_row][vc_column][vc_separator border_width=&#8220;4&#8243;][\/vc_column][\/vc_row][vc_row][vc_column][vc_empty_space height=&#8220;30&#8243;][\/vc_column][\/vc_row][vc_row equal_height=&#8220;yes&#8220; inverse=&#8220;&#8220; css=&#8220;.vc_custom_1534176358862{padding-bottom: 25px !important;}&#8220;][vc_column width=&#8220;1\/4&#8243;][vc_column_text]\n<p><strong>Einsatzbericht:<\/strong><\/p>\n[\/vc_column_text][\/vc_column][vc_column width=&#8220;3\/4&#8243;][vc_column_text]<span class=\"s1\">Am sp\u00e4ten Mittwochnachmittag fegte erneut ein heftiges Unwetter \u00fcber den Landkreis Rottal-Inn. Der Schwerpunkt lag dieses Mal im Bereich Egglham, weshalb die ILS Passau auch die Abschnittsf\u00fchrungsstelle Egglham zur Koordinierung der Eins\u00e4tze in diesem Bereich alarmierte.<br \/>\n<\/span><span class=\"s1\">Im Weiler Frauent\u00f6dling wurden durch in den Keller eintretendes Wasser mehrere Heiz\u00f6ltanks aufgeschwemmt, weshalb Heiz\u00f6l austrat. <\/span><span class=\"s1\">Daraufhin wurde gegen 19.30 Uhr erneut das Modul \u00d6lwehr, bestehend aus den Feuerwehren Simbach, Kirchdorf und Tann, alarmiert. Bereits auf der Anfahrt konnten wir durch \u00fcberflutete Stra\u00dfen und Wiesen das Ausma\u00df des Unwetters in Egglham erkennen.<br \/>\n<\/span><span class=\"s1\">An der Einsatzstelle angekommen, bauten wir unsere Pumpen auf und platzierten die IBC-Container. Anschlie\u00dfend wurde in Zusammenarbeit mit der Feuerwehr Kirchdorf das Heiz\u00f6l aus dem Keller und der hauseigenen Kl\u00e4rgrube in die IBC-Container gepumpt.<br \/>\nNach etwa vier Stunden wurden wir durch die Feuerwehr Egglham abgel\u00f6st, welche den Keller ausr\u00e4umte und den restlichen Schlamm mithilfe eines Saugwagens aus dem Keller bef\u00f6rderte. <\/span><span class=\"s1\">Wir konnten somit wieder in unser Ger\u00e4tehaus zur\u00fcckkehren.<\/span>[\/vc_column_text][\/vc_column][\/vc_row][vc_row][vc_column][vc_column_text]\n<p>&nbsp;<\/p>\n<p>&nbsp;<\/p>\n<div id=\"su_carousel_69f0901f85f25\" class=\"su-carousel su-carousel-centered su-carousel-pages-no su-carousel-responsive-yes JLqJ4b ChMk0b su-lightbox-gallery\" style=\"width:100%\" data-autoplay=\"3000\" data-speed=\"2000\" data-mousewheel=\"true\" data-items=\"3\" data-scroll=\"1\"><div class=\"su-carousel-slides\"><div class=\"su-carousel-slide\"><a href=\"https:\/\/feuerwehr-simbach.de\/wp-content\/uploads\/2021\/07\/Heizoel-in-Keller-14.07.2021-1-e1626346402534.jpg\" title=\"2021.07.14 Heiz\u00f6l in Keller (1)\"><img decoding=\"async\" src=\"https:\/\/feuerwehr-simbach.de\/wp-content\/uploads\/2021\/07\/Heizoel-in-Keller-14.07.2021-1-e1626346402534.jpg\" alt=\"2021.07.14 Heiz\u00f6l in Keller (1)\" \/><\/a><\/div><div class=\"su-carousel-slide\"><a href=\"https:\/\/feuerwehr-simbach.de\/wp-content\/uploads\/2021\/07\/Heizoel-in-Keller-14.07.2021-2-e1626346409117.jpg\" title=\"2021.07.14 Heiz\u00f6l in Keller (2)\"><img decoding=\"async\" src=\"https:\/\/feuerwehr-simbach.de\/wp-content\/uploads\/2021\/07\/Heizoel-in-Keller-14.07.2021-2-e1626346409117.jpg\" alt=\"2021.07.14 Heiz\u00f6l in Keller (2)\" \/><\/a><\/div><div class=\"su-carousel-slide\"><a href=\"https:\/\/feuerwehr-simbach.de\/wp-content\/uploads\/2021\/07\/Heizoel-in-Keller-14.07.2021-3-e1626346418998.jpg\" title=\"2021.07.14 Heiz\u00f6l in Keller (3)\"><img decoding=\"async\" src=\"https:\/\/feuerwehr-simbach.de\/wp-content\/uploads\/2021\/07\/Heizoel-in-Keller-14.07.2021-3-e1626346418998.jpg\" alt=\"2021.07.14 Heiz\u00f6l in Keller (3)\" \/><\/a><\/div><div class=\"su-carousel-slide\"><a href=\"https:\/\/feuerwehr-simbach.de\/wp-content\/uploads\/2021\/07\/Heizoel-in-Keller-14.07.2021-4-e1626346425120.jpg\" title=\"2021.07.14 Heiz\u00f6l in Keller (4)\"><img decoding=\"async\" src=\"https:\/\/feuerwehr-simbach.de\/wp-content\/uploads\/2021\/07\/Heizoel-in-Keller-14.07.2021-4-e1626346425120.jpg\" alt=\"2021.07.14 Heiz\u00f6l in Keller (4)\" \/><\/a><\/div><div class=\"su-carousel-slide\"><a href=\"https:\/\/feuerwehr-simbach.de\/wp-content\/uploads\/2021\/07\/Heizoel-in-Keller-14.07.2021-5-e1626346431876.jpg\" title=\"2021.07.14 Heiz\u00f6l in Keller (5)\"><img decoding=\"async\" src=\"https:\/\/feuerwehr-simbach.de\/wp-content\/uploads\/2021\/07\/Heizoel-in-Keller-14.07.2021-5-e1626346431876.jpg\" alt=\"2021.07.14 Heiz\u00f6l in Keller (5)\" \/><\/a><\/div><div class=\"su-carousel-slide\"><a href=\"https:\/\/feuerwehr-simbach.de\/wp-content\/uploads\/2021\/07\/Heizoel-in-Keller-14.07.2021-6-e1626346439128.jpg\" title=\"2021.07.14 Heiz\u00f6l in Keller (6)\"><img decoding=\"async\" src=\"https:\/\/feuerwehr-simbach.de\/wp-content\/uploads\/2021\/07\/Heizoel-in-Keller-14.07.2021-6-e1626346439128.jpg\" alt=\"2021.07.14 Heiz\u00f6l in Keller (6)\" \/><\/a><\/div><div class=\"su-carousel-slide\"><a href=\"https:\/\/feuerwehr-simbach.de\/wp-content\/uploads\/2021\/07\/Heizoel-in-Keller-14.07.2021-7-e1626346446677.jpg\" title=\"2021.07.14 Heiz\u00f6l in Keller (7)\"><img decoding=\"async\" src=\"https:\/\/feuerwehr-simbach.de\/wp-content\/uploads\/2021\/07\/Heizoel-in-Keller-14.07.2021-7-e1626346446677.jpg\" alt=\"2021.07.14 Heiz\u00f6l in Keller (7)\" \/><\/a><\/div><div class=\"su-carousel-slide\"><a href=\"https:\/\/feuerwehr-simbach.de\/wp-content\/uploads\/2021\/07\/Heizoel-in-Keller-14.07.2021-8-e1626346453696.jpg\" title=\"2021.07.14 Heiz\u00f6l in Keller (8)\"><img decoding=\"async\" src=\"https:\/\/feuerwehr-simbach.de\/wp-content\/uploads\/2021\/07\/Heizoel-in-Keller-14.07.2021-8-e1626346453696.jpg\" alt=\"2021.07.14 Heiz\u00f6l in Keller (8)\" \/><\/a><\/div><div class=\"su-carousel-slide\"><a href=\"https:\/\/feuerwehr-simbach.de\/wp-content\/uploads\/2021\/07\/Heizoel-in-Keller-14.07.2021-9-e1626346459815.jpg\" title=\"2021.07.14 Heiz\u00f6l in Keller (9)\"><img decoding=\"async\" src=\"https:\/\/feuerwehr-simbach.de\/wp-content\/uploads\/2021\/07\/Heizoel-in-Keller-14.07.2021-9-e1626346459815.jpg\" alt=\"2021.07.14 Heiz\u00f6l in Keller (9)\" \/><\/a><\/div><div class=\"su-carousel-slide\"><a href=\"https:\/\/feuerwehr-simbach.de\/wp-content\/uploads\/2021\/07\/Heizoel-in-Keller-14.07.2021-10-e1626346467605.jpg\" title=\"2021.07.14 Heiz\u00f6l in Keller (10)\"><img decoding=\"async\" src=\"https:\/\/feuerwehr-simbach.de\/wp-content\/uploads\/2021\/07\/Heizoel-in-Keller-14.07.2021-10-e1626346467605.jpg\" alt=\"2021.07.14 Heiz\u00f6l in Keller (10)\" \/><\/a><\/div><div class=\"su-carousel-slide\"><a href=\"https:\/\/feuerwehr-simbach.de\/wp-content\/uploads\/2021\/07\/Heizoel-in-Keller-14.07.2021-11-e1626346475495.jpg\" title=\"2021.07.14 Heiz\u00f6l in Keller (11)\"><img decoding=\"async\" src=\"https:\/\/feuerwehr-simbach.de\/wp-content\/uploads\/2021\/07\/Heizoel-in-Keller-14.07.2021-11-e1626346475495.jpg\" alt=\"2021.07.14 Heiz\u00f6l in Keller (11)\" \/><\/a><\/div><\/div><div class=\"su-carousel-nav\"><div class=\"su-carousel-direction\"><span class=\"su-carousel-prev\"><\/span><span class=\"su-carousel-next\"><\/span><\/div><div class=\"su-carousel-pagination\"><\/div><\/div><\/div>\n<\/div>","protected":false},"author":11,"featured_media":14745,"template":"","meta":{"einsatz_weight":1,"footnotes":""},"categories":[162],"tags":[],"einsatzart":[],"fahrzeug":[],"exteinsatzmittel":[],"alarmierungsart":[],"evw_unit":[],"class_list":["post-14733","einsatz","type-einsatz","status-publish","has-post-thumbnail","hentry","category-einsaetze-2021"],"_links":{"self":[{"href":"https:\/\/feuerwehr-simbach.de\/index.php?rest_route=\/wp\/v2\/einsatz\/14733","targetHints":{"allow":["GET"]}}],"collection":[{"href":"https:\/\/feuerwehr-simbach.de\/index.php?rest_route=\/wp\/v2\/einsatz"}],"about":[{"href":"https:\/\/feuerwehr-simbach.de\/index.php?rest_route=\/wp\/v2\/types\/einsatz"}],"author":[{"embeddable":true,"href":"https:\/\/feuerwehr-simbach.de\/index.php?rest_route=\/wp\/v2\/users\/11"}],"version-history":[{"count":6,"href":"https:\/\/feuerwehr-simbach.de\/index.php?rest_route=\/wp\/v2\/einsatz\/14733\/revisions"}],"predecessor-version":[{"id":14753,"href":"https:\/\/feuerwehr-simbach.de\/index.php?rest_route=\/wp\/v2\/einsatz\/14733\/revisions\/14753"}],"wp:featuredmedia":[{"embeddable":true,"href":"https:\/\/feuerwehr-simbach.de\/index.php?rest_route=\/wp\/v2\/media\/14745"}],"wp:attachment":[{"href":"https:\/\/feuerwehr-simbach.de\/index.php?rest_route=%2Fwp%2Fv2%2Fmedia&parent=14733"}],"wp:term":[{"taxonomy":"category","embeddable":true,"href":"https:\/\/feuerwehr-simbach.de\/index.php?rest_route=%2Fwp%2Fv2%2Fcategories&post=14733"},{"taxonomy":"post_tag","embeddable":true,"href":"https:\/\/feuerwehr-simbach.de\/index.php?rest_route=%2Fwp%2Fv2%2Ftags&post=14733"},{"taxonomy":"einsatzart","embeddable":true,"href":"https:\/\/feuerwehr-simbach.de\/index.php?rest_route=%2Fwp%2Fv2%2Feinsatzart&post=14733"},{"taxonomy":"fahrzeug","embeddable":true,"href":"https:\/\/feuerwehr-simbach.de\/index.php?rest_route=%2Fwp%2Fv2%2Ffahrzeug&post=14733"},{"taxonomy":"exteinsatzmittel","embeddable":true,"href":"https:\/\/feuerwehr-simbach.de\/index.php?rest_route=%2Fwp%2Fv2%2Fexteinsatzmittel&post=14733"},{"taxonomy":"alarmierungsart","embeddable":true,"href":"https:\/\/feuerwehr-simbach.de\/index.php?rest_route=%2Fwp%2Fv2%2Falarmierungsart&post=14733"},{"taxonomy":"evw_unit","embeddable":true,"href":"https:\/\/feuerwehr-simbach.de\/index.php?rest_route=%2Fwp%2Fv2%2Fevw_unit&post=14733"}],"curies":[{"name":"wp","href":"https:\/\/api.w.org\/{rel}","templated":true}]}}

14.07.2021 &#8211; Heizöl in Keller: Anforderung Ölwehrzug

<div class="wpb-content-wrapper">[vc_row][vc_column][vc_empty_space height=&#8220;1&#8243;][/vc_column][/vc_row][vc_row equal_height=&#8220;yes&#8220; inverse=&#8220;&#8220; css=&#8220;.vc_custom_1545579889091{padding-bottom: 25px !important;background-color: #edf2ef !important;}&#8220;][vc_column width=&#8220;1/4&#8243;][vc_column_text]
<p><strong>Einsatzart:</strong></p>
[/vc_column_text][/vc_column][vc_column width=&#8220;3/4&#8243;][vc_column_text]Technische Hilfeleistung / ABC[/vc_column_text][/vc_column][/vc_row][vc_row equal_height=&#8220;yes&#8220; inverse=&#8220;&#8220; css=&#8220;.vc_custom_1545579201718{padding-bottom: 25px !important;}&#8220;][vc_column width=&#8220;1/4&#8243;][vc_column_text]
<p><strong>Schlagwort:</strong></p>
[/vc_column_text][/vc_column][vc_column width=&#8220;3/4&#8243;][vc_column_text]Heizöl in Keller: Anforderung Ölwehrzug[/vc_column_text][/vc_column][/vc_row][vc_row equal_height=&#8220;yes&#8220; inverse=&#8220;&#8220; css=&#8220;.vc_custom_1545579190843{padding-bottom: 25px !important;background-color: #edf2ef !important;}&#8220;][vc_column width=&#8220;1/4&#8243;][vc_column_text]
<p><strong>Stichwort:</strong></p>
[/vc_column_text][/vc_column][vc_column width=&#8220;3/4&#8243;][vc_column_text]Einsatz- und Abschnittsleitung (Abschnittsführungsstelle)[/vc_column_text][/vc_column][/vc_row][vc_row equal_height=&#8220;yes&#8220; inverse=&#8220;&#8220; css=&#8220;.vc_custom_1545579201718{padding-bottom: 25px !important;}&#8220;][vc_column width=&#8220;1/4&#8243;][vc_column_text]
<p><strong>Einsatzort:</strong></p>
[/vc_column_text][/vc_column][vc_column width=&#8220;3/4&#8243;][vc_column_text]Egglham, Frauentödling[/vc_column_text][/vc_column][/vc_row][vc_row equal_height=&#8220;yes&#8220; inverse=&#8220;&#8220; css=&#8220;.vc_custom_1545579210044{padding-bottom: 25px !important;background-color: #edf2ef !important;}&#8220;][vc_column width=&#8220;1/4&#8243;][vc_column_text]
<p><strong>Datum:</strong></p>
[/vc_column_text][/vc_column][vc_column width=&#8220;3/4&#8243;][vc_column_text]Mittwoch, 14. Juli 2021[/vc_column_text][/vc_column][/vc_row][vc_row equal_height=&#8220;yes&#8220; inverse=&#8220;&#8220; css=&#8220;.vc_custom_1545579217081{padding-bottom: 25px !important;}&#8220;][vc_column width=&#8220;1/4&#8243;][vc_column_text]
<p><strong>Alarmierung (Schleife):</strong></p>
[/vc_column_text][/vc_column][vc_column width=&#8220;3/4&#8243;][vc_column_text]Vollalarm[/vc_column_text][/vc_column][/vc_row][vc_row equal_height=&#8220;yes&#8220; inverse=&#8220;&#8220; css=&#8220;.vc_custom_1545579225595{padding-bottom: 25px !important;background-color: #edf2ef !important;}&#8220;][vc_column width=&#8220;1/4&#8243;][vc_column_text]
<p><strong>E</strong><strong>ingesetzte</strong><strong> Kräfte:</strong></p>
[/vc_column_text][/vc_column][vc_column width=&#8220;3/4&#8243;][vc_column_text]FF Simbach a. Inn, FF Tann, FF Kirchdorf a. Inn, FF Egglham, KBR Lippeck, KBM 1/3, KBM 5/4[/vc_column_text][/vc_column][/vc_row][vc_row][vc_column][vc_empty_space height=&#8220;30&#8243;][/vc_column][/vc_row][vc_row][vc_column][vc_separator border_width=&#8220;4&#8243;][/vc_column][/vc_row][vc_row][vc_column][vc_empty_space height=&#8220;30&#8243;][/vc_column][/vc_row][vc_row equal_height=&#8220;yes&#8220; inverse=&#8220;&#8220; css=&#8220;.vc_custom_1534176358862{padding-bottom: 25px !important;}&#8220;][vc_column width=&#8220;1/4&#8243;][vc_column_text]
<p><strong>Einsatzbericht:</strong></p>
[/vc_column_text][/vc_column][vc_column width=&#8220;3/4&#8243;][vc_column_text]<span class="s1">Am späten Mittwochnachmittag fegte erneut ein heftiges Unwetter über den Landkreis Rottal-Inn. Der Schwerpunkt lag dieses Mal im Bereich Egglham, weshalb die ILS Passau auch die Abschnittsführungsstelle Egglham zur Koordinierung der Einsätze in diesem Bereich alarmierte.<br />
</span><span class="s1">Im Weiler Frauentödling wurden durch in den Keller eintretendes Wasser mehrere Heizöltanks aufgeschwemmt, weshalb Heizöl austrat. </span><span class="s1">Daraufhin wurde gegen 19.30 Uhr erneut das Modul Ölwehr, bestehend aus den Feuerwehren Simbach, Kirchdorf und Tann, alarmiert. Bereits auf der Anfahrt konnten wir durch überflutete Straßen und Wiesen das Ausmaß des Unwetters in Egglham erkennen.<br />
</span><span class="s1">An der Einsatzstelle angekommen, bauten wir unsere Pumpen auf und platzierten die IBC-Container. Anschließend wurde in Zusammenarbeit mit der Feuerwehr Kirchdorf das Heizöl aus dem Keller und der hauseigenen Klärgrube in die IBC-Container gepumpt.<br />
Nach etwa vier Stunden wurden wir durch die Feuerwehr Egglham abgelöst, welche den Keller ausräumte und den restlichen Schlamm mithilfe eines Saugwagens aus dem Keller beförderte. </span><span class="s1">Wir konnten somit wieder in unser Gerätehaus zurückkehren.</span>[/vc_column_text][/vc_column][/vc_row][vc_row][vc_column][vc_column_text]
<p>&nbsp;</p>
<p>&nbsp;</p>
<div id="su_carousel_69f0901f85f25" class="su-carousel su-carousel-centered su-carousel-pages-no su-carousel-responsive-yes JLqJ4b ChMk0b su-lightbox-gallery" style="width:100%" data-autoplay="3000" data-speed="2000" data-mousewheel="true" data-items="3" data-scroll="1"><div class="su-carousel-slides"><div class="su-carousel-slide"><a href="https://feuerwehr-simbach.de/wp-content/uploads/2021/07/Heizoel-in-Keller-14.07.2021-1-e1626346402534.jpg" title="2021.07.14 Heizöl in Keller (1)"><img decoding="async" src="https://feuerwehr-simbach.de/wp-content/uploads/2021/07/Heizoel-in-Keller-14.07.2021-1-e1626346402534.jpg" alt="2021.07.14 Heizöl in Keller (1)" /></a></div><div class="su-carousel-slide"><a href="https://feuerwehr-simbach.de/wp-content/uploads/2021/07/Heizoel-in-Keller-14.07.2021-2-e1626346409117.jpg" title="2021.07.14 Heizöl in Keller (2)"><img decoding="async" src="https://feuerwehr-simbach.de/wp-content/uploads/2021/07/Heizoel-in-Keller-14.07.2021-2-e1626346409117.jpg" alt="2021.07.14 Heizöl in Keller (2)" /></a></div><div class="su-carousel-slide"><a href="https://feuerwehr-simbach.de/wp-content/uploads/2021/07/Heizoel-in-Keller-14.07.2021-3-e1626346418998.jpg" title="2021.07.14 Heizöl in Keller (3)"><img decoding="async" src="https://feuerwehr-simbach.de/wp-content/uploads/2021/07/Heizoel-in-Keller-14.07.2021-3-e1626346418998.jpg" alt="2021.07.14 Heizöl in Keller (3)" /></a></div><div class="su-carousel-slide"><a href="https://feuerwehr-simbach.de/wp-content/uploads/2021/07/Heizoel-in-Keller-14.07.2021-4-e1626346425120.jpg" title="2021.07.14 Heizöl in Keller (4)"><img decoding="async" src="https://feuerwehr-simbach.de/wp-content/uploads/2021/07/Heizoel-in-Keller-14.07.2021-4-e1626346425120.jpg" alt="2021.07.14 Heizöl in Keller (4)" /></a></div><div class="su-carousel-slide"><a href="https://feuerwehr-simbach.de/wp-content/uploads/2021/07/Heizoel-in-Keller-14.07.2021-5-e1626346431876.jpg" title="2021.07.14 Heizöl in Keller (5)"><img decoding="async" src="https://feuerwehr-simbach.de/wp-content/uploads/2021/07/Heizoel-in-Keller-14.07.2021-5-e1626346431876.jpg" alt="2021.07.14 Heizöl in Keller (5)" /></a></div><div class="su-carousel-slide"><a href="https://feuerwehr-simbach.de/wp-content/uploads/2021/07/Heizoel-in-Keller-14.07.2021-6-e1626346439128.jpg" title="2021.07.14 Heizöl in Keller (6)"><img decoding="async" src="https://feuerwehr-simbach.de/wp-content/uploads/2021/07/Heizoel-in-Keller-14.07.2021-6-e1626346439128.jpg" alt="2021.07.14 Heizöl in Keller (6)" /></a></div><div class="su-carousel-slide"><a href="https://feuerwehr-simbach.de/wp-content/uploads/2021/07/Heizoel-in-Keller-14.07.2021-7-e1626346446677.jpg" title="2021.07.14 Heizöl in Keller (7)"><img decoding="async" src="https://feuerwehr-simbach.de/wp-content/uploads/2021/07/Heizoel-in-Keller-14.07.2021-7-e1626346446677.jpg" alt="2021.07.14 Heizöl in Keller (7)" /></a></div><div class="su-carousel-slide"><a href="https://feuerwehr-simbach.de/wp-content/uploads/2021/07/Heizoel-in-Keller-14.07.2021-8-e1626346453696.jpg" title="2021.07.14 Heizöl in Keller (8)"><img decoding="async" src="https://feuerwehr-simbach.de/wp-content/uploads/2021/07/Heizoel-in-Keller-14.07.2021-8-e1626346453696.jpg" alt="2021.07.14 Heizöl in Keller (8)" /></a></div><div class="su-carousel-slide"><a href="https://feuerwehr-simbach.de/wp-content/uploads/2021/07/Heizoel-in-Keller-14.07.2021-9-e1626346459815.jpg" title="2021.07.14 Heizöl in Keller (9)"><img decoding="async" src="https://feuerwehr-simbach.de/wp-content/uploads/2021/07/Heizoel-in-Keller-14.07.2021-9-e1626346459815.jpg" alt="2021.07.14 Heizöl in Keller (9)" /></a></div><div class="su-carousel-slide"><a href="https://feuerwehr-simbach.de/wp-content/uploads/2021/07/Heizoel-in-Keller-14.07.2021-10-e1626346467605.jpg" title="2021.07.14 Heizöl in Keller (10)"><img decoding="async" src="https://feuerwehr-simbach.de/wp-content/uploads/2021/07/Heizoel-in-Keller-14.07.2021-10-e1626346467605.jpg" alt="2021.07.14 Heizöl in Keller (10)" /></a></div><div class="su-carousel-slide"><a href="https://feuerwehr-simbach.de/wp-content/uploads/2021/07/Heizoel-in-Keller-14.07.2021-11-e1626346475495.jpg" title="2021.07.14 Heizöl in Keller (11)"><img decoding="async" src="https://feuerwehr-simbach.de/wp-content/uploads/2021/07/Heizoel-in-Keller-14.07.2021-11-e1626346475495.jpg" alt="2021.07.14 Heizöl in Keller (11)" /></a></div></div><div class="su-carousel-nav"><div class="su-carousel-direction"><span class="su-carousel-prev"></span><span class="su-carousel-next"></span></div><div class="su-carousel-pagination"></div></div></div>
</div>
