{"id":14773,"date":"2021-07-18T18:07:00","date_gmt":"2021-07-18T16:07:00","guid":{"rendered":"https:\/\/feuerwehr-simbach.de\/?post_type=einsatz&#038;p=14773"},"modified":"2021-07-19T16:56:05","modified_gmt":"2021-07-19T14:56:05","slug":"18-07-2021-verkehrsunfall-mit-lkw","status":"publish","type":"einsatz","link":"https:\/\/feuerwehr-simbach.de\/?einsatz=18-07-2021-verkehrsunfall-mit-lkw","title":{"rendered":"18.07.2021 &#8211; Verkehrsunfall mit LKW"},"content":{"rendered":"<div class=\"wpb-content-wrapper\">[vc_row][vc_column][vc_empty_space height=&#8220;1&#8243;][\/vc_column][\/vc_row][vc_row equal_height=&#8220;yes&#8220; inverse=&#8220;&#8220; css=&#8220;.vc_custom_1545579889091{padding-bottom: 25px !important;background-color: #edf2ef !important;}&#8220;][vc_column width=&#8220;1\/4&#8243;][vc_column_text]\n<p><strong>Einsatzart:<\/strong><\/p>\n[\/vc_column_text][\/vc_column][vc_column width=&#8220;3\/4&#8243;][vc_column_text]Technische Hilfeleistung[\/vc_column_text][\/vc_column][\/vc_row][vc_row equal_height=&#8220;yes&#8220; inverse=&#8220;&#8220; css=&#8220;.vc_custom_1545579201718{padding-bottom: 25px !important;}&#8220;][vc_column width=&#8220;1\/4&#8243;][vc_column_text]\n<p><strong>Schlagwort:<\/strong><\/p>\n[\/vc_column_text][\/vc_column][vc_column width=&#8220;3\/4&#8243;][vc_column_text]Verkehrsunfall mit LKW[\/vc_column_text][\/vc_column][\/vc_row][vc_row equal_height=&#8220;yes&#8220; inverse=&#8220;&#8220; css=&#8220;.vc_custom_1545579190843{padding-bottom: 25px !important;background-color: #edf2ef !important;}&#8220;][vc_column width=&#8220;1\/4&#8243;][vc_column_text]\n<p><strong>Stichwort:<\/strong><\/p>\n[\/vc_column_text][\/vc_column][vc_column width=&#8220;3\/4&#8243;][vc_column_text]THL 2[\/vc_column_text][\/vc_column][\/vc_row][vc_row equal_height=&#8220;yes&#8220; inverse=&#8220;&#8220; css=&#8220;.vc_custom_1545579201718{padding-bottom: 25px !important;}&#8220;][vc_column width=&#8220;1\/4&#8243;][vc_column_text]\n<p><strong>Einsatzort:<\/strong><\/p>\n[\/vc_column_text][\/vc_column][vc_column width=&#8220;3\/4&#8243;][vc_column_text]Kirchberg, PAN 4 H\u00f6he H\u00f6tzl[\/vc_column_text][\/vc_column][\/vc_row][vc_row equal_height=&#8220;yes&#8220; inverse=&#8220;&#8220; css=&#8220;.vc_custom_1545579210044{padding-bottom: 25px !important;background-color: #edf2ef !important;}&#8220;][vc_column width=&#8220;1\/4&#8243;][vc_column_text]\n<p><strong>Datum:<\/strong><\/p>\n[\/vc_column_text][\/vc_column][vc_column width=&#8220;3\/4&#8243;][vc_column_text]Sonntag, 18. Juli 2021[\/vc_column_text][\/vc_column][\/vc_row][vc_row equal_height=&#8220;yes&#8220; inverse=&#8220;&#8220; css=&#8220;.vc_custom_1545579217081{padding-bottom: 25px !important;}&#8220;][vc_column width=&#8220;1\/4&#8243;][vc_column_text]\n<p><strong>Alarmierung (Schleife):<\/strong><\/p>\n[\/vc_column_text][\/vc_column][vc_column width=&#8220;3\/4&#8243;][vc_column_text]Nacht-\/Wochenendalarm[\/vc_column_text][\/vc_column][\/vc_row][vc_row equal_height=&#8220;yes&#8220; inverse=&#8220;&#8220; css=&#8220;.vc_custom_1545579225595{padding-bottom: 25px !important;background-color: #edf2ef !important;}&#8220;][vc_column width=&#8220;1\/4&#8243;][vc_column_text]\n<p><strong>E<\/strong><strong>ingesetzte<\/strong><strong> Kr\u00e4fte:<\/strong><\/p>\n[\/vc_column_text][\/vc_column][vc_column width=&#8220;3\/4&#8243;][vc_column_text]FF Simbach a. Inn, FF Wittibreut, FF Kirchberg, KBM 2\/2, Rettungsdienst, Polizei[\/vc_column_text][\/vc_column][\/vc_row][vc_row][vc_column][vc_empty_space height=&#8220;30&#8243;][\/vc_column][\/vc_row][vc_row][vc_column][vc_separator border_width=&#8220;4&#8243;][\/vc_column][\/vc_row][vc_row][vc_column][vc_empty_space height=&#8220;30&#8243;][\/vc_column][\/vc_row][vc_row equal_height=&#8220;yes&#8220; inverse=&#8220;&#8220; css=&#8220;.vc_custom_1534176358862{padding-bottom: 25px !important;}&#8220;][vc_column width=&#8220;1\/4&#8243;][vc_column_text]\n<p><strong>Einsatzbericht:<\/strong><\/p>\n[\/vc_column_text][\/vc_column][vc_column width=&#8220;3\/4&#8243;][vc_column_text]<span class=\"s1\">Am Sonntag gegen 16.00 Uhr wurden wir gemeinsam mit den Feuerwehren aus Wittibreut und Kirchberg zu einem Verkehrsunfall auf die PAN 4 H\u00f6he H\u00f6tzl gerufen. An der Einsatzstelle stellte sich heraus, dass ein Milchlastwagen umgekippt war und im Stra\u00dfengraben lag. Deshalb war es notwendig, die Kreisstra\u00dfe in diesem Bereich komplett zu sperren. Dies \u00fcbernahm die Feuerwehr Wittibreut f\u00fcr den aus Richtung Wittibreut kommenden und wir f\u00fcr den aus Richtung Simbach kommenden Verkehr. Nach kurzer Zeit wurden wir jedoch von den Kircherger Kameraden abgel\u00f6st, weshalb wir wieder ins Ger\u00e4tehaus einr\u00fccken konnten<\/span><span class=\"s1\">.<\/span>[\/vc_column_text][\/vc_column][\/vc_row][vc_row][vc_column][vc_column_text]\n<p>&nbsp;<\/p>\n<div id=\"su_carousel_69f090c183e48\" class=\"su-carousel su-carousel-centered su-carousel-pages-no su-carousel-responsive-yes JLqJ4b ChMk0b su-lightbox-gallery\" style=\"width:100%\" data-autoplay=\"3000\" data-speed=\"2000\" data-mousewheel=\"true\" data-items=\"3\" data-scroll=\"1\"><div class=\"su-carousel-slides\"><div class=\"su-carousel-slide\"><a href=\"https:\/\/feuerwehr-simbach.de\/wp-content\/uploads\/2021\/07\/Verkehrsunfall-mit-LKW-18.07.2021-1-e1626625943515.jpg\" title=\"2021.07.18 Verkehrsunfall mit LKW (1)\"><img decoding=\"async\" src=\"https:\/\/feuerwehr-simbach.de\/wp-content\/uploads\/2021\/07\/Verkehrsunfall-mit-LKW-18.07.2021-1-e1626625943515.jpg\" alt=\"2021.07.18 Verkehrsunfall mit LKW (1)\" \/><\/a><\/div><div class=\"su-carousel-slide\"><a href=\"https:\/\/feuerwehr-simbach.de\/wp-content\/uploads\/2021\/07\/Verkehrsunfall-mit-LKW-18.07.2021-2-e1626625958600.jpg\" title=\"2021.07.18 Verkehrsunfall mit LKW (2)\"><img decoding=\"async\" src=\"https:\/\/feuerwehr-simbach.de\/wp-content\/uploads\/2021\/07\/Verkehrsunfall-mit-LKW-18.07.2021-2-e1626625958600.jpg\" alt=\"2021.07.18 Verkehrsunfall mit LKW (2)\" \/><\/a><\/div><div class=\"su-carousel-slide\"><a href=\"https:\/\/feuerwehr-simbach.de\/wp-content\/uploads\/2021\/07\/Verkehrsunfall-mit-LKW-18.07.2021-3-e1626625978718.jpg\" title=\"2021.07.18 Verkehrsunfall mit LKW (3)\"><img decoding=\"async\" src=\"https:\/\/feuerwehr-simbach.de\/wp-content\/uploads\/2021\/07\/Verkehrsunfall-mit-LKW-18.07.2021-3-e1626625978718.jpg\" alt=\"2021.07.18 Verkehrsunfall mit LKW (3)\" \/><\/a><\/div><div class=\"su-carousel-slide\"><a href=\"https:\/\/feuerwehr-simbach.de\/wp-content\/uploads\/2021\/07\/Verkehrsunfall-mit-LKW-18.07.2021-4-e1626625986892.jpg\" title=\"2021.07.18 Verkehrsunfall mit LKW (4)\"><img decoding=\"async\" src=\"https:\/\/feuerwehr-simbach.de\/wp-content\/uploads\/2021\/07\/Verkehrsunfall-mit-LKW-18.07.2021-4-e1626625986892.jpg\" alt=\"2021.07.18 Verkehrsunfall mit LKW (4)\" \/><\/a><\/div><div class=\"su-carousel-slide\"><a href=\"https:\/\/feuerwehr-simbach.de\/wp-content\/uploads\/2021\/07\/Verkehrsunfall-mit-LKW-18.07.2021-5-e1626625994681.jpg\" title=\"2021.07.18 Verkehrsunfall mit LKW (5)\"><img decoding=\"async\" src=\"https:\/\/feuerwehr-simbach.de\/wp-content\/uploads\/2021\/07\/Verkehrsunfall-mit-LKW-18.07.2021-5-e1626625994681.jpg\" alt=\"2021.07.18 Verkehrsunfall mit LKW (5)\" \/><\/a><\/div><div class=\"su-carousel-slide\"><a href=\"https:\/\/feuerwehr-simbach.de\/wp-content\/uploads\/2021\/07\/Verkehrsunfall-mit-LKW-18.07.2021-6-e1626626002852.jpg\" title=\"2021.07.18 Verkehrsunfall mit LKW (6)\"><img decoding=\"async\" src=\"https:\/\/feuerwehr-simbach.de\/wp-content\/uploads\/2021\/07\/Verkehrsunfall-mit-LKW-18.07.2021-6-e1626626002852.jpg\" alt=\"2021.07.18 Verkehrsunfall mit LKW (6)\" \/><\/a><\/div><div class=\"su-carousel-slide\"><a href=\"https:\/\/feuerwehr-simbach.de\/wp-content\/uploads\/2021\/07\/Verkehrsunfall-mit-LKW-18.07.2021-7-e1626626011337.jpg\" title=\"2021.07.18 Verkehrsunfall mit LKW (7)\"><img decoding=\"async\" src=\"https:\/\/feuerwehr-simbach.de\/wp-content\/uploads\/2021\/07\/Verkehrsunfall-mit-LKW-18.07.2021-7-e1626626011337.jpg\" alt=\"2021.07.18 Verkehrsunfall mit LKW (7)\" \/><\/a><\/div><\/div><div class=\"su-carousel-nav\"><div class=\"su-carousel-direction\"><span class=\"su-carousel-prev\"><\/span><span class=\"su-carousel-next\"><\/span><\/div><div class=\"su-carousel-pagination\"><\/div><\/div><\/div>\n<\/div>","protected":false},"author":22,"featured_media":14779,"template":"","meta":{"einsatz_weight":1,"footnotes":""},"categories":[162],"tags":[],"einsatzart":[],"fahrzeug":[],"exteinsatzmittel":[],"alarmierungsart":[],"evw_unit":[],"class_list":["post-14773","einsatz","type-einsatz","status-publish","has-post-thumbnail","hentry","category-einsaetze-2021"],"_links":{"self":[{"href":"https:\/\/feuerwehr-simbach.de\/index.php?rest_route=\/wp\/v2\/einsatz\/14773","targetHints":{"allow":["GET"]}}],"collection":[{"href":"https:\/\/feuerwehr-simbach.de\/index.php?rest_route=\/wp\/v2\/einsatz"}],"about":[{"href":"https:\/\/feuerwehr-simbach.de\/index.php?rest_route=\/wp\/v2\/types\/einsatz"}],"author":[{"embeddable":true,"href":"https:\/\/feuerwehr-simbach.de\/index.php?rest_route=\/wp\/v2\/users\/22"}],"version-history":[{"count":2,"href":"https:\/\/feuerwehr-simbach.de\/index.php?rest_route=\/wp\/v2\/einsatz\/14773\/revisions"}],"predecessor-version":[{"id":14795,"href":"https:\/\/feuerwehr-simbach.de\/index.php?rest_route=\/wp\/v2\/einsatz\/14773\/revisions\/14795"}],"wp:featuredmedia":[{"embeddable":true,"href":"https:\/\/feuerwehr-simbach.de\/index.php?rest_route=\/wp\/v2\/media\/14779"}],"wp:attachment":[{"href":"https:\/\/feuerwehr-simbach.de\/index.php?rest_route=%2Fwp%2Fv2%2Fmedia&parent=14773"}],"wp:term":[{"taxonomy":"category","embeddable":true,"href":"https:\/\/feuerwehr-simbach.de\/index.php?rest_route=%2Fwp%2Fv2%2Fcategories&post=14773"},{"taxonomy":"post_tag","embeddable":true,"href":"https:\/\/feuerwehr-simbach.de\/index.php?rest_route=%2Fwp%2Fv2%2Ftags&post=14773"},{"taxonomy":"einsatzart","embeddable":true,"href":"https:\/\/feuerwehr-simbach.de\/index.php?rest_route=%2Fwp%2Fv2%2Feinsatzart&post=14773"},{"taxonomy":"fahrzeug","embeddable":true,"href":"https:\/\/feuerwehr-simbach.de\/index.php?rest_route=%2Fwp%2Fv2%2Ffahrzeug&post=14773"},{"taxonomy":"exteinsatzmittel","embeddable":true,"href":"https:\/\/feuerwehr-simbach.de\/index.php?rest_route=%2Fwp%2Fv2%2Fexteinsatzmittel&post=14773"},{"taxonomy":"alarmierungsart","embeddable":true,"href":"https:\/\/feuerwehr-simbach.de\/index.php?rest_route=%2Fwp%2Fv2%2Falarmierungsart&post=14773"},{"taxonomy":"evw_unit","embeddable":true,"href":"https:\/\/feuerwehr-simbach.de\/index.php?rest_route=%2Fwp%2Fv2%2Fevw_unit&post=14773"}],"curies":[{"name":"wp","href":"https:\/\/api.w.org\/{rel}","templated":true}]}}

<div class="wpb-content-wrapper">[vc_row][vc_column][vc_empty_space height=&#8220;1&#8243;][/vc_column][/vc_row][vc_row equal_height=&#8220;yes&#8220; inverse=&#8220;&#8220; css=&#8220;.vc_custom_1545579889091{padding-bottom: 25px !important;background-color: #edf2ef !important;}&#8220;][vc_column width=&#8220;1/4&#8243;][vc_column_text]
<p><strong>Einsatzart:</strong></p>
[/vc_column_text][/vc_column][vc_column width=&#8220;3/4&#8243;][vc_column_text]Technische Hilfeleistung[/vc_column_text][/vc_column][/vc_row][vc_row equal_height=&#8220;yes&#8220; inverse=&#8220;&#8220; css=&#8220;.vc_custom_1545579201718{padding-bottom: 25px !important;}&#8220;][vc_column width=&#8220;1/4&#8243;][vc_column_text]
<p><strong>Schlagwort:</strong></p>
[/vc_column_text][/vc_column][vc_column width=&#8220;3/4&#8243;][vc_column_text]Verkehrsunfall mit LKW[/vc_column_text][/vc_column][/vc_row][vc_row equal_height=&#8220;yes&#8220; inverse=&#8220;&#8220; css=&#8220;.vc_custom_1545579190843{padding-bottom: 25px !important;background-color: #edf2ef !important;}&#8220;][vc_column width=&#8220;1/4&#8243;][vc_column_text]
<p><strong>Stichwort:</strong></p>
[/vc_column_text][/vc_column][vc_column width=&#8220;3/4&#8243;][vc_column_text]THL 2[/vc_column_text][/vc_column][/vc_row][vc_row equal_height=&#8220;yes&#8220; inverse=&#8220;&#8220; css=&#8220;.vc_custom_1545579201718{padding-bottom: 25px !important;}&#8220;][vc_column width=&#8220;1/4&#8243;][vc_column_text]
<p><strong>Einsatzort:</strong></p>
[/vc_column_text][/vc_column][vc_column width=&#8220;3/4&#8243;][vc_column_text]Kirchberg, PAN 4 Höhe Hötzl[/vc_column_text][/vc_column][/vc_row][vc_row equal_height=&#8220;yes&#8220; inverse=&#8220;&#8220; css=&#8220;.vc_custom_1545579210044{padding-bottom: 25px !important;background-color: #edf2ef !important;}&#8220;][vc_column width=&#8220;1/4&#8243;][vc_column_text]
<p><strong>Datum:</strong></p>
[/vc_column_text][/vc_column][vc_column width=&#8220;3/4&#8243;][vc_column_text]Sonntag, 18. Juli 2021[/vc_column_text][/vc_column][/vc_row][vc_row equal_height=&#8220;yes&#8220; inverse=&#8220;&#8220; css=&#8220;.vc_custom_1545579217081{padding-bottom: 25px !important;}&#8220;][vc_column width=&#8220;1/4&#8243;][vc_column_text]
<p><strong>Alarmierung (Schleife):</strong></p>
[/vc_column_text][/vc_column][vc_column width=&#8220;3/4&#8243;][vc_column_text]Nacht-/Wochenendalarm[/vc_column_text][/vc_column][/vc_row][vc_row equal_height=&#8220;yes&#8220; inverse=&#8220;&#8220; css=&#8220;.vc_custom_1545579225595{padding-bottom: 25px !important;background-color: #edf2ef !important;}&#8220;][vc_column width=&#8220;1/4&#8243;][vc_column_text]
<p><strong>E</strong><strong>ingesetzte</strong><strong> Kräfte:</strong></p>
[/vc_column_text][/vc_column][vc_column width=&#8220;3/4&#8243;][vc_column_text]FF Simbach a. Inn, FF Wittibreut, FF Kirchberg, KBM 2/2, Rettungsdienst, Polizei[/vc_column_text][/vc_column][/vc_row][vc_row][vc_column][vc_empty_space height=&#8220;30&#8243;][/vc_column][/vc_row][vc_row][vc_column][vc_separator border_width=&#8220;4&#8243;][/vc_column][/vc_row][vc_row][vc_column][vc_empty_space height=&#8220;30&#8243;][/vc_column][/vc_row][vc_row equal_height=&#8220;yes&#8220; inverse=&#8220;&#8220; css=&#8220;.vc_custom_1534176358862{padding-bottom: 25px !important;}&#8220;][vc_column width=&#8220;1/4&#8243;][vc_column_text]
<p><strong>Einsatzbericht:</strong></p>
[/vc_column_text][/vc_column][vc_column width=&#8220;3/4&#8243;][vc_column_text]<span class="s1">Am Sonntag gegen 16.00 Uhr wurden wir gemeinsam mit den Feuerwehren aus Wittibreut und Kirchberg zu einem Verkehrsunfall auf die PAN 4 Höhe Hötzl gerufen. An der Einsatzstelle stellte sich heraus, dass ein Milchlastwagen umgekippt war und im Straßengraben lag. Deshalb war es notwendig, die Kreisstraße in diesem Bereich komplett zu sperren. Dies übernahm die Feuerwehr Wittibreut für den aus Richtung Wittibreut kommenden und wir für den aus Richtung Simbach kommenden Verkehr. Nach kurzer Zeit wurden wir jedoch von den Kircherger Kameraden abgelöst, weshalb wir wieder ins Gerätehaus einrücken konnten</span><span class="s1">.</span>[/vc_column_text][/vc_column][/vc_row][vc_row][vc_column][vc_column_text]
<p>&nbsp;</p>
<div id="su_carousel_69f090c183e48" class="su-carousel su-carousel-centered su-carousel-pages-no su-carousel-responsive-yes JLqJ4b ChMk0b su-lightbox-gallery" style="width:100%" data-autoplay="3000" data-speed="2000" data-mousewheel="true" data-items="3" data-scroll="1"><div class="su-carousel-slides"><div class="su-carousel-slide"><a href="https://feuerwehr-simbach.de/wp-content/uploads/2021/07/Verkehrsunfall-mit-LKW-18.07.2021-1-e1626625943515.jpg" title="2021.07.18 Verkehrsunfall mit LKW (1)"><img decoding="async" src="https://feuerwehr-simbach.de/wp-content/uploads/2021/07/Verkehrsunfall-mit-LKW-18.07.2021-1-e1626625943515.jpg" alt="2021.07.18 Verkehrsunfall mit LKW (1)" /></a></div><div class="su-carousel-slide"><a href="https://feuerwehr-simbach.de/wp-content/uploads/2021/07/Verkehrsunfall-mit-LKW-18.07.2021-2-e1626625958600.jpg" title="2021.07.18 Verkehrsunfall mit LKW (2)"><img decoding="async" src="https://feuerwehr-simbach.de/wp-content/uploads/2021/07/Verkehrsunfall-mit-LKW-18.07.2021-2-e1626625958600.jpg" alt="2021.07.18 Verkehrsunfall mit LKW (2)" /></a></div><div class="su-carousel-slide"><a href="https://feuerwehr-simbach.de/wp-content/uploads/2021/07/Verkehrsunfall-mit-LKW-18.07.2021-3-e1626625978718.jpg" title="2021.07.18 Verkehrsunfall mit LKW (3)"><img decoding="async" src="https://feuerwehr-simbach.de/wp-content/uploads/2021/07/Verkehrsunfall-mit-LKW-18.07.2021-3-e1626625978718.jpg" alt="2021.07.18 Verkehrsunfall mit LKW (3)" /></a></div><div class="su-carousel-slide"><a href="https://feuerwehr-simbach.de/wp-content/uploads/2021/07/Verkehrsunfall-mit-LKW-18.07.2021-4-e1626625986892.jpg" title="2021.07.18 Verkehrsunfall mit LKW (4)"><img decoding="async" src="https://feuerwehr-simbach.de/wp-content/uploads/2021/07/Verkehrsunfall-mit-LKW-18.07.2021-4-e1626625986892.jpg" alt="2021.07.18 Verkehrsunfall mit LKW (4)" /></a></div><div class="su-carousel-slide"><a href="https://feuerwehr-simbach.de/wp-content/uploads/2021/07/Verkehrsunfall-mit-LKW-18.07.2021-5-e1626625994681.jpg" title="2021.07.18 Verkehrsunfall mit LKW (5)"><img decoding="async" src="https://feuerwehr-simbach.de/wp-content/uploads/2021/07/Verkehrsunfall-mit-LKW-18.07.2021-5-e1626625994681.jpg" alt="2021.07.18 Verkehrsunfall mit LKW (5)" /></a></div><div class="su-carousel-slide"><a href="https://feuerwehr-simbach.de/wp-content/uploads/2021/07/Verkehrsunfall-mit-LKW-18.07.2021-6-e1626626002852.jpg" title="2021.07.18 Verkehrsunfall mit LKW (6)"><img decoding="async" src="https://feuerwehr-simbach.de/wp-content/uploads/2021/07/Verkehrsunfall-mit-LKW-18.07.2021-6-e1626626002852.jpg" alt="2021.07.18 Verkehrsunfall mit LKW (6)" /></a></div><div class="su-carousel-slide"><a href="https://feuerwehr-simbach.de/wp-content/uploads/2021/07/Verkehrsunfall-mit-LKW-18.07.2021-7-e1626626011337.jpg" title="2021.07.18 Verkehrsunfall mit LKW (7)"><img decoding="async" src="https://feuerwehr-simbach.de/wp-content/uploads/2021/07/Verkehrsunfall-mit-LKW-18.07.2021-7-e1626626011337.jpg" alt="2021.07.18 Verkehrsunfall mit LKW (7)" /></a></div></div><div class="su-carousel-nav"><div class="su-carousel-direction"><span class="su-carousel-prev"></span><span class="su-carousel-next"></span></div><div class="su-carousel-pagination"></div></div></div>
</div>
