{"id":14812,"date":"2021-07-22T13:29:00","date_gmt":"2021-07-22T11:29:00","guid":{"rendered":"https:\/\/feuerwehr-simbach.de\/?post_type=einsatz&#038;p=14812"},"modified":"2021-07-22T14:56:18","modified_gmt":"2021-07-22T12:56:18","slug":"22-07-2021-gasaustritt-im-freien","status":"publish","type":"einsatz","link":"https:\/\/feuerwehr-simbach.de\/?einsatz=22-07-2021-gasaustritt-im-freien","title":{"rendered":"22.07.2021 &#8211; Gasaustritt im Freien"},"content":{"rendered":"<div class=\"wpb-content-wrapper\">[vc_row][vc_column][vc_empty_space height=&#8220;1&#8243;][\/vc_column][\/vc_row][vc_row equal_height=&#8220;yes&#8220; inverse=&#8220;&#8220; css=&#8220;.vc_custom_1545579889091{padding-bottom: 25px !important;background-color: #edf2ef !important;}&#8220;][vc_column width=&#8220;1\/4&#8243;][vc_column_text]\n<p><strong>Einsatzart:<\/strong><\/p>\n[\/vc_column_text][\/vc_column][vc_column width=&#8220;3\/4&#8243;][vc_column_text]ABC[\/vc_column_text][\/vc_column][\/vc_row][vc_row equal_height=&#8220;yes&#8220; inverse=&#8220;&#8220; css=&#8220;.vc_custom_1545579201718{padding-bottom: 25px !important;}&#8220;][vc_column width=&#8220;1\/4&#8243;][vc_column_text]\n<p><strong>Schlagwort:<\/strong><\/p>\n[\/vc_column_text][\/vc_column][vc_column width=&#8220;3\/4&#8243;][vc_column_text]Gasaustritt im Freien[\/vc_column_text][\/vc_column][\/vc_row][vc_row equal_height=&#8220;yes&#8220; inverse=&#8220;&#8220; css=&#8220;.vc_custom_1545579190843{padding-bottom: 25px !important;background-color: #edf2ef !important;}&#8220;][vc_column width=&#8220;1\/4&#8243;][vc_column_text]\n<p><strong>Stichwort:<\/strong><\/p>\n[\/vc_column_text][\/vc_column][vc_column width=&#8220;3\/4&#8243;][vc_column_text]ABC 2[\/vc_column_text][\/vc_column][\/vc_row][vc_row equal_height=&#8220;yes&#8220; inverse=&#8220;&#8220; css=&#8220;.vc_custom_1545579201718{padding-bottom: 25px !important;}&#8220;][vc_column width=&#8220;1\/4&#8243;][vc_column_text]\n<p><strong>Einsatzort:<\/strong><\/p>\n[\/vc_column_text][\/vc_column][vc_column width=&#8220;3\/4&#8243;][vc_column_text]Simbach, Bachstra\u00dfe[\/vc_column_text][\/vc_column][\/vc_row][vc_row equal_height=&#8220;yes&#8220; inverse=&#8220;&#8220; css=&#8220;.vc_custom_1545579210044{padding-bottom: 25px !important;background-color: #edf2ef !important;}&#8220;][vc_column width=&#8220;1\/4&#8243;][vc_column_text]\n<p><strong>Datum:<\/strong><\/p>\n[\/vc_column_text][\/vc_column][vc_column width=&#8220;3\/4&#8243;][vc_column_text]Donnerstag, 22. Juli 2021[\/vc_column_text][\/vc_column][\/vc_row][vc_row equal_height=&#8220;yes&#8220; inverse=&#8220;&#8220; css=&#8220;.vc_custom_1545579217081{padding-bottom: 25px !important;}&#8220;][vc_column width=&#8220;1\/4&#8243;][vc_column_text]\n<p><strong>Alarmierung (Schleife):<\/strong><\/p>\n[\/vc_column_text][\/vc_column][vc_column width=&#8220;3\/4&#8243;][vc_column_text]Vollalarm[\/vc_column_text][\/vc_column][\/vc_row][vc_row equal_height=&#8220;yes&#8220; inverse=&#8220;&#8220; css=&#8220;.vc_custom_1545579225595{padding-bottom: 25px !important;background-color: #edf2ef !important;}&#8220;][vc_column width=&#8220;1\/4&#8243;][vc_column_text]\n<p><strong>E<\/strong><strong>ingesetzte<\/strong><strong> Kr\u00e4fte:<\/strong><\/p>\n[\/vc_column_text][\/vc_column][vc_column width=&#8220;3\/4&#8243;][vc_column_text]FF Simbach a. Inn, FF Pfarrkirchen, KBM 2\/1, KBM 1\/3, Rettungsdienst, Einsatzleiter Rettungsdienst, Polizei, Energieversorger[\/vc_column_text][\/vc_column][\/vc_row][vc_row][vc_column][vc_empty_space height=&#8220;30&#8243;][\/vc_column][\/vc_row][vc_row][vc_column][vc_separator border_width=&#8220;4&#8243;][\/vc_column][\/vc_row][vc_row][vc_column][vc_empty_space height=&#8220;30&#8243;][\/vc_column][\/vc_row][vc_row equal_height=&#8220;yes&#8220; inverse=&#8220;&#8220; css=&#8220;.vc_custom_1534176358862{padding-bottom: 25px !important;}&#8220;][vc_column width=&#8220;1\/4&#8243;][vc_column_text]\n<p><strong>Einsatzbericht:<\/strong><\/p>\n[\/vc_column_text][\/vc_column][vc_column width=&#8220;3\/4&#8243;][vc_column_text]Bei Bauarbeiten in der Bachstra\u00dfe riss ein Bagger am Donnerstag gegen 11.45 Uhr eine Gasleitung ab, woraufhin es zu einem Gasaustritt kam. <span class=\"s1\">Deshalb wurden wir gemeinsam mit dem Modul Messen der Feuerwehr Pfarrkirchen nach dem Stichwort ABC 2 alarmiert. Der\u00a0 zuerst eintreffende Einsatzleiter konnte an der Einsatzstelle starken Gasgeruch wahrnehmen, weshalb er umgehend den zust\u00e4ndigen Energieversorger anforderte. Gleichzeitig wurde der Brandschutz sichergestellt, der betroffene Bereich abgesichert und die Gasleitung im betroffenen Bereich abgeschiebert. Anschlie\u00dfend f\u00fchrte ein Trupp unter Atemschutz mit einem Gasmessger\u00e4t Messungen durch. Da die Messergebnisse nicht im gef\u00e4hrlichen Bereich lagen, konnte das Modul Messen der Feuerwehr Pfarrkirchen noch auf der Anfahrt abbestellt werden. Der Energieversorger f\u00fchrte mit seinen Spezialger\u00e4ten ebenfalls noch Messungen durch. Diese ergaben sowohl im Bereich der abgerissenen Gasleitung als auch in den angrenzenden Geb\u00e4uden Werte im ungef\u00e4hrlichen Bereich, weshalb wir nach \u00dcbergabe der Einsatzstelle an den Energieversorger wieder abr\u00fccken konnten.<\/span>[\/vc_column_text][\/vc_column][\/vc_row][vc_row][vc_column][vc_column_text]\n<p>&nbsp;<\/p>\n<div id=\"su_carousel_69f0911de20be\" class=\"su-carousel su-carousel-centered su-carousel-pages-no su-carousel-responsive-yes JLqJ4b ChMk0b su-lightbox-gallery\" style=\"width:100%\" data-autoplay=\"3000\" data-speed=\"2000\" data-mousewheel=\"true\" data-items=\"3\" data-scroll=\"1\"><div class=\"su-carousel-slides\"><div class=\"su-carousel-slide\"><a href=\"https:\/\/feuerwehr-simbach.de\/wp-content\/uploads\/2021\/07\/Gasaustritt-im-Freien-22.07.2021-1-e1626957558252.jpg\" title=\"2021.07.22 Gasaustritt im Freien (1)\"><img decoding=\"async\" src=\"https:\/\/feuerwehr-simbach.de\/wp-content\/uploads\/2021\/07\/Gasaustritt-im-Freien-22.07.2021-1-e1626957558252.jpg\" alt=\"2021.07.22 Gasaustritt im Freien (1)\" \/><\/a><\/div><div class=\"su-carousel-slide\"><a href=\"https:\/\/feuerwehr-simbach.de\/wp-content\/uploads\/2021\/07\/Gasaustritt-im-Freien-22.07.2021-2-e1626957567804.jpg\" title=\"2021.07.22 Gasaustritt im Freien (2)\"><img decoding=\"async\" src=\"https:\/\/feuerwehr-simbach.de\/wp-content\/uploads\/2021\/07\/Gasaustritt-im-Freien-22.07.2021-2-e1626957567804.jpg\" alt=\"2021.07.22 Gasaustritt im Freien (2)\" \/><\/a><\/div><div class=\"su-carousel-slide\"><a href=\"https:\/\/feuerwehr-simbach.de\/wp-content\/uploads\/2021\/07\/Gasaustritt-im-Freien-22.07.2021-3-e1626957577517.jpg\" title=\"2021.07.22 Gasaustritt im Freien (3)\"><img decoding=\"async\" src=\"https:\/\/feuerwehr-simbach.de\/wp-content\/uploads\/2021\/07\/Gasaustritt-im-Freien-22.07.2021-3-e1626957577517.jpg\" alt=\"2021.07.22 Gasaustritt im Freien (3)\" \/><\/a><\/div><div class=\"su-carousel-slide\"><a href=\"https:\/\/feuerwehr-simbach.de\/wp-content\/uploads\/2021\/07\/Gasaustritt-im-Freien-22.07.2021-4-e1626957585280.jpg\" title=\"2021.07.22 Gasaustritt im Freien (4)\"><img decoding=\"async\" src=\"https:\/\/feuerwehr-simbach.de\/wp-content\/uploads\/2021\/07\/Gasaustritt-im-Freien-22.07.2021-4-e1626957585280.jpg\" alt=\"2021.07.22 Gasaustritt im Freien (4)\" \/><\/a><\/div><div class=\"su-carousel-slide\"><a href=\"https:\/\/feuerwehr-simbach.de\/wp-content\/uploads\/2021\/07\/Gasaustritt-im-Freien-22.07.2021-5-e1626957595296.jpg\" title=\"2021.07.22 Gasaustritt im Freien (5)\"><img decoding=\"async\" src=\"https:\/\/feuerwehr-simbach.de\/wp-content\/uploads\/2021\/07\/Gasaustritt-im-Freien-22.07.2021-5-e1626957595296.jpg\" alt=\"2021.07.22 Gasaustritt im Freien (5)\" \/><\/a><\/div><div class=\"su-carousel-slide\"><a href=\"https:\/\/feuerwehr-simbach.de\/wp-content\/uploads\/2021\/07\/Gasaustritt-im-Freien-22.07.2021-6-e1626957603713.jpg\" title=\"2021.07.22 Gasaustritt im Freien (6)\"><img decoding=\"async\" src=\"https:\/\/feuerwehr-simbach.de\/wp-content\/uploads\/2021\/07\/Gasaustritt-im-Freien-22.07.2021-6-e1626957603713.jpg\" alt=\"2021.07.22 Gasaustritt im Freien (6)\" \/><\/a><\/div><div class=\"su-carousel-slide\"><a href=\"https:\/\/feuerwehr-simbach.de\/wp-content\/uploads\/2021\/07\/Gasaustritt-im-Freien-22.07.2021-7-e1626957612278.jpg\" title=\"2021.07.22 Gasaustritt im Freien (7)\"><img decoding=\"async\" src=\"https:\/\/feuerwehr-simbach.de\/wp-content\/uploads\/2021\/07\/Gasaustritt-im-Freien-22.07.2021-7-e1626957612278.jpg\" alt=\"2021.07.22 Gasaustritt im Freien (7)\" \/><\/a><\/div><div class=\"su-carousel-slide\"><a href=\"https:\/\/feuerwehr-simbach.de\/wp-content\/uploads\/2021\/07\/Gasaustritt-im-Freien-22.07.2021-8-e1626957621343.jpg\" title=\"2021.07.22 Gasaustritt im Freien (8)\"><img decoding=\"async\" src=\"https:\/\/feuerwehr-simbach.de\/wp-content\/uploads\/2021\/07\/Gasaustritt-im-Freien-22.07.2021-8-e1626957621343.jpg\" alt=\"2021.07.22 Gasaustritt im Freien (8)\" \/><\/a><\/div><div class=\"su-carousel-slide\"><a href=\"https:\/\/feuerwehr-simbach.de\/wp-content\/uploads\/2021\/07\/Gasaustritt-im-Freien-22.07.2021-9-e1626957631294.jpg\" title=\"2021.07.22 Gasaustritt im Freien (9)\"><img decoding=\"async\" src=\"https:\/\/feuerwehr-simbach.de\/wp-content\/uploads\/2021\/07\/Gasaustritt-im-Freien-22.07.2021-9-e1626957631294.jpg\" alt=\"2021.07.22 Gasaustritt im Freien (9)\" \/><\/a><\/div><\/div><div class=\"su-carousel-nav\"><div class=\"su-carousel-direction\"><span class=\"su-carousel-prev\"><\/span><span class=\"su-carousel-next\"><\/span><\/div><div class=\"su-carousel-pagination\"><\/div><\/div><\/div>\n<\/div>","protected":false},"author":22,"featured_media":14816,"template":"","meta":{"einsatz_weight":1,"footnotes":""},"categories":[162],"tags":[],"einsatzart":[],"fahrzeug":[],"exteinsatzmittel":[],"alarmierungsart":[],"evw_unit":[],"class_list":["post-14812","einsatz","type-einsatz","status-publish","has-post-thumbnail","hentry","category-einsaetze-2021"],"_links":{"self":[{"href":"https:\/\/feuerwehr-simbach.de\/index.php?rest_route=\/wp\/v2\/einsatz\/14812","targetHints":{"allow":["GET"]}}],"collection":[{"href":"https:\/\/feuerwehr-simbach.de\/index.php?rest_route=\/wp\/v2\/einsatz"}],"about":[{"href":"https:\/\/feuerwehr-simbach.de\/index.php?rest_route=\/wp\/v2\/types\/einsatz"}],"author":[{"embeddable":true,"href":"https:\/\/feuerwehr-simbach.de\/index.php?rest_route=\/wp\/v2\/users\/22"}],"version-history":[{"count":6,"href":"https:\/\/feuerwehr-simbach.de\/index.php?rest_route=\/wp\/v2\/einsatz\/14812\/revisions"}],"predecessor-version":[{"id":21017,"href":"https:\/\/feuerwehr-simbach.de\/index.php?rest_route=\/wp\/v2\/einsatz\/14812\/revisions\/21017"}],"wp:featuredmedia":[{"embeddable":true,"href":"https:\/\/feuerwehr-simbach.de\/index.php?rest_route=\/wp\/v2\/media\/14816"}],"wp:attachment":[{"href":"https:\/\/feuerwehr-simbach.de\/index.php?rest_route=%2Fwp%2Fv2%2Fmedia&parent=14812"}],"wp:term":[{"taxonomy":"category","embeddable":true,"href":"https:\/\/feuerwehr-simbach.de\/index.php?rest_route=%2Fwp%2Fv2%2Fcategories&post=14812"},{"taxonomy":"post_tag","embeddable":true,"href":"https:\/\/feuerwehr-simbach.de\/index.php?rest_route=%2Fwp%2Fv2%2Ftags&post=14812"},{"taxonomy":"einsatzart","embeddable":true,"href":"https:\/\/feuerwehr-simbach.de\/index.php?rest_route=%2Fwp%2Fv2%2Feinsatzart&post=14812"},{"taxonomy":"fahrzeug","embeddable":true,"href":"https:\/\/feuerwehr-simbach.de\/index.php?rest_route=%2Fwp%2Fv2%2Ffahrzeug&post=14812"},{"taxonomy":"exteinsatzmittel","embeddable":true,"href":"https:\/\/feuerwehr-simbach.de\/index.php?rest_route=%2Fwp%2Fv2%2Fexteinsatzmittel&post=14812"},{"taxonomy":"alarmierungsart","embeddable":true,"href":"https:\/\/feuerwehr-simbach.de\/index.php?rest_route=%2Fwp%2Fv2%2Falarmierungsart&post=14812"},{"taxonomy":"evw_unit","embeddable":true,"href":"https:\/\/feuerwehr-simbach.de\/index.php?rest_route=%2Fwp%2Fv2%2Fevw_unit&post=14812"}],"curies":[{"name":"wp","href":"https:\/\/api.w.org\/{rel}","templated":true}]}}

<div class="wpb-content-wrapper">[vc_row][vc_column][vc_empty_space height=&#8220;1&#8243;][/vc_column][/vc_row][vc_row equal_height=&#8220;yes&#8220; inverse=&#8220;&#8220; css=&#8220;.vc_custom_1545579889091{padding-bottom: 25px !important;background-color: #edf2ef !important;}&#8220;][vc_column width=&#8220;1/4&#8243;][vc_column_text]
<p><strong>Einsatzart:</strong></p>
[/vc_column_text][/vc_column][vc_column width=&#8220;3/4&#8243;][vc_column_text]ABC[/vc_column_text][/vc_column][/vc_row][vc_row equal_height=&#8220;yes&#8220; inverse=&#8220;&#8220; css=&#8220;.vc_custom_1545579201718{padding-bottom: 25px !important;}&#8220;][vc_column width=&#8220;1/4&#8243;][vc_column_text]
<p><strong>Schlagwort:</strong></p>
[/vc_column_text][/vc_column][vc_column width=&#8220;3/4&#8243;][vc_column_text]Gasaustritt im Freien[/vc_column_text][/vc_column][/vc_row][vc_row equal_height=&#8220;yes&#8220; inverse=&#8220;&#8220; css=&#8220;.vc_custom_1545579190843{padding-bottom: 25px !important;background-color: #edf2ef !important;}&#8220;][vc_column width=&#8220;1/4&#8243;][vc_column_text]
<p><strong>Stichwort:</strong></p>
[/vc_column_text][/vc_column][vc_column width=&#8220;3/4&#8243;][vc_column_text]ABC 2[/vc_column_text][/vc_column][/vc_row][vc_row equal_height=&#8220;yes&#8220; inverse=&#8220;&#8220; css=&#8220;.vc_custom_1545579201718{padding-bottom: 25px !important;}&#8220;][vc_column width=&#8220;1/4&#8243;][vc_column_text]
<p><strong>Einsatzort:</strong></p>
[/vc_column_text][/vc_column][vc_column width=&#8220;3/4&#8243;][vc_column_text]Simbach, Bachstraße[/vc_column_text][/vc_column][/vc_row][vc_row equal_height=&#8220;yes&#8220; inverse=&#8220;&#8220; css=&#8220;.vc_custom_1545579210044{padding-bottom: 25px !important;background-color: #edf2ef !important;}&#8220;][vc_column width=&#8220;1/4&#8243;][vc_column_text]
<p><strong>Datum:</strong></p>
[/vc_column_text][/vc_column][vc_column width=&#8220;3/4&#8243;][vc_column_text]Donnerstag, 22. Juli 2021[/vc_column_text][/vc_column][/vc_row][vc_row equal_height=&#8220;yes&#8220; inverse=&#8220;&#8220; css=&#8220;.vc_custom_1545579217081{padding-bottom: 25px !important;}&#8220;][vc_column width=&#8220;1/4&#8243;][vc_column_text]
<p><strong>Alarmierung (Schleife):</strong></p>
[/vc_column_text][/vc_column][vc_column width=&#8220;3/4&#8243;][vc_column_text]Vollalarm[/vc_column_text][/vc_column][/vc_row][vc_row equal_height=&#8220;yes&#8220; inverse=&#8220;&#8220; css=&#8220;.vc_custom_1545579225595{padding-bottom: 25px !important;background-color: #edf2ef !important;}&#8220;][vc_column width=&#8220;1/4&#8243;][vc_column_text]
<p><strong>E</strong><strong>ingesetzte</strong><strong> Kräfte:</strong></p>
[/vc_column_text][/vc_column][vc_column width=&#8220;3/4&#8243;][vc_column_text]FF Simbach a. Inn, FF Pfarrkirchen, KBM 2/1, KBM 1/3, Rettungsdienst, Einsatzleiter Rettungsdienst, Polizei, Energieversorger[/vc_column_text][/vc_column][/vc_row][vc_row][vc_column][vc_empty_space height=&#8220;30&#8243;][/vc_column][/vc_row][vc_row][vc_column][vc_separator border_width=&#8220;4&#8243;][/vc_column][/vc_row][vc_row][vc_column][vc_empty_space height=&#8220;30&#8243;][/vc_column][/vc_row][vc_row equal_height=&#8220;yes&#8220; inverse=&#8220;&#8220; css=&#8220;.vc_custom_1534176358862{padding-bottom: 25px !important;}&#8220;][vc_column width=&#8220;1/4&#8243;][vc_column_text]
<p><strong>Einsatzbericht:</strong></p>
[/vc_column_text][/vc_column][vc_column width=&#8220;3/4&#8243;][vc_column_text]Bei Bauarbeiten in der Bachstraße riss ein Bagger am Donnerstag gegen 11.45 Uhr eine Gasleitung ab, woraufhin es zu einem Gasaustritt kam. <span class="s1">Deshalb wurden wir gemeinsam mit dem Modul Messen der Feuerwehr Pfarrkirchen nach dem Stichwort ABC 2 alarmiert. Der  zuerst eintreffende Einsatzleiter konnte an der Einsatzstelle starken Gasgeruch wahrnehmen, weshalb er umgehend den zuständigen Energieversorger anforderte. Gleichzeitig wurde der Brandschutz sichergestellt, der betroffene Bereich abgesichert und die Gasleitung im betroffenen Bereich abgeschiebert. Anschließend führte ein Trupp unter Atemschutz mit einem Gasmessgerät Messungen durch. Da die Messergebnisse nicht im gefährlichen Bereich lagen, konnte das Modul Messen der Feuerwehr Pfarrkirchen noch auf der Anfahrt abbestellt werden. Der Energieversorger führte mit seinen Spezialgeräten ebenfalls noch Messungen durch. Diese ergaben sowohl im Bereich der abgerissenen Gasleitung als auch in den angrenzenden Gebäuden Werte im ungefährlichen Bereich, weshalb wir nach Übergabe der Einsatzstelle an den Energieversorger wieder abrücken konnten.</span>[/vc_column_text][/vc_column][/vc_row][vc_row][vc_column][vc_column_text]
<p>&nbsp;</p>
<div id="su_carousel_69f0911de20be" class="su-carousel su-carousel-centered su-carousel-pages-no su-carousel-responsive-yes JLqJ4b ChMk0b su-lightbox-gallery" style="width:100%" data-autoplay="3000" data-speed="2000" data-mousewheel="true" data-items="3" data-scroll="1"><div class="su-carousel-slides"><div class="su-carousel-slide"><a href="https://feuerwehr-simbach.de/wp-content/uploads/2021/07/Gasaustritt-im-Freien-22.07.2021-1-e1626957558252.jpg" title="2021.07.22 Gasaustritt im Freien (1)"><img decoding="async" src="https://feuerwehr-simbach.de/wp-content/uploads/2021/07/Gasaustritt-im-Freien-22.07.2021-1-e1626957558252.jpg" alt="2021.07.22 Gasaustritt im Freien (1)" /></a></div><div class="su-carousel-slide"><a href="https://feuerwehr-simbach.de/wp-content/uploads/2021/07/Gasaustritt-im-Freien-22.07.2021-2-e1626957567804.jpg" title="2021.07.22 Gasaustritt im Freien (2)"><img decoding="async" src="https://feuerwehr-simbach.de/wp-content/uploads/2021/07/Gasaustritt-im-Freien-22.07.2021-2-e1626957567804.jpg" alt="2021.07.22 Gasaustritt im Freien (2)" /></a></div><div class="su-carousel-slide"><a href="https://feuerwehr-simbach.de/wp-content/uploads/2021/07/Gasaustritt-im-Freien-22.07.2021-3-e1626957577517.jpg" title="2021.07.22 Gasaustritt im Freien (3)"><img decoding="async" src="https://feuerwehr-simbach.de/wp-content/uploads/2021/07/Gasaustritt-im-Freien-22.07.2021-3-e1626957577517.jpg" alt="2021.07.22 Gasaustritt im Freien (3)" /></a></div><div class="su-carousel-slide"><a href="https://feuerwehr-simbach.de/wp-content/uploads/2021/07/Gasaustritt-im-Freien-22.07.2021-4-e1626957585280.jpg" title="2021.07.22 Gasaustritt im Freien (4)"><img decoding="async" src="https://feuerwehr-simbach.de/wp-content/uploads/2021/07/Gasaustritt-im-Freien-22.07.2021-4-e1626957585280.jpg" alt="2021.07.22 Gasaustritt im Freien (4)" /></a></div><div class="su-carousel-slide"><a href="https://feuerwehr-simbach.de/wp-content/uploads/2021/07/Gasaustritt-im-Freien-22.07.2021-5-e1626957595296.jpg" title="2021.07.22 Gasaustritt im Freien (5)"><img decoding="async" src="https://feuerwehr-simbach.de/wp-content/uploads/2021/07/Gasaustritt-im-Freien-22.07.2021-5-e1626957595296.jpg" alt="2021.07.22 Gasaustritt im Freien (5)" /></a></div><div class="su-carousel-slide"><a href="https://feuerwehr-simbach.de/wp-content/uploads/2021/07/Gasaustritt-im-Freien-22.07.2021-6-e1626957603713.jpg" title="2021.07.22 Gasaustritt im Freien (6)"><img decoding="async" src="https://feuerwehr-simbach.de/wp-content/uploads/2021/07/Gasaustritt-im-Freien-22.07.2021-6-e1626957603713.jpg" alt="2021.07.22 Gasaustritt im Freien (6)" /></a></div><div class="su-carousel-slide"><a href="https://feuerwehr-simbach.de/wp-content/uploads/2021/07/Gasaustritt-im-Freien-22.07.2021-7-e1626957612278.jpg" title="2021.07.22 Gasaustritt im Freien (7)"><img decoding="async" src="https://feuerwehr-simbach.de/wp-content/uploads/2021/07/Gasaustritt-im-Freien-22.07.2021-7-e1626957612278.jpg" alt="2021.07.22 Gasaustritt im Freien (7)" /></a></div><div class="su-carousel-slide"><a href="https://feuerwehr-simbach.de/wp-content/uploads/2021/07/Gasaustritt-im-Freien-22.07.2021-8-e1626957621343.jpg" title="2021.07.22 Gasaustritt im Freien (8)"><img decoding="async" src="https://feuerwehr-simbach.de/wp-content/uploads/2021/07/Gasaustritt-im-Freien-22.07.2021-8-e1626957621343.jpg" alt="2021.07.22 Gasaustritt im Freien (8)" /></a></div><div class="su-carousel-slide"><a href="https://feuerwehr-simbach.de/wp-content/uploads/2021/07/Gasaustritt-im-Freien-22.07.2021-9-e1626957631294.jpg" title="2021.07.22 Gasaustritt im Freien (9)"><img decoding="async" src="https://feuerwehr-simbach.de/wp-content/uploads/2021/07/Gasaustritt-im-Freien-22.07.2021-9-e1626957631294.jpg" alt="2021.07.22 Gasaustritt im Freien (9)" /></a></div></div><div class="su-carousel-nav"><div class="su-carousel-direction"><span class="su-carousel-prev"></span><span class="su-carousel-next"></span></div><div class="su-carousel-pagination"></div></div></div>
</div>
