{"id":15173,"date":"2021-08-16T19:15:00","date_gmt":"2021-08-16T17:15:00","guid":{"rendered":"https:\/\/feuerwehr-simbach.de\/?post_type=einsatz&#038;p=15173"},"modified":"2021-08-21T11:32:59","modified_gmt":"2021-08-21T09:32:59","slug":"16-08-2021-wasserschaden","status":"publish","type":"einsatz","link":"https:\/\/feuerwehr-simbach.de\/?einsatz=16-08-2021-wasserschaden","title":{"rendered":"16.08.2021 &#8211; Wassereintritt ins Geb\u00e4ude"},"content":{"rendered":"<div class=\"wpb-content-wrapper\">[vc_row][vc_column][vc_empty_space height=&#8220;1&#8243;][\/vc_column][\/vc_row][vc_row equal_height=&#8220;yes&#8220; inverse=&#8220;&#8220; css=&#8220;.vc_custom_1545579889091{padding-bottom: 25px !important;background-color: #edf2ef !important;}&#8220;][vc_column width=&#8220;1\/4&#8243;][vc_column_text]\n<p><strong>Einsatzart:<\/strong><\/p>\n[\/vc_column_text][\/vc_column][vc_column width=&#8220;3\/4&#8243;][vc_column_text]Technische Hilfeleistung[\/vc_column_text][\/vc_column][\/vc_row][vc_row equal_height=&#8220;yes&#8220; inverse=&#8220;&#8220; css=&#8220;.vc_custom_1545579201718{padding-bottom: 25px !important;}&#8220;][vc_column width=&#8220;1\/4&#8243;][vc_column_text]\n<p><strong>Schlagwort:<\/strong><\/p>\n[\/vc_column_text][\/vc_column][vc_column width=&#8220;3\/4&#8243;][vc_column_text]Wassereintritt ins Geb\u00e4ude[\/vc_column_text][\/vc_column][\/vc_row][vc_row equal_height=&#8220;yes&#8220; inverse=&#8220;&#8220; css=&#8220;.vc_custom_1545579190843{padding-bottom: 25px !important;background-color: #edf2ef !important;}&#8220;][vc_column width=&#8220;1\/4&#8243;][vc_column_text]\n<p><strong>Stichwort:<\/strong><\/p>\n[\/vc_column_text][\/vc_column][vc_column width=&#8220;3\/4&#8243;][vc_column_text]THL 1[\/vc_column_text][\/vc_column][\/vc_row][vc_row equal_height=&#8220;yes&#8220; inverse=&#8220;&#8220; css=&#8220;.vc_custom_1545579201718{padding-bottom: 25px !important;}&#8220;][vc_column width=&#8220;1\/4&#8243;][vc_column_text]\n<p><strong>Einsatzort:<\/strong><\/p>\n[\/vc_column_text][\/vc_column][vc_column width=&#8220;3\/4&#8243;][vc_column_text]Simbach, Innstra\u00dfe[\/vc_column_text][\/vc_column][\/vc_row][vc_row equal_height=&#8220;yes&#8220; inverse=&#8220;&#8220; css=&#8220;.vc_custom_1545579210044{padding-bottom: 25px !important;background-color: #edf2ef !important;}&#8220;][vc_column width=&#8220;1\/4&#8243;][vc_column_text]\n<p><strong>Datum:<\/strong><\/p>\n[\/vc_column_text][\/vc_column][vc_column width=&#8220;3\/4&#8243;][vc_column_text]Montag, 16. August 2021[\/vc_column_text][\/vc_column][\/vc_row][vc_row equal_height=&#8220;yes&#8220; inverse=&#8220;&#8220; css=&#8220;.vc_custom_1545579217081{padding-bottom: 25px !important;}&#8220;][vc_column width=&#8220;1\/4&#8243;][vc_column_text]\n<p><strong>Alarmierung (Schleife):<\/strong><\/p>\n[\/vc_column_text][\/vc_column][vc_column width=&#8220;3\/4&#8243;][vc_column_text]Nacht-\/Wochenendalarm[\/vc_column_text][\/vc_column][\/vc_row][vc_row equal_height=&#8220;yes&#8220; inverse=&#8220;&#8220; css=&#8220;.vc_custom_1545579225595{padding-bottom: 25px !important;background-color: #edf2ef !important;}&#8220;][vc_column width=&#8220;1\/4&#8243;][vc_column_text]\n<p><strong>E<\/strong><strong>ingesetzte<\/strong><strong> Kr\u00e4fte:<\/strong><\/p>\n[\/vc_column_text][\/vc_column][vc_column width=&#8220;3\/4&#8243;][vc_column_text]FF Simbach a. Inn[\/vc_column_text][\/vc_column][\/vc_row][vc_row][vc_column][vc_empty_space height=&#8220;30&#8243;][\/vc_column][\/vc_row][vc_row][vc_column][vc_separator border_width=&#8220;4&#8243;][\/vc_column][\/vc_row][vc_row][vc_column][vc_empty_space height=&#8220;30&#8243;][\/vc_column][\/vc_row][vc_row equal_height=&#8220;yes&#8220; inverse=&#8220;&#8220; css=&#8220;.vc_custom_1534176358862{padding-bottom: 25px !important;}&#8220;][vc_column width=&#8220;1\/4&#8243;][vc_column_text]\n<p><strong>Einsatzbericht:<\/strong><\/p>\n[\/vc_column_text][\/vc_column][vc_column width=&#8220;3\/4&#8243;][vc_column_text]Am Montag gegen 19.00 Uhr alarmierte uns die ILS Passau nach dem Stichwort THL 1 in die Innstra\u00dfe. Dort meldete ein Bewohner, dass nach dem Regen Wasser durch das Dach in seine Wohnung tropft. Nach unserem Eintreffen deckten wir das Dach mit einer Plane ab, sodass kein weiteres Wasser mehr ins Geb\u00e4ude gelangen konnte. Noch w\u00e4hrend der Aufr\u00e4umarbeiten wurden wir \u00fcber Funk zu einem Folgeeinsatz gerufen. Dabei handelte es sich um eine <a href=\"https:\/\/feuerwehr-simbach.de\/?einsatz=16-08-2021-personenrettung-mit-drehleiter\">Drehleiterrettung<\/a> in der Albert-Seidl-Stra\u00dfe.[\/vc_column_text][\/vc_column][\/vc_row][vc_row][vc_column][vc_column_text]\n<p>&nbsp;<\/p>\n<div id=\"su_carousel_69f090cfedf9a\" class=\"su-carousel su-carousel-centered su-carousel-pages-no su-carousel-responsive-yes JLqJ4b ChMk0b su-lightbox-gallery\" style=\"width:100%\" data-autoplay=\"3000\" data-speed=\"2000\" data-mousewheel=\"true\" data-items=\"3\" data-scroll=\"1\"><div class=\"su-carousel-slides\"><div class=\"su-carousel-slide\"><a href=\"https:\/\/feuerwehr-simbach.de\/wp-content\/uploads\/2021\/08\/Wassereintritt-ins-Gebaeude-16.08.2021-1-e1629146693543.jpg\" title=\"2021.08.16 Wassereintritt ins Geb\u00e4ude (1)\"><img decoding=\"async\" src=\"https:\/\/feuerwehr-simbach.de\/wp-content\/uploads\/2021\/08\/Wassereintritt-ins-Gebaeude-16.08.2021-1-e1629146693543.jpg\" alt=\"2021.08.16 Wassereintritt ins Geb\u00e4ude (1)\" \/><\/a><\/div><div class=\"su-carousel-slide\"><a href=\"https:\/\/feuerwehr-simbach.de\/wp-content\/uploads\/2021\/08\/Wassereintritt-ins-Gebaeude-16.08.2021-2-e1629146704855.jpg\" title=\"2021.08.16 Wassereintritt ins Geb\u00e4ude (2)\"><img decoding=\"async\" src=\"https:\/\/feuerwehr-simbach.de\/wp-content\/uploads\/2021\/08\/Wassereintritt-ins-Gebaeude-16.08.2021-2-e1629146704855.jpg\" alt=\"2021.08.16 Wassereintritt ins Geb\u00e4ude (2)\" \/><\/a><\/div><div class=\"su-carousel-slide\"><a href=\"https:\/\/feuerwehr-simbach.de\/wp-content\/uploads\/2021\/08\/Wassereintritt-ins-Gebaeude-16.08.2021-3-e1629146714426.jpg\" title=\"2021.08.16 Wassereintritt ins Geb\u00e4ude (3)\"><img decoding=\"async\" src=\"https:\/\/feuerwehr-simbach.de\/wp-content\/uploads\/2021\/08\/Wassereintritt-ins-Gebaeude-16.08.2021-3-e1629146714426.jpg\" alt=\"2021.08.16 Wassereintritt ins Geb\u00e4ude (3)\" \/><\/a><\/div><div class=\"su-carousel-slide\"><a href=\"https:\/\/feuerwehr-simbach.de\/wp-content\/uploads\/2021\/08\/Wassereintritt-ins-Gebaeude-16.08.2021-4-e1629146725848.jpg\" title=\"2021.08.16 Wassereintritt ins Geb\u00e4ude (4)\"><img decoding=\"async\" src=\"https:\/\/feuerwehr-simbach.de\/wp-content\/uploads\/2021\/08\/Wassereintritt-ins-Gebaeude-16.08.2021-4-e1629146725848.jpg\" alt=\"2021.08.16 Wassereintritt ins Geb\u00e4ude (4)\" \/><\/a><\/div><div class=\"su-carousel-slide\"><a href=\"https:\/\/feuerwehr-simbach.de\/wp-content\/uploads\/2021\/08\/Wassereintritt-ins-Gebaeude-16.08.2021-5-e1629146736479.jpg\" title=\"2021.08.16 Wassereintritt ins Geb\u00e4ude (5)\"><img decoding=\"async\" src=\"https:\/\/feuerwehr-simbach.de\/wp-content\/uploads\/2021\/08\/Wassereintritt-ins-Gebaeude-16.08.2021-5-e1629146736479.jpg\" alt=\"2021.08.16 Wassereintritt ins Geb\u00e4ude (5)\" \/><\/a><\/div><\/div><div class=\"su-carousel-nav\"><div class=\"su-carousel-direction\"><span class=\"su-carousel-prev\"><\/span><span class=\"su-carousel-next\"><\/span><\/div><div class=\"su-carousel-pagination\"><\/div><\/div><\/div>\n<\/div>","protected":false},"author":11,"featured_media":15182,"template":"","meta":{"einsatz_weight":1,"footnotes":""},"categories":[162],"tags":[],"einsatzart":[],"fahrzeug":[],"exteinsatzmittel":[],"alarmierungsart":[],"evw_unit":[],"class_list":["post-15173","einsatz","type-einsatz","status-publish","has-post-thumbnail","hentry","category-einsaetze-2021"],"_links":{"self":[{"href":"https:\/\/feuerwehr-simbach.de\/index.php?rest_route=\/wp\/v2\/einsatz\/15173","targetHints":{"allow":["GET"]}}],"collection":[{"href":"https:\/\/feuerwehr-simbach.de\/index.php?rest_route=\/wp\/v2\/einsatz"}],"about":[{"href":"https:\/\/feuerwehr-simbach.de\/index.php?rest_route=\/wp\/v2\/types\/einsatz"}],"author":[{"embeddable":true,"href":"https:\/\/feuerwehr-simbach.de\/index.php?rest_route=\/wp\/v2\/users\/11"}],"version-history":[{"count":5,"href":"https:\/\/feuerwehr-simbach.de\/index.php?rest_route=\/wp\/v2\/einsatz\/15173\/revisions"}],"predecessor-version":[{"id":15190,"href":"https:\/\/feuerwehr-simbach.de\/index.php?rest_route=\/wp\/v2\/einsatz\/15173\/revisions\/15190"}],"wp:featuredmedia":[{"embeddable":true,"href":"https:\/\/feuerwehr-simbach.de\/index.php?rest_route=\/wp\/v2\/media\/15182"}],"wp:attachment":[{"href":"https:\/\/feuerwehr-simbach.de\/index.php?rest_route=%2Fwp%2Fv2%2Fmedia&parent=15173"}],"wp:term":[{"taxonomy":"category","embeddable":true,"href":"https:\/\/feuerwehr-simbach.de\/index.php?rest_route=%2Fwp%2Fv2%2Fcategories&post=15173"},{"taxonomy":"post_tag","embeddable":true,"href":"https:\/\/feuerwehr-simbach.de\/index.php?rest_route=%2Fwp%2Fv2%2Ftags&post=15173"},{"taxonomy":"einsatzart","embeddable":true,"href":"https:\/\/feuerwehr-simbach.de\/index.php?rest_route=%2Fwp%2Fv2%2Feinsatzart&post=15173"},{"taxonomy":"fahrzeug","embeddable":true,"href":"https:\/\/feuerwehr-simbach.de\/index.php?rest_route=%2Fwp%2Fv2%2Ffahrzeug&post=15173"},{"taxonomy":"exteinsatzmittel","embeddable":true,"href":"https:\/\/feuerwehr-simbach.de\/index.php?rest_route=%2Fwp%2Fv2%2Fexteinsatzmittel&post=15173"},{"taxonomy":"alarmierungsart","embeddable":true,"href":"https:\/\/feuerwehr-simbach.de\/index.php?rest_route=%2Fwp%2Fv2%2Falarmierungsart&post=15173"},{"taxonomy":"evw_unit","embeddable":true,"href":"https:\/\/feuerwehr-simbach.de\/index.php?rest_route=%2Fwp%2Fv2%2Fevw_unit&post=15173"}],"curies":[{"name":"wp","href":"https:\/\/api.w.org\/{rel}","templated":true}]}}

16.08.2021 &#8211; Wassereintritt ins Gebäude

<div class="wpb-content-wrapper">[vc_row][vc_column][vc_empty_space height=&#8220;1&#8243;][/vc_column][/vc_row][vc_row equal_height=&#8220;yes&#8220; inverse=&#8220;&#8220; css=&#8220;.vc_custom_1545579889091{padding-bottom: 25px !important;background-color: #edf2ef !important;}&#8220;][vc_column width=&#8220;1/4&#8243;][vc_column_text]
<p><strong>Einsatzart:</strong></p>
[/vc_column_text][/vc_column][vc_column width=&#8220;3/4&#8243;][vc_column_text]Technische Hilfeleistung[/vc_column_text][/vc_column][/vc_row][vc_row equal_height=&#8220;yes&#8220; inverse=&#8220;&#8220; css=&#8220;.vc_custom_1545579201718{padding-bottom: 25px !important;}&#8220;][vc_column width=&#8220;1/4&#8243;][vc_column_text]
<p><strong>Schlagwort:</strong></p>
[/vc_column_text][/vc_column][vc_column width=&#8220;3/4&#8243;][vc_column_text]Wassereintritt ins Gebäude[/vc_column_text][/vc_column][/vc_row][vc_row equal_height=&#8220;yes&#8220; inverse=&#8220;&#8220; css=&#8220;.vc_custom_1545579190843{padding-bottom: 25px !important;background-color: #edf2ef !important;}&#8220;][vc_column width=&#8220;1/4&#8243;][vc_column_text]
<p><strong>Stichwort:</strong></p>
[/vc_column_text][/vc_column][vc_column width=&#8220;3/4&#8243;][vc_column_text]THL 1[/vc_column_text][/vc_column][/vc_row][vc_row equal_height=&#8220;yes&#8220; inverse=&#8220;&#8220; css=&#8220;.vc_custom_1545579201718{padding-bottom: 25px !important;}&#8220;][vc_column width=&#8220;1/4&#8243;][vc_column_text]
<p><strong>Einsatzort:</strong></p>
[/vc_column_text][/vc_column][vc_column width=&#8220;3/4&#8243;][vc_column_text]Simbach, Innstraße[/vc_column_text][/vc_column][/vc_row][vc_row equal_height=&#8220;yes&#8220; inverse=&#8220;&#8220; css=&#8220;.vc_custom_1545579210044{padding-bottom: 25px !important;background-color: #edf2ef !important;}&#8220;][vc_column width=&#8220;1/4&#8243;][vc_column_text]
<p><strong>Datum:</strong></p>
[/vc_column_text][/vc_column][vc_column width=&#8220;3/4&#8243;][vc_column_text]Montag, 16. August 2021[/vc_column_text][/vc_column][/vc_row][vc_row equal_height=&#8220;yes&#8220; inverse=&#8220;&#8220; css=&#8220;.vc_custom_1545579217081{padding-bottom: 25px !important;}&#8220;][vc_column width=&#8220;1/4&#8243;][vc_column_text]
<p><strong>Alarmierung (Schleife):</strong></p>
[/vc_column_text][/vc_column][vc_column width=&#8220;3/4&#8243;][vc_column_text]Nacht-/Wochenendalarm[/vc_column_text][/vc_column][/vc_row][vc_row equal_height=&#8220;yes&#8220; inverse=&#8220;&#8220; css=&#8220;.vc_custom_1545579225595{padding-bottom: 25px !important;background-color: #edf2ef !important;}&#8220;][vc_column width=&#8220;1/4&#8243;][vc_column_text]
<p><strong>E</strong><strong>ingesetzte</strong><strong> Kräfte:</strong></p>
[/vc_column_text][/vc_column][vc_column width=&#8220;3/4&#8243;][vc_column_text]FF Simbach a. Inn[/vc_column_text][/vc_column][/vc_row][vc_row][vc_column][vc_empty_space height=&#8220;30&#8243;][/vc_column][/vc_row][vc_row][vc_column][vc_separator border_width=&#8220;4&#8243;][/vc_column][/vc_row][vc_row][vc_column][vc_empty_space height=&#8220;30&#8243;][/vc_column][/vc_row][vc_row equal_height=&#8220;yes&#8220; inverse=&#8220;&#8220; css=&#8220;.vc_custom_1534176358862{padding-bottom: 25px !important;}&#8220;][vc_column width=&#8220;1/4&#8243;][vc_column_text]
<p><strong>Einsatzbericht:</strong></p>
[/vc_column_text][/vc_column][vc_column width=&#8220;3/4&#8243;][vc_column_text]Am Montag gegen 19.00 Uhr alarmierte uns die ILS Passau nach dem Stichwort THL 1 in die Innstraße. Dort meldete ein Bewohner, dass nach dem Regen Wasser durch das Dach in seine Wohnung tropft. Nach unserem Eintreffen deckten wir das Dach mit einer Plane ab, sodass kein weiteres Wasser mehr ins Gebäude gelangen konnte. Noch während der Aufräumarbeiten wurden wir über Funk zu einem Folgeeinsatz gerufen. Dabei handelte es sich um eine <a href="https://feuerwehr-simbach.de/?einsatz=16-08-2021-personenrettung-mit-drehleiter">Drehleiterrettung</a> in der Albert-Seidl-Straße.[/vc_column_text][/vc_column][/vc_row][vc_row][vc_column][vc_column_text]
<p>&nbsp;</p>
<div id="su_carousel_69f090cfedf9a" class="su-carousel su-carousel-centered su-carousel-pages-no su-carousel-responsive-yes JLqJ4b ChMk0b su-lightbox-gallery" style="width:100%" data-autoplay="3000" data-speed="2000" data-mousewheel="true" data-items="3" data-scroll="1"><div class="su-carousel-slides"><div class="su-carousel-slide"><a href="https://feuerwehr-simbach.de/wp-content/uploads/2021/08/Wassereintritt-ins-Gebaeude-16.08.2021-1-e1629146693543.jpg" title="2021.08.16 Wassereintritt ins Gebäude (1)"><img decoding="async" src="https://feuerwehr-simbach.de/wp-content/uploads/2021/08/Wassereintritt-ins-Gebaeude-16.08.2021-1-e1629146693543.jpg" alt="2021.08.16 Wassereintritt ins Gebäude (1)" /></a></div><div class="su-carousel-slide"><a href="https://feuerwehr-simbach.de/wp-content/uploads/2021/08/Wassereintritt-ins-Gebaeude-16.08.2021-2-e1629146704855.jpg" title="2021.08.16 Wassereintritt ins Gebäude (2)"><img decoding="async" src="https://feuerwehr-simbach.de/wp-content/uploads/2021/08/Wassereintritt-ins-Gebaeude-16.08.2021-2-e1629146704855.jpg" alt="2021.08.16 Wassereintritt ins Gebäude (2)" /></a></div><div class="su-carousel-slide"><a href="https://feuerwehr-simbach.de/wp-content/uploads/2021/08/Wassereintritt-ins-Gebaeude-16.08.2021-3-e1629146714426.jpg" title="2021.08.16 Wassereintritt ins Gebäude (3)"><img decoding="async" src="https://feuerwehr-simbach.de/wp-content/uploads/2021/08/Wassereintritt-ins-Gebaeude-16.08.2021-3-e1629146714426.jpg" alt="2021.08.16 Wassereintritt ins Gebäude (3)" /></a></div><div class="su-carousel-slide"><a href="https://feuerwehr-simbach.de/wp-content/uploads/2021/08/Wassereintritt-ins-Gebaeude-16.08.2021-4-e1629146725848.jpg" title="2021.08.16 Wassereintritt ins Gebäude (4)"><img decoding="async" src="https://feuerwehr-simbach.de/wp-content/uploads/2021/08/Wassereintritt-ins-Gebaeude-16.08.2021-4-e1629146725848.jpg" alt="2021.08.16 Wassereintritt ins Gebäude (4)" /></a></div><div class="su-carousel-slide"><a href="https://feuerwehr-simbach.de/wp-content/uploads/2021/08/Wassereintritt-ins-Gebaeude-16.08.2021-5-e1629146736479.jpg" title="2021.08.16 Wassereintritt ins Gebäude (5)"><img decoding="async" src="https://feuerwehr-simbach.de/wp-content/uploads/2021/08/Wassereintritt-ins-Gebaeude-16.08.2021-5-e1629146736479.jpg" alt="2021.08.16 Wassereintritt ins Gebäude (5)" /></a></div></div><div class="su-carousel-nav"><div class="su-carousel-direction"><span class="su-carousel-prev"></span><span class="su-carousel-next"></span></div><div class="su-carousel-pagination"></div></div></div>
</div>
