{"id":15344,"date":"2021-09-18T19:19:00","date_gmt":"2021-09-18T17:19:00","guid":{"rendered":"https:\/\/feuerwehr-simbach.de\/?post_type=einsatz&#038;p=15344"},"modified":"2025-02-22T14:41:31","modified_gmt":"2025-02-22T12:41:31","slug":"18-09-2021-brand-im-freien-2","status":"publish","type":"einsatz","link":"https:\/\/feuerwehr-simbach.de\/?einsatz=18-09-2021-brand-im-freien-2","title":{"rendered":"18.09.2021 &#8211; Kleinbrand im Freien"},"content":{"rendered":"<div class=\"wpb-content-wrapper\">[vc_row][vc_column][vc_empty_space height=&#8220;1&#8243;][\/vc_column][\/vc_row][vc_row equal_height=&#8220;yes&#8220; inverse=&#8220;&#8220; css=&#8220;.vc_custom_1545579889091{padding-bottom: 25px !important;background-color: #edf2ef !important;}&#8220;][vc_column width=&#8220;1\/4&#8243;][vc_column_text]\n<p><strong>Einsatzart:<\/strong><\/p>\n[\/vc_column_text][\/vc_column][vc_column width=&#8220;3\/4&#8243;][vc_column_text]Brandeinsatz[\/vc_column_text][\/vc_column][\/vc_row][vc_row equal_height=&#8220;yes&#8220; inverse=&#8220;&#8220; css=&#8220;.vc_custom_1545579201718{padding-bottom: 25px !important;}&#8220;][vc_column width=&#8220;1\/4&#8243;][vc_column_text]\n<p><strong>Schlagwort:<\/strong><\/p>\n[\/vc_column_text][\/vc_column][vc_column width=&#8220;3\/4&#8243;][vc_column_text]Kleinbrand im Freien[\/vc_column_text][\/vc_column][\/vc_row][vc_row equal_height=&#8220;yes&#8220; inverse=&#8220;&#8220; css=&#8220;.vc_custom_1545579190843{padding-bottom: 25px !important;background-color: #edf2ef !important;}&#8220;][vc_column width=&#8220;1\/4&#8243;][vc_column_text]\n<p><strong>Stichwort:<\/strong><\/p>\n[\/vc_column_text][\/vc_column][vc_column width=&#8220;3\/4&#8243;][vc_column_text]B 1[\/vc_column_text][\/vc_column][\/vc_row][vc_row equal_height=&#8220;yes&#8220; inverse=&#8220;&#8220; css=&#8220;.vc_custom_1545579201718{padding-bottom: 25px !important;}&#8220;][vc_column width=&#8220;1\/4&#8243;][vc_column_text]\n<p><strong>Einsatzort:<\/strong><\/p>\n[\/vc_column_text][\/vc_column][vc_column width=&#8220;3\/4&#8243;][vc_column_text]Simbach, Moosecker Stra\u00dfe[\/vc_column_text][\/vc_column][\/vc_row][vc_row equal_height=&#8220;yes&#8220; inverse=&#8220;&#8220; css=&#8220;.vc_custom_1545579210044{padding-bottom: 25px !important;background-color: #edf2ef !important;}&#8220;][vc_column width=&#8220;1\/4&#8243;][vc_column_text]\n<p><strong>Datum:<\/strong><\/p>\n[\/vc_column_text][\/vc_column][vc_column width=&#8220;3\/4&#8243;][vc_column_text]Samstag, 18. September 2021[\/vc_column_text][\/vc_column][\/vc_row][vc_row equal_height=&#8220;yes&#8220; inverse=&#8220;&#8220; css=&#8220;.vc_custom_1545579217081{padding-bottom: 25px !important;}&#8220;][vc_column width=&#8220;1\/4&#8243;][vc_column_text]\n<p><strong>Alarmierung (Schleife):<\/strong><\/p>\n[\/vc_column_text][\/vc_column][vc_column width=&#8220;3\/4&#8243;][vc_column_text]Nacht-\/Wochenendalarm[\/vc_column_text][\/vc_column][\/vc_row][vc_row equal_height=&#8220;yes&#8220; inverse=&#8220;&#8220; css=&#8220;.vc_custom_1545579225595{padding-bottom: 25px !important;background-color: #edf2ef !important;}&#8220;][vc_column width=&#8220;1\/4&#8243;][vc_column_text]\n<p><strong>E<\/strong><strong>ingesetzte<\/strong><strong> Kr\u00e4fte:<\/strong><\/p>\n[\/vc_column_text][\/vc_column][vc_column width=&#8220;3\/4&#8243;][vc_column_text]FF Simbach a. Inn[\/vc_column_text][\/vc_column][\/vc_row][vc_row][vc_column][vc_empty_space height=&#8220;30&#8243;][\/vc_column][\/vc_row][vc_row][vc_column][vc_separator border_width=&#8220;4&#8243;][\/vc_column][\/vc_row][vc_row][vc_column][vc_empty_space height=&#8220;30&#8243;][\/vc_column][\/vc_row][vc_row equal_height=&#8220;yes&#8220; inverse=&#8220;&#8220; css=&#8220;.vc_custom_1534176358862{padding-bottom: 25px !important;}&#8220;][vc_column width=&#8220;1\/4&#8243;][vc_column_text]\n<p><strong>Einsatzbericht:<\/strong><\/p>\n<p class=\"p1\">[\/vc_column_text][\/vc_column][vc_column width=&#8220;3\/4&#8243;][vc_column_text]Da in der Leitstelle einige Notrufe eingingen, bei denen die Mitteiler eine Rauchentwicklung in der Moosecker Stra\u00dfe meldeten, wurden wir kurze Zeit nach dem <a href=\"https:\/\/feuerwehr-simbach.de\/?einsatz=18-09-2021-brand-im-freien\">ersten Einsatz<\/a> erneut nach dem Stichwort B1 alarmiert. An der Einsatzstelle in der Moosecker Stra\u00dfe angekommen, konnte das Wiedfeuer, das von der Polizei bereits beim ersten Alarm gemeldet wurde, best\u00e4tigt werden. Um weiteren Notrufen vorzubeugen, begannen wir nach Absprache mit dem Verursacher mit dem Abl\u00f6schen der Brandstelle. Der Wiedhaufen wurde anschlie\u00dfend noch mittels Dunggabeln auseinander gezogen, um auch etwaige Glutnester abl\u00f6schen zu k\u00f6nnen. Danach konnten wir wieder ins Feuerwehrhaus zur\u00fcckkehren.[\/vc_column_text][\/vc_column][\/vc_row][vc_row][vc_column][vc_column_text]\n<p>&nbsp;<\/p>\n<div id=\"su_carousel_69f09023cd9ab\" class=\"su-carousel su-carousel-centered su-carousel-pages-no su-carousel-responsive-yes JLqJ4b ChMk0b su-lightbox-gallery\" style=\"width:100%\" data-autoplay=\"3000\" data-speed=\"2000\" data-mousewheel=\"true\" data-items=\"3\" data-scroll=\"1\"><div class=\"su-carousel-slides\"><div class=\"su-carousel-slide\"><a href=\"https:\/\/feuerwehr-simbach.de\/wp-content\/uploads\/2021\/09\/Brand-im-Freien-18.09.2021-1-e1631991523155.jpg\" title=\"2021.09.18 Brand im Freien (1)\"><img decoding=\"async\" src=\"https:\/\/feuerwehr-simbach.de\/wp-content\/uploads\/2021\/09\/Brand-im-Freien-18.09.2021-1-e1631991523155.jpg\" alt=\"2021.09.18 Brand im Freien (1)\" \/><\/a><\/div><div class=\"su-carousel-slide\"><a href=\"https:\/\/feuerwehr-simbach.de\/wp-content\/uploads\/2021\/09\/Brand-im-Freien-18.09.2021-2-e1631991535303.jpg\" title=\"2021.09.18 Brand im Freien (2)\"><img decoding=\"async\" src=\"https:\/\/feuerwehr-simbach.de\/wp-content\/uploads\/2021\/09\/Brand-im-Freien-18.09.2021-2-e1631991535303.jpg\" alt=\"2021.09.18 Brand im Freien (2)\" \/><\/a><\/div><div class=\"su-carousel-slide\"><a href=\"https:\/\/feuerwehr-simbach.de\/wp-content\/uploads\/2021\/09\/Brand-im-Freien-18.09.2021-3-e1631991547770.jpg\" title=\"2021.09.18 Brand im Freien (3)\"><img decoding=\"async\" src=\"https:\/\/feuerwehr-simbach.de\/wp-content\/uploads\/2021\/09\/Brand-im-Freien-18.09.2021-3-e1631991547770.jpg\" alt=\"2021.09.18 Brand im Freien (3)\" \/><\/a><\/div><div class=\"su-carousel-slide\"><a href=\"https:\/\/feuerwehr-simbach.de\/wp-content\/uploads\/2021\/09\/Brand-im-Freien-18.09.2021-4-e1632047324115.jpg\" title=\"2021.09.18 Brand im Freien (4)\"><img decoding=\"async\" src=\"https:\/\/feuerwehr-simbach.de\/wp-content\/uploads\/2021\/09\/Brand-im-Freien-18.09.2021-4-e1632047324115.jpg\" alt=\"2021.09.18 Brand im Freien (4)\" \/><\/a><\/div><div class=\"su-carousel-slide\"><a href=\"https:\/\/feuerwehr-simbach.de\/wp-content\/uploads\/2021\/09\/Brand-im-Freien-18.09.2021-5-e1631991572106.jpg\" title=\"2021.09.18 Brand im Freien (5)\"><img decoding=\"async\" src=\"https:\/\/feuerwehr-simbach.de\/wp-content\/uploads\/2021\/09\/Brand-im-Freien-18.09.2021-5-e1631991572106.jpg\" alt=\"2021.09.18 Brand im Freien (5)\" \/><\/a><\/div><div class=\"su-carousel-slide\"><a href=\"https:\/\/feuerwehr-simbach.de\/wp-content\/uploads\/2021\/09\/Brand-im-Freien-18.09.2021-6-e1631991583756.jpg\" title=\"2021.09.18 Brand im Freien (6)\"><img decoding=\"async\" src=\"https:\/\/feuerwehr-simbach.de\/wp-content\/uploads\/2021\/09\/Brand-im-Freien-18.09.2021-6-e1631991583756.jpg\" alt=\"2021.09.18 Brand im Freien (6)\" \/><\/a><\/div><div class=\"su-carousel-slide\"><a href=\"https:\/\/feuerwehr-simbach.de\/wp-content\/uploads\/2021\/09\/Brand-im-Freien-18.09.2021-7-e1632047381539.jpg\" title=\"2021.09.18 Brand im Freien (7)\"><img decoding=\"async\" src=\"https:\/\/feuerwehr-simbach.de\/wp-content\/uploads\/2021\/09\/Brand-im-Freien-18.09.2021-7-e1632047381539.jpg\" alt=\"2021.09.18 Brand im Freien (7)\" \/><\/a><\/div><div class=\"su-carousel-slide\"><a href=\"https:\/\/feuerwehr-simbach.de\/wp-content\/uploads\/2021\/09\/Brand-im-Freien-18.09.2021-8-e1632931961462.jpg\" title=\"2021.09.18 Brand im Freien (8)\"><img decoding=\"async\" src=\"https:\/\/feuerwehr-simbach.de\/wp-content\/uploads\/2021\/09\/Brand-im-Freien-18.09.2021-8-e1632931961462.jpg\" alt=\"2021.09.18 Brand im Freien (8)\" \/><\/a><\/div><div class=\"su-carousel-slide\"><a href=\"https:\/\/feuerwehr-simbach.de\/wp-content\/uploads\/2021\/09\/Brand-im-Freien-18.09.2021-9-e1631991619386.jpg\" title=\"2021.09.18 Brand im Freien (9)\"><img decoding=\"async\" src=\"https:\/\/feuerwehr-simbach.de\/wp-content\/uploads\/2021\/09\/Brand-im-Freien-18.09.2021-9-e1631991619386.jpg\" alt=\"2021.09.18 Brand im Freien (9)\" \/><\/a><\/div><div class=\"su-carousel-slide\"><a href=\"https:\/\/feuerwehr-simbach.de\/wp-content\/uploads\/2021\/09\/Brand-im-Freien-18.09.2021-10-e1631991631442.jpg\" title=\"2021.09.18 Brand im Freien (10)\"><img decoding=\"async\" src=\"https:\/\/feuerwehr-simbach.de\/wp-content\/uploads\/2021\/09\/Brand-im-Freien-18.09.2021-10-e1631991631442.jpg\" alt=\"2021.09.18 Brand im Freien (10)\" \/><\/a><\/div><\/div><div class=\"su-carousel-nav\"><div class=\"su-carousel-direction\"><span class=\"su-carousel-prev\"><\/span><span class=\"su-carousel-next\"><\/span><\/div><div class=\"su-carousel-pagination\"><\/div><\/div><\/div>\n<\/div>","protected":false},"author":22,"featured_media":15357,"template":"","meta":{"einsatz_weight":1,"footnotes":""},"categories":[162],"tags":[],"einsatzart":[],"fahrzeug":[],"exteinsatzmittel":[],"alarmierungsart":[],"evw_unit":[],"class_list":["post-15344","einsatz","type-einsatz","status-publish","has-post-thumbnail","hentry","category-einsaetze-2021"],"_links":{"self":[{"href":"https:\/\/feuerwehr-simbach.de\/index.php?rest_route=\/wp\/v2\/einsatz\/15344","targetHints":{"allow":["GET"]}}],"collection":[{"href":"https:\/\/feuerwehr-simbach.de\/index.php?rest_route=\/wp\/v2\/einsatz"}],"about":[{"href":"https:\/\/feuerwehr-simbach.de\/index.php?rest_route=\/wp\/v2\/types\/einsatz"}],"author":[{"embeddable":true,"href":"https:\/\/feuerwehr-simbach.de\/index.php?rest_route=\/wp\/v2\/users\/22"}],"version-history":[{"count":5,"href":"https:\/\/feuerwehr-simbach.de\/index.php?rest_route=\/wp\/v2\/einsatz\/15344\/revisions"}],"predecessor-version":[{"id":22688,"href":"https:\/\/feuerwehr-simbach.de\/index.php?rest_route=\/wp\/v2\/einsatz\/15344\/revisions\/22688"}],"wp:featuredmedia":[{"embeddable":true,"href":"https:\/\/feuerwehr-simbach.de\/index.php?rest_route=\/wp\/v2\/media\/15357"}],"wp:attachment":[{"href":"https:\/\/feuerwehr-simbach.de\/index.php?rest_route=%2Fwp%2Fv2%2Fmedia&parent=15344"}],"wp:term":[{"taxonomy":"category","embeddable":true,"href":"https:\/\/feuerwehr-simbach.de\/index.php?rest_route=%2Fwp%2Fv2%2Fcategories&post=15344"},{"taxonomy":"post_tag","embeddable":true,"href":"https:\/\/feuerwehr-simbach.de\/index.php?rest_route=%2Fwp%2Fv2%2Ftags&post=15344"},{"taxonomy":"einsatzart","embeddable":true,"href":"https:\/\/feuerwehr-simbach.de\/index.php?rest_route=%2Fwp%2Fv2%2Feinsatzart&post=15344"},{"taxonomy":"fahrzeug","embeddable":true,"href":"https:\/\/feuerwehr-simbach.de\/index.php?rest_route=%2Fwp%2Fv2%2Ffahrzeug&post=15344"},{"taxonomy":"exteinsatzmittel","embeddable":true,"href":"https:\/\/feuerwehr-simbach.de\/index.php?rest_route=%2Fwp%2Fv2%2Fexteinsatzmittel&post=15344"},{"taxonomy":"alarmierungsart","embeddable":true,"href":"https:\/\/feuerwehr-simbach.de\/index.php?rest_route=%2Fwp%2Fv2%2Falarmierungsart&post=15344"},{"taxonomy":"evw_unit","embeddable":true,"href":"https:\/\/feuerwehr-simbach.de\/index.php?rest_route=%2Fwp%2Fv2%2Fevw_unit&post=15344"}],"curies":[{"name":"wp","href":"https:\/\/api.w.org\/{rel}","templated":true}]}}

<div class="wpb-content-wrapper">[vc_row][vc_column][vc_empty_space height=&#8220;1&#8243;][/vc_column][/vc_row][vc_row equal_height=&#8220;yes&#8220; inverse=&#8220;&#8220; css=&#8220;.vc_custom_1545579889091{padding-bottom: 25px !important;background-color: #edf2ef !important;}&#8220;][vc_column width=&#8220;1/4&#8243;][vc_column_text]
<p><strong>Einsatzart:</strong></p>
[/vc_column_text][/vc_column][vc_column width=&#8220;3/4&#8243;][vc_column_text]Brandeinsatz[/vc_column_text][/vc_column][/vc_row][vc_row equal_height=&#8220;yes&#8220; inverse=&#8220;&#8220; css=&#8220;.vc_custom_1545579201718{padding-bottom: 25px !important;}&#8220;][vc_column width=&#8220;1/4&#8243;][vc_column_text]
<p><strong>Schlagwort:</strong></p>
[/vc_column_text][/vc_column][vc_column width=&#8220;3/4&#8243;][vc_column_text]Kleinbrand im Freien[/vc_column_text][/vc_column][/vc_row][vc_row equal_height=&#8220;yes&#8220; inverse=&#8220;&#8220; css=&#8220;.vc_custom_1545579190843{padding-bottom: 25px !important;background-color: #edf2ef !important;}&#8220;][vc_column width=&#8220;1/4&#8243;][vc_column_text]
<p><strong>Stichwort:</strong></p>
[/vc_column_text][/vc_column][vc_column width=&#8220;3/4&#8243;][vc_column_text]B 1[/vc_column_text][/vc_column][/vc_row][vc_row equal_height=&#8220;yes&#8220; inverse=&#8220;&#8220; css=&#8220;.vc_custom_1545579201718{padding-bottom: 25px !important;}&#8220;][vc_column width=&#8220;1/4&#8243;][vc_column_text]
<p><strong>Einsatzort:</strong></p>
[/vc_column_text][/vc_column][vc_column width=&#8220;3/4&#8243;][vc_column_text]Simbach, Moosecker Straße[/vc_column_text][/vc_column][/vc_row][vc_row equal_height=&#8220;yes&#8220; inverse=&#8220;&#8220; css=&#8220;.vc_custom_1545579210044{padding-bottom: 25px !important;background-color: #edf2ef !important;}&#8220;][vc_column width=&#8220;1/4&#8243;][vc_column_text]
<p><strong>Datum:</strong></p>
[/vc_column_text][/vc_column][vc_column width=&#8220;3/4&#8243;][vc_column_text]Samstag, 18. September 2021[/vc_column_text][/vc_column][/vc_row][vc_row equal_height=&#8220;yes&#8220; inverse=&#8220;&#8220; css=&#8220;.vc_custom_1545579217081{padding-bottom: 25px !important;}&#8220;][vc_column width=&#8220;1/4&#8243;][vc_column_text]
<p><strong>Alarmierung (Schleife):</strong></p>
[/vc_column_text][/vc_column][vc_column width=&#8220;3/4&#8243;][vc_column_text]Nacht-/Wochenendalarm[/vc_column_text][/vc_column][/vc_row][vc_row equal_height=&#8220;yes&#8220; inverse=&#8220;&#8220; css=&#8220;.vc_custom_1545579225595{padding-bottom: 25px !important;background-color: #edf2ef !important;}&#8220;][vc_column width=&#8220;1/4&#8243;][vc_column_text]
<p><strong>E</strong><strong>ingesetzte</strong><strong> Kräfte:</strong></p>
[/vc_column_text][/vc_column][vc_column width=&#8220;3/4&#8243;][vc_column_text]FF Simbach a. Inn[/vc_column_text][/vc_column][/vc_row][vc_row][vc_column][vc_empty_space height=&#8220;30&#8243;][/vc_column][/vc_row][vc_row][vc_column][vc_separator border_width=&#8220;4&#8243;][/vc_column][/vc_row][vc_row][vc_column][vc_empty_space height=&#8220;30&#8243;][/vc_column][/vc_row][vc_row equal_height=&#8220;yes&#8220; inverse=&#8220;&#8220; css=&#8220;.vc_custom_1534176358862{padding-bottom: 25px !important;}&#8220;][vc_column width=&#8220;1/4&#8243;][vc_column_text]
<p><strong>Einsatzbericht:</strong></p>
<p class="p1">[/vc_column_text][/vc_column][vc_column width=&#8220;3/4&#8243;][vc_column_text]Da in der Leitstelle einige Notrufe eingingen, bei denen die Mitteiler eine Rauchentwicklung in der Moosecker Straße meldeten, wurden wir kurze Zeit nach dem <a href="https://feuerwehr-simbach.de/?einsatz=18-09-2021-brand-im-freien">ersten Einsatz</a> erneut nach dem Stichwort B1 alarmiert. An der Einsatzstelle in der Moosecker Straße angekommen, konnte das Wiedfeuer, das von der Polizei bereits beim ersten Alarm gemeldet wurde, bestätigt werden. Um weiteren Notrufen vorzubeugen, begannen wir nach Absprache mit dem Verursacher mit dem Ablöschen der Brandstelle. Der Wiedhaufen wurde anschließend noch mittels Dunggabeln auseinander gezogen, um auch etwaige Glutnester ablöschen zu können. Danach konnten wir wieder ins Feuerwehrhaus zurückkehren.[/vc_column_text][/vc_column][/vc_row][vc_row][vc_column][vc_column_text]
<p>&nbsp;</p>
<div id="su_carousel_69f09023cd9ab" class="su-carousel su-carousel-centered su-carousel-pages-no su-carousel-responsive-yes JLqJ4b ChMk0b su-lightbox-gallery" style="width:100%" data-autoplay="3000" data-speed="2000" data-mousewheel="true" data-items="3" data-scroll="1"><div class="su-carousel-slides"><div class="su-carousel-slide"><a href="https://feuerwehr-simbach.de/wp-content/uploads/2021/09/Brand-im-Freien-18.09.2021-1-e1631991523155.jpg" title="2021.09.18 Brand im Freien (1)"><img decoding="async" src="https://feuerwehr-simbach.de/wp-content/uploads/2021/09/Brand-im-Freien-18.09.2021-1-e1631991523155.jpg" alt="2021.09.18 Brand im Freien (1)" /></a></div><div class="su-carousel-slide"><a href="https://feuerwehr-simbach.de/wp-content/uploads/2021/09/Brand-im-Freien-18.09.2021-2-e1631991535303.jpg" title="2021.09.18 Brand im Freien (2)"><img decoding="async" src="https://feuerwehr-simbach.de/wp-content/uploads/2021/09/Brand-im-Freien-18.09.2021-2-e1631991535303.jpg" alt="2021.09.18 Brand im Freien (2)" /></a></div><div class="su-carousel-slide"><a href="https://feuerwehr-simbach.de/wp-content/uploads/2021/09/Brand-im-Freien-18.09.2021-3-e1631991547770.jpg" title="2021.09.18 Brand im Freien (3)"><img decoding="async" src="https://feuerwehr-simbach.de/wp-content/uploads/2021/09/Brand-im-Freien-18.09.2021-3-e1631991547770.jpg" alt="2021.09.18 Brand im Freien (3)" /></a></div><div class="su-carousel-slide"><a href="https://feuerwehr-simbach.de/wp-content/uploads/2021/09/Brand-im-Freien-18.09.2021-4-e1632047324115.jpg" title="2021.09.18 Brand im Freien (4)"><img decoding="async" src="https://feuerwehr-simbach.de/wp-content/uploads/2021/09/Brand-im-Freien-18.09.2021-4-e1632047324115.jpg" alt="2021.09.18 Brand im Freien (4)" /></a></div><div class="su-carousel-slide"><a href="https://feuerwehr-simbach.de/wp-content/uploads/2021/09/Brand-im-Freien-18.09.2021-5-e1631991572106.jpg" title="2021.09.18 Brand im Freien (5)"><img decoding="async" src="https://feuerwehr-simbach.de/wp-content/uploads/2021/09/Brand-im-Freien-18.09.2021-5-e1631991572106.jpg" alt="2021.09.18 Brand im Freien (5)" /></a></div><div class="su-carousel-slide"><a href="https://feuerwehr-simbach.de/wp-content/uploads/2021/09/Brand-im-Freien-18.09.2021-6-e1631991583756.jpg" title="2021.09.18 Brand im Freien (6)"><img decoding="async" src="https://feuerwehr-simbach.de/wp-content/uploads/2021/09/Brand-im-Freien-18.09.2021-6-e1631991583756.jpg" alt="2021.09.18 Brand im Freien (6)" /></a></div><div class="su-carousel-slide"><a href="https://feuerwehr-simbach.de/wp-content/uploads/2021/09/Brand-im-Freien-18.09.2021-7-e1632047381539.jpg" title="2021.09.18 Brand im Freien (7)"><img decoding="async" src="https://feuerwehr-simbach.de/wp-content/uploads/2021/09/Brand-im-Freien-18.09.2021-7-e1632047381539.jpg" alt="2021.09.18 Brand im Freien (7)" /></a></div><div class="su-carousel-slide"><a href="https://feuerwehr-simbach.de/wp-content/uploads/2021/09/Brand-im-Freien-18.09.2021-8-e1632931961462.jpg" title="2021.09.18 Brand im Freien (8)"><img decoding="async" src="https://feuerwehr-simbach.de/wp-content/uploads/2021/09/Brand-im-Freien-18.09.2021-8-e1632931961462.jpg" alt="2021.09.18 Brand im Freien (8)" /></a></div><div class="su-carousel-slide"><a href="https://feuerwehr-simbach.de/wp-content/uploads/2021/09/Brand-im-Freien-18.09.2021-9-e1631991619386.jpg" title="2021.09.18 Brand im Freien (9)"><img decoding="async" src="https://feuerwehr-simbach.de/wp-content/uploads/2021/09/Brand-im-Freien-18.09.2021-9-e1631991619386.jpg" alt="2021.09.18 Brand im Freien (9)" /></a></div><div class="su-carousel-slide"><a href="https://feuerwehr-simbach.de/wp-content/uploads/2021/09/Brand-im-Freien-18.09.2021-10-e1631991631442.jpg" title="2021.09.18 Brand im Freien (10)"><img decoding="async" src="https://feuerwehr-simbach.de/wp-content/uploads/2021/09/Brand-im-Freien-18.09.2021-10-e1631991631442.jpg" alt="2021.09.18 Brand im Freien (10)" /></a></div></div><div class="su-carousel-nav"><div class="su-carousel-direction"><span class="su-carousel-prev"></span><span class="su-carousel-next"></span></div><div class="su-carousel-pagination"></div></div></div>
</div>
