{"id":15806,"date":"2021-11-25T21:59:00","date_gmt":"2021-11-25T19:59:00","guid":{"rendered":"https:\/\/feuerwehr-simbach.de\/?post_type=einsatz&#038;p=15806"},"modified":"2023-07-28T11:31:17","modified_gmt":"2023-07-28T09:31:17","slug":"25-11-2021-wohnungsoeffnung-fuer-rettungsdienst","status":"publish","type":"einsatz","link":"https:\/\/feuerwehr-simbach.de\/?einsatz=25-11-2021-wohnungsoeffnung-fuer-rettungsdienst","title":{"rendered":"25.11.2021 &#8211; Wohnungs\u00f6ffnung f\u00fcr Rettungsdienst"},"content":{"rendered":"<div class=\"wpb-content-wrapper\">[vc_row][vc_column][vc_empty_space height=&#8220;1&#8243;][\/vc_column][\/vc_row][vc_row equal_height=&#8220;yes&#8220; inverse=&#8220;&#8220; css=&#8220;.vc_custom_1545579889091{padding-bottom: 25px !important;background-color: #edf2ef !important;}&#8220;][vc_column width=&#8220;1\/4&#8243;][vc_column_text]<strong>Einsatzart:<\/strong>[\/vc_column_text][\/vc_column][vc_column width=&#8220;3\/4&#8243;][vc_column_text]Technische Hilfeleistung[\/vc_column_text][\/vc_column][\/vc_row][vc_row equal_height=&#8220;yes&#8220; inverse=&#8220;&#8220; css=&#8220;.vc_custom_1545579201718{padding-bottom: 25px !important;}&#8220;][vc_column width=&#8220;1\/4&#8243;][vc_column_text]<strong>Schlagwort:<\/strong>[\/vc_column_text][\/vc_column][vc_column width=&#8220;3\/4&#8243;][vc_column_text]Wohnungs\u00f6ffnung f\u00fcr Rettungsdienst[\/vc_column_text][\/vc_column][\/vc_row][vc_row equal_height=&#8220;yes&#8220; inverse=&#8220;&#8220; css=&#8220;.vc_custom_1545579190843{padding-bottom: 25px !important;background-color: #edf2ef !important;}&#8220;][vc_column width=&#8220;1\/4&#8243;][vc_column_text]<strong>Stichwort:<\/strong>[\/vc_column_text][\/vc_column][vc_column width=&#8220;3\/4&#8243;][vc_column_text]THL P eingeschlossen[\/vc_column_text][\/vc_column][\/vc_row][vc_row equal_height=&#8220;yes&#8220; inverse=&#8220;&#8220; css=&#8220;.vc_custom_1545579201718{padding-bottom: 25px !important;}&#8220;][vc_column width=&#8220;1\/4&#8243;][vc_column_text]<strong>Einsatzort:<\/strong>[\/vc_column_text][\/vc_column][vc_column width=&#8220;3\/4&#8243;][vc_column_text]Simbach, In der Schacht[\/vc_column_text][\/vc_column][\/vc_row][vc_row equal_height=&#8220;yes&#8220; inverse=&#8220;&#8220; css=&#8220;.vc_custom_1545579210044{padding-bottom: 25px !important;background-color: #edf2ef !important;}&#8220;][vc_column width=&#8220;1\/4&#8243;][vc_column_text]<strong>Datum:<\/strong>[\/vc_column_text][\/vc_column][vc_column width=&#8220;3\/4&#8243;][vc_column_text]Donnerstag, 25. November 2021[\/vc_column_text][\/vc_column][\/vc_row][vc_row equal_height=&#8220;yes&#8220; inverse=&#8220;&#8220; css=&#8220;.vc_custom_1545579217081{padding-bottom: 25px !important;}&#8220;][vc_column width=&#8220;1\/4&#8243;][vc_column_text]<strong>Alarmierung (Schleife):<\/strong>[\/vc_column_text][\/vc_column][vc_column width=&#8220;3\/4&#8243;][vc_column_text]Vollalarm[\/vc_column_text][\/vc_column][\/vc_row][vc_row equal_height=&#8220;yes&#8220; inverse=&#8220;&#8220; css=&#8220;.vc_custom_1545579225595{padding-bottom: 25px !important;background-color: #edf2ef !important;}&#8220;][vc_column width=&#8220;1\/4&#8243;][vc_column_text]<strong>E<\/strong><strong>ingesetzte<\/strong><strong> Kr\u00e4fte:<\/strong>[\/vc_column_text][\/vc_column][vc_column width=&#8220;3\/4&#8243;][vc_column_text]FF Simbach a. Inn, KBM 2\/1, Polizei[\/vc_column_text][\/vc_column][\/vc_row][vc_row][vc_column][vc_empty_space height=&#8220;30&#8243;][\/vc_column][\/vc_row][vc_row][vc_column][vc_separator border_width=&#8220;4&#8243;][\/vc_column][\/vc_row][vc_row][vc_column][vc_empty_space height=&#8220;30&#8243;][\/vc_column][\/vc_row][vc_row equal_height=&#8220;yes&#8220; inverse=&#8220;&#8220; css=&#8220;.vc_custom_1534176358862{padding-bottom: 25px !important;}&#8220;][vc_column width=&#8220;1\/4&#8243;][vc_column_text]<strong>Einsatzbericht:<\/strong><\/p>\n<p class=\"p1\">[\/vc_column_text][\/vc_column][vc_column width=&#8220;3\/4&#8243;][vc_column_text]Am Donnerstag gegen 19.15 Uhr alarmierte uns die ILS Passau zu einer Wohnungs\u00f6ffnung f\u00fcr den Rettungsdienst in die Schacht. An der Einsatzstelle stellte sich heraus, dass es sich um eine Wohnung im 2. Obergeschoss handelte. Wir verschafften uns hier innerhalb kurzer Zeit mithilfe der Drehleiter \u00fcber den Balkon Zutritt zur Wohnung. Leider stellte sich nach \u00d6ffnen der Wohnung heraus, dass f\u00fcr die Person jede Hilfe zu sp\u00e4t kam. Somit konnten wir wieder ins Ger\u00e4tehaus einr\u00fccken.[\/vc_column_text][\/vc_column][\/vc_row][vc_row][vc_column][vc_column_text]\n<p>&nbsp;<\/p>\n<p>&nbsp;<\/p>\n<div id=\"su_carousel_69f093275bb5a\" class=\"su-carousel su-carousel-centered su-carousel-pages-no su-carousel-responsive-yes JLqJ4b ChMk0b su-lightbox-gallery\" style=\"width:100%\" data-autoplay=\"3000\" data-speed=\"2000\" data-mousewheel=\"true\" data-items=\"3\" data-scroll=\"1\"><div class=\"su-carousel-slides\"><div class=\"su-carousel-slide\"><a href=\"https:\/\/feuerwehr-simbach.de\/wp-content\/uploads\/2021\/11\/Wohnungsoeffnung-fuer-Rettungsdienst-25.11.2021-1-e1637875599893.jpg\" title=\"2021.11.25 Wohnungs\u00f6ffnung f\u00fcr Rettungsdienst (1)\"><img decoding=\"async\" src=\"https:\/\/feuerwehr-simbach.de\/wp-content\/uploads\/2021\/11\/Wohnungsoeffnung-fuer-Rettungsdienst-25.11.2021-1-e1637875599893.jpg\" alt=\"2021.11.25 Wohnungs\u00f6ffnung f\u00fcr Rettungsdienst (1)\" \/><\/a><\/div><div class=\"su-carousel-slide\"><a href=\"https:\/\/feuerwehr-simbach.de\/wp-content\/uploads\/2021\/11\/Wohnungsoeffnung-fuer-Rettungsdienst-25.11.2021-2-e1637875611568.jpg\" title=\"2021.11.25 Wohnungs\u00f6ffnung f\u00fcr Rettungsdienst (2)\"><img decoding=\"async\" src=\"https:\/\/feuerwehr-simbach.de\/wp-content\/uploads\/2021\/11\/Wohnungsoeffnung-fuer-Rettungsdienst-25.11.2021-2-e1637875611568.jpg\" alt=\"2021.11.25 Wohnungs\u00f6ffnung f\u00fcr Rettungsdienst (2)\" \/><\/a><\/div><div class=\"su-carousel-slide\"><a href=\"https:\/\/feuerwehr-simbach.de\/wp-content\/uploads\/2021\/11\/Wohnungsoeffnung-fuer-Rettungsdienst-25.11.2021-3-e1637875621110.jpg\" title=\"2021.11.25 Wohnungs\u00f6ffnung f\u00fcr Rettungsdienst (3)\"><img decoding=\"async\" src=\"https:\/\/feuerwehr-simbach.de\/wp-content\/uploads\/2021\/11\/Wohnungsoeffnung-fuer-Rettungsdienst-25.11.2021-3-e1637875621110.jpg\" alt=\"2021.11.25 Wohnungs\u00f6ffnung f\u00fcr Rettungsdienst (3)\" \/><\/a><\/div><div class=\"su-carousel-slide\"><a href=\"https:\/\/feuerwehr-simbach.de\/wp-content\/uploads\/2021\/11\/Wohnungsoeffnung-fuer-Rettungsdienst-25.11.2021-4-e1637875632432.jpg\" title=\"2021.11.25 Wohnungs\u00f6ffnung f\u00fcr Rettungsdienst (4)\"><img decoding=\"async\" src=\"https:\/\/feuerwehr-simbach.de\/wp-content\/uploads\/2021\/11\/Wohnungsoeffnung-fuer-Rettungsdienst-25.11.2021-4-e1637875632432.jpg\" alt=\"2021.11.25 Wohnungs\u00f6ffnung f\u00fcr Rettungsdienst (4)\" \/><\/a><\/div><\/div><div class=\"su-carousel-nav\"><div class=\"su-carousel-direction\"><span class=\"su-carousel-prev\"><\/span><span class=\"su-carousel-next\"><\/span><\/div><div class=\"su-carousel-pagination\"><\/div><\/div><\/div>\n<h6>\u00a0<\/h6>\n[\/vc_column_text][vc_row_inner][vc_column_inner width=&#8220;1\/6&#8243;][\/vc_column_inner][vc_column_inner width=&#8220;2\/3&#8243;][vc_column_text]\n<h6>Hier noch ein Video vom Ausr\u00fccken:<\/h6>\n[\/vc_column_text]<video class=\"sc_video\" src=\"https:\/\/feuerwehr-simbach.de\/wp-content\/uploads\/2021\/11\/VID-20211127-WA0000.mp4\" width=\"750\" height=\"422\" data-width=\"750\" data-height=\"422\" data-ratio=\"16:9\" poster=\"https:\/\/feuerwehr-simbach.de\/wp-content\/uploads\/2021\/11\/Wohnungsoeffnung-fuer-Rettungsdienst-25.11.2021-2-e1637875611568-750x422.jpg\" data-image=\"https:\/\/feuerwehr-simbach.de\/wp-content\/uploads\/2021\/11\/Wohnungsoeffnung-fuer-Rettungsdienst-25.11.2021-2-e1637875611568-750x422.jpg\" data-align=\"center\" style=\"width:750px;height:422px;\" autoplay=\"autoplay\" controls=\"controls\" loop=\"loop\"><\/video>[vc_column_text]\n<p>\u00a9 <a href=\"https:\/\/ov-simbach.thw.de\/\">THW OV Simbach a. Inn<\/a><\/p>\n[\/vc_column_text][\/vc_column_inner][vc_column_inner width=&#8220;1\/6&#8243;][\/vc_column_inner][\/vc_row_inner][\/vc_column][\/vc_row]\n<\/div>","protected":false},"author":11,"featured_media":15813,"template":"","meta":{"einsatz_weight":1,"footnotes":""},"categories":[162],"tags":[],"einsatzart":[],"fahrzeug":[],"exteinsatzmittel":[],"alarmierungsart":[],"evw_unit":[],"class_list":["post-15806","einsatz","type-einsatz","status-publish","has-post-thumbnail","hentry","category-einsaetze-2021"],"_links":{"self":[{"href":"https:\/\/feuerwehr-simbach.de\/index.php?rest_route=\/wp\/v2\/einsatz\/15806","targetHints":{"allow":["GET"]}}],"collection":[{"href":"https:\/\/feuerwehr-simbach.de\/index.php?rest_route=\/wp\/v2\/einsatz"}],"about":[{"href":"https:\/\/feuerwehr-simbach.de\/index.php?rest_route=\/wp\/v2\/types\/einsatz"}],"author":[{"embeddable":true,"href":"https:\/\/feuerwehr-simbach.de\/index.php?rest_route=\/wp\/v2\/users\/11"}],"version-history":[{"count":28,"href":"https:\/\/feuerwehr-simbach.de\/index.php?rest_route=\/wp\/v2\/einsatz\/15806\/revisions"}],"predecessor-version":[{"id":19563,"href":"https:\/\/feuerwehr-simbach.de\/index.php?rest_route=\/wp\/v2\/einsatz\/15806\/revisions\/19563"}],"wp:featuredmedia":[{"embeddable":true,"href":"https:\/\/feuerwehr-simbach.de\/index.php?rest_route=\/wp\/v2\/media\/15813"}],"wp:attachment":[{"href":"https:\/\/feuerwehr-simbach.de\/index.php?rest_route=%2Fwp%2Fv2%2Fmedia&parent=15806"}],"wp:term":[{"taxonomy":"category","embeddable":true,"href":"https:\/\/feuerwehr-simbach.de\/index.php?rest_route=%2Fwp%2Fv2%2Fcategories&post=15806"},{"taxonomy":"post_tag","embeddable":true,"href":"https:\/\/feuerwehr-simbach.de\/index.php?rest_route=%2Fwp%2Fv2%2Ftags&post=15806"},{"taxonomy":"einsatzart","embeddable":true,"href":"https:\/\/feuerwehr-simbach.de\/index.php?rest_route=%2Fwp%2Fv2%2Feinsatzart&post=15806"},{"taxonomy":"fahrzeug","embeddable":true,"href":"https:\/\/feuerwehr-simbach.de\/index.php?rest_route=%2Fwp%2Fv2%2Ffahrzeug&post=15806"},{"taxonomy":"exteinsatzmittel","embeddable":true,"href":"https:\/\/feuerwehr-simbach.de\/index.php?rest_route=%2Fwp%2Fv2%2Fexteinsatzmittel&post=15806"},{"taxonomy":"alarmierungsart","embeddable":true,"href":"https:\/\/feuerwehr-simbach.de\/index.php?rest_route=%2Fwp%2Fv2%2Falarmierungsart&post=15806"},{"taxonomy":"evw_unit","embeddable":true,"href":"https:\/\/feuerwehr-simbach.de\/index.php?rest_route=%2Fwp%2Fv2%2Fevw_unit&post=15806"}],"curies":[{"name":"wp","href":"https:\/\/api.w.org\/{rel}","templated":true}]}}

25.11.2021 &#8211; Wohnungsöffnung für Rettungsdienst

<div class="wpb-content-wrapper">[vc_row][vc_column][vc_empty_space height=&#8220;1&#8243;][/vc_column][/vc_row][vc_row equal_height=&#8220;yes&#8220; inverse=&#8220;&#8220; css=&#8220;.vc_custom_1545579889091{padding-bottom: 25px !important;background-color: #edf2ef !important;}&#8220;][vc_column width=&#8220;1/4&#8243;][vc_column_text]<strong>Einsatzart:</strong>[/vc_column_text][/vc_column][vc_column width=&#8220;3/4&#8243;][vc_column_text]Technische Hilfeleistung[/vc_column_text][/vc_column][/vc_row][vc_row equal_height=&#8220;yes&#8220; inverse=&#8220;&#8220; css=&#8220;.vc_custom_1545579201718{padding-bottom: 25px !important;}&#8220;][vc_column width=&#8220;1/4&#8243;][vc_column_text]<strong>Schlagwort:</strong>[/vc_column_text][/vc_column][vc_column width=&#8220;3/4&#8243;][vc_column_text]Wohnungsöffnung für Rettungsdienst[/vc_column_text][/vc_column][/vc_row][vc_row equal_height=&#8220;yes&#8220; inverse=&#8220;&#8220; css=&#8220;.vc_custom_1545579190843{padding-bottom: 25px !important;background-color: #edf2ef !important;}&#8220;][vc_column width=&#8220;1/4&#8243;][vc_column_text]<strong>Stichwort:</strong>[/vc_column_text][/vc_column][vc_column width=&#8220;3/4&#8243;][vc_column_text]THL P eingeschlossen[/vc_column_text][/vc_column][/vc_row][vc_row equal_height=&#8220;yes&#8220; inverse=&#8220;&#8220; css=&#8220;.vc_custom_1545579201718{padding-bottom: 25px !important;}&#8220;][vc_column width=&#8220;1/4&#8243;][vc_column_text]<strong>Einsatzort:</strong>[/vc_column_text][/vc_column][vc_column width=&#8220;3/4&#8243;][vc_column_text]Simbach, In der Schacht[/vc_column_text][/vc_column][/vc_row][vc_row equal_height=&#8220;yes&#8220; inverse=&#8220;&#8220; css=&#8220;.vc_custom_1545579210044{padding-bottom: 25px !important;background-color: #edf2ef !important;}&#8220;][vc_column width=&#8220;1/4&#8243;][vc_column_text]<strong>Datum:</strong>[/vc_column_text][/vc_column][vc_column width=&#8220;3/4&#8243;][vc_column_text]Donnerstag, 25. November 2021[/vc_column_text][/vc_column][/vc_row][vc_row equal_height=&#8220;yes&#8220; inverse=&#8220;&#8220; css=&#8220;.vc_custom_1545579217081{padding-bottom: 25px !important;}&#8220;][vc_column width=&#8220;1/4&#8243;][vc_column_text]<strong>Alarmierung (Schleife):</strong>[/vc_column_text][/vc_column][vc_column width=&#8220;3/4&#8243;][vc_column_text]Vollalarm[/vc_column_text][/vc_column][/vc_row][vc_row equal_height=&#8220;yes&#8220; inverse=&#8220;&#8220; css=&#8220;.vc_custom_1545579225595{padding-bottom: 25px !important;background-color: #edf2ef !important;}&#8220;][vc_column width=&#8220;1/4&#8243;][vc_column_text]<strong>E</strong><strong>ingesetzte</strong><strong> Kräfte:</strong>[/vc_column_text][/vc_column][vc_column width=&#8220;3/4&#8243;][vc_column_text]FF Simbach a. Inn, KBM 2/1, Polizei[/vc_column_text][/vc_column][/vc_row][vc_row][vc_column][vc_empty_space height=&#8220;30&#8243;][/vc_column][/vc_row][vc_row][vc_column][vc_separator border_width=&#8220;4&#8243;][/vc_column][/vc_row][vc_row][vc_column][vc_empty_space height=&#8220;30&#8243;][/vc_column][/vc_row][vc_row equal_height=&#8220;yes&#8220; inverse=&#8220;&#8220; css=&#8220;.vc_custom_1534176358862{padding-bottom: 25px !important;}&#8220;][vc_column width=&#8220;1/4&#8243;][vc_column_text]<strong>Einsatzbericht:</strong></p>
<p class="p1">[/vc_column_text][/vc_column][vc_column width=&#8220;3/4&#8243;][vc_column_text]Am Donnerstag gegen 19.15 Uhr alarmierte uns die ILS Passau zu einer Wohnungsöffnung für den Rettungsdienst in die Schacht. An der Einsatzstelle stellte sich heraus, dass es sich um eine Wohnung im 2. Obergeschoss handelte. Wir verschafften uns hier innerhalb kurzer Zeit mithilfe der Drehleiter über den Balkon Zutritt zur Wohnung. Leider stellte sich nach Öffnen der Wohnung heraus, dass für die Person jede Hilfe zu spät kam. Somit konnten wir wieder ins Gerätehaus einrücken.[/vc_column_text][/vc_column][/vc_row][vc_row][vc_column][vc_column_text]
<p>&nbsp;</p>
<p>&nbsp;</p>
<div id="su_carousel_69f093275bb5a" class="su-carousel su-carousel-centered su-carousel-pages-no su-carousel-responsive-yes JLqJ4b ChMk0b su-lightbox-gallery" style="width:100%" data-autoplay="3000" data-speed="2000" data-mousewheel="true" data-items="3" data-scroll="1"><div class="su-carousel-slides"><div class="su-carousel-slide"><a href="https://feuerwehr-simbach.de/wp-content/uploads/2021/11/Wohnungsoeffnung-fuer-Rettungsdienst-25.11.2021-1-e1637875599893.jpg" title="2021.11.25 Wohnungsöffnung für Rettungsdienst (1)"><img decoding="async" src="https://feuerwehr-simbach.de/wp-content/uploads/2021/11/Wohnungsoeffnung-fuer-Rettungsdienst-25.11.2021-1-e1637875599893.jpg" alt="2021.11.25 Wohnungsöffnung für Rettungsdienst (1)" /></a></div><div class="su-carousel-slide"><a href="https://feuerwehr-simbach.de/wp-content/uploads/2021/11/Wohnungsoeffnung-fuer-Rettungsdienst-25.11.2021-2-e1637875611568.jpg" title="2021.11.25 Wohnungsöffnung für Rettungsdienst (2)"><img decoding="async" src="https://feuerwehr-simbach.de/wp-content/uploads/2021/11/Wohnungsoeffnung-fuer-Rettungsdienst-25.11.2021-2-e1637875611568.jpg" alt="2021.11.25 Wohnungsöffnung für Rettungsdienst (2)" /></a></div><div class="su-carousel-slide"><a href="https://feuerwehr-simbach.de/wp-content/uploads/2021/11/Wohnungsoeffnung-fuer-Rettungsdienst-25.11.2021-3-e1637875621110.jpg" title="2021.11.25 Wohnungsöffnung für Rettungsdienst (3)"><img decoding="async" src="https://feuerwehr-simbach.de/wp-content/uploads/2021/11/Wohnungsoeffnung-fuer-Rettungsdienst-25.11.2021-3-e1637875621110.jpg" alt="2021.11.25 Wohnungsöffnung für Rettungsdienst (3)" /></a></div><div class="su-carousel-slide"><a href="https://feuerwehr-simbach.de/wp-content/uploads/2021/11/Wohnungsoeffnung-fuer-Rettungsdienst-25.11.2021-4-e1637875632432.jpg" title="2021.11.25 Wohnungsöffnung für Rettungsdienst (4)"><img decoding="async" src="https://feuerwehr-simbach.de/wp-content/uploads/2021/11/Wohnungsoeffnung-fuer-Rettungsdienst-25.11.2021-4-e1637875632432.jpg" alt="2021.11.25 Wohnungsöffnung für Rettungsdienst (4)" /></a></div></div><div class="su-carousel-nav"><div class="su-carousel-direction"><span class="su-carousel-prev"></span><span class="su-carousel-next"></span></div><div class="su-carousel-pagination"></div></div></div>
<h6> </h6>
[/vc_column_text][vc_row_inner][vc_column_inner width=&#8220;1/6&#8243;][/vc_column_inner][vc_column_inner width=&#8220;2/3&#8243;][vc_column_text]
<h6>Hier noch ein Video vom Ausrücken:</h6>
[/vc_column_text]<video class="sc_video" src="https://feuerwehr-simbach.de/wp-content/uploads/2021/11/VID-20211127-WA0000.mp4" width="750" height="422" data-width="750" data-height="422" data-ratio="16:9" poster="https://feuerwehr-simbach.de/wp-content/uploads/2021/11/Wohnungsoeffnung-fuer-Rettungsdienst-25.11.2021-2-e1637875611568-750x422.jpg" data-image="https://feuerwehr-simbach.de/wp-content/uploads/2021/11/Wohnungsoeffnung-fuer-Rettungsdienst-25.11.2021-2-e1637875611568-750x422.jpg" data-align="center" style="width:750px;height:422px;" autoplay="autoplay" controls="controls" loop="loop"></video>[vc_column_text]
<p>© <a href="https://ov-simbach.thw.de/">THW OV Simbach a. Inn</a></p>
[/vc_column_text][/vc_column_inner][vc_column_inner width=&#8220;1/6&#8243;][/vc_column_inner][/vc_row_inner][/vc_column][/vc_row]
</div>
