{"id":15990,"date":"2021-12-23T09:30:00","date_gmt":"2021-12-23T08:30:00","guid":{"rendered":"https:\/\/feuerwehr-simbach.de\/?post_type=einsatz&#038;p=15990"},"modified":"2021-12-23T17:57:34","modified_gmt":"2021-12-23T16:57:34","slug":"23-12-2021-verkehrsunfall","status":"publish","type":"einsatz","link":"https:\/\/feuerwehr-simbach.de\/?einsatz=23-12-2021-verkehrsunfall","title":{"rendered":"23.12.2021 &#8211; Verkehrsunfall mit zwei PKWs"},"content":{"rendered":"<div class=\"wpb-content-wrapper\">[vc_row][vc_column][vc_empty_space height=&#8220;1&#8243;][\/vc_column][\/vc_row][vc_row equal_height=&#8220;yes&#8220; inverse=&#8220;&#8220; css=&#8220;.vc_custom_1545579889091{padding-bottom: 25px !important;background-color: #edf2ef !important;}&#8220;][vc_column width=&#8220;1\/4&#8243;][vc_column_text]\n<p><strong>Einsatzart:<\/strong><\/p>\n[\/vc_column_text][\/vc_column][vc_column width=&#8220;3\/4&#8243;][vc_column_text]Technische Hilfeleistung[\/vc_column_text][\/vc_column][\/vc_row][vc_row equal_height=&#8220;yes&#8220; inverse=&#8220;&#8220; css=&#8220;.vc_custom_1545579201718{padding-bottom: 25px !important;}&#8220;][vc_column width=&#8220;1\/4&#8243;][vc_column_text]\n<p><strong>Schlagwort:<\/strong><\/p>\n[\/vc_column_text][\/vc_column][vc_column width=&#8220;3\/4&#8243;][vc_column_text]Verkehrsunfall mit zwei PKWs[\/vc_column_text][\/vc_column][\/vc_row][vc_row equal_height=&#8220;yes&#8220; inverse=&#8220;&#8220; css=&#8220;.vc_custom_1545579190843{padding-bottom: 25px !important;background-color: #edf2ef !important;}&#8220;][vc_column width=&#8220;1\/4&#8243;][vc_column_text]\n<p><strong>Stichwort:<\/strong><\/p>\n[\/vc_column_text][\/vc_column][vc_column width=&#8220;3\/4&#8243;][vc_column_text]THL 1[\/vc_column_text][\/vc_column][\/vc_row][vc_row equal_height=&#8220;yes&#8220; inverse=&#8220;&#8220; css=&#8220;.vc_custom_1545579201718{padding-bottom: 25px !important;}&#8220;][vc_column width=&#8220;1\/4&#8243;][vc_column_text]\n<p><strong>Einsatzort:<\/strong><\/p>\n[\/vc_column_text][\/vc_column][vc_column width=&#8220;3\/4&#8243;][vc_column_text]Simbach, St2112 H\u00f6he Antersdorf[\/vc_column_text][\/vc_column][\/vc_row][vc_row equal_height=&#8220;yes&#8220; inverse=&#8220;&#8220; css=&#8220;.vc_custom_1545579210044{padding-bottom: 25px !important;background-color: #edf2ef !important;}&#8220;][vc_column width=&#8220;1\/4&#8243;][vc_column_text]\n<p><strong>Datum:<\/strong><\/p>\n[\/vc_column_text][\/vc_column][vc_column width=&#8220;3\/4&#8243;][vc_column_text]Donnerstag, 23. Dezember 2021[\/vc_column_text][\/vc_column][\/vc_row][vc_row equal_height=&#8220;yes&#8220; inverse=&#8220;&#8220; css=&#8220;.vc_custom_1545579217081{padding-bottom: 25px !important;}&#8220;][vc_column width=&#8220;1\/4&#8243;][vc_column_text]\n<p><strong>Alarmierung (Schleife):<\/strong><\/p>\n[\/vc_column_text][\/vc_column][vc_column width=&#8220;3\/4&#8243;][vc_column_text]Vollalarm[\/vc_column_text][\/vc_column][\/vc_row][vc_row equal_height=&#8220;yes&#8220; inverse=&#8220;&#8220; css=&#8220;.vc_custom_1545579225595{padding-bottom: 25px !important;background-color: #edf2ef !important;}&#8220;][vc_column width=&#8220;1\/4&#8243;][vc_column_text]\n<p><strong>E<\/strong><strong>ingesetzte<\/strong><strong> Kr\u00e4fte:<\/strong><\/p>\n[\/vc_column_text][\/vc_column][vc_column width=&#8220;3\/4&#8243;][vc_column_text]FF Simbach a. Inn, KBM 2\/1, Polizei, Rettungsdienst[\/vc_column_text][\/vc_column][\/vc_row][vc_row][vc_column][vc_empty_space height=&#8220;30&#8243;][\/vc_column][\/vc_row][vc_row][vc_column][vc_separator border_width=&#8220;4&#8243;][\/vc_column][\/vc_row][vc_row][vc_column][vc_empty_space height=&#8220;30&#8243;][\/vc_column][\/vc_row][vc_row equal_height=&#8220;yes&#8220; inverse=&#8220;&#8220; css=&#8220;.vc_custom_1534176358862{padding-bottom: 25px !important;}&#8220;][vc_column width=&#8220;1\/4&#8243;][vc_column_text]\n<p><strong>Einsatzbericht:<\/strong><\/p>\n<p class=\"p1\">[\/vc_column_text][\/vc_column][vc_column width=&#8220;3\/4&#8243;][vc_column_text]<span class=\"s1\">Am Donnerstagmorgen kam es auf der St2112 H\u00f6he Antersdorf zu einem Verkehrsunfall mit zwei PKWs. Daraufhin wurden wir durch die ILS Passau gegen 7.30 Uhr alarmiert. An der Einsatzstelle bauten wir eine Verkehrsabsicherung auf und s\u00e4uberten die Fahrbahn. Der Rettungsdienst k\u00fcmmerte sich um die leicht verletzten Personen. Nachdem ein Abschleppunternehmen eingetroffen war und die Fahrbahn r\u00e4umen konnte, r\u00fcckten wir wieder ins Ger\u00e4tahaus ein.<\/span>[\/vc_column_text][\/vc_column][\/vc_row][vc_row][vc_column][vc_column_text]\n<p>&nbsp;<\/p>\n<div id=\"su_carousel_69f08de96a935\" class=\"su-carousel su-carousel-centered su-carousel-pages-no su-carousel-responsive-yes JLqJ4b ChMk0b su-lightbox-gallery\" style=\"width:100%\" data-autoplay=\"3000\" data-speed=\"2000\" data-mousewheel=\"true\" data-items=\"3\" data-scroll=\"1\"><div class=\"su-carousel-slides\"><div class=\"su-carousel-slide\"><a href=\"https:\/\/feuerwehr-simbach.de\/wp-content\/uploads\/2021\/12\/Verkehrsunfall-mit-zwei-PKWs-23.12.2021-1-e1640253925721.jpg\" title=\"2021.12.23 Verkehrsunfall mit zwei PKWs (1)\"><img decoding=\"async\" src=\"https:\/\/feuerwehr-simbach.de\/wp-content\/uploads\/2021\/12\/Verkehrsunfall-mit-zwei-PKWs-23.12.2021-1-e1640253925721.jpg\" alt=\"2021.12.23 Verkehrsunfall mit zwei PKWs (1)\" \/><\/a><\/div><div class=\"su-carousel-slide\"><a href=\"https:\/\/feuerwehr-simbach.de\/wp-content\/uploads\/2021\/12\/Verkehrsunfall-mit-zwei-PKWs-23.12.2021-2-e1640253935956.jpg\" title=\"2021.12.23 Verkehrsunfall mit zwei PKWs (2)\"><img decoding=\"async\" src=\"https:\/\/feuerwehr-simbach.de\/wp-content\/uploads\/2021\/12\/Verkehrsunfall-mit-zwei-PKWs-23.12.2021-2-e1640253935956.jpg\" alt=\"2021.12.23 Verkehrsunfall mit zwei PKWs (2)\" \/><\/a><\/div><div class=\"su-carousel-slide\"><a href=\"https:\/\/feuerwehr-simbach.de\/wp-content\/uploads\/2021\/12\/Verkehrsunfall-mit-zwei-PKWs-23.12.2021-3-e1640253944388.jpg\" title=\"2021.12.23 Verkehrsunfall mit zwei PKWs (3)\"><img decoding=\"async\" src=\"https:\/\/feuerwehr-simbach.de\/wp-content\/uploads\/2021\/12\/Verkehrsunfall-mit-zwei-PKWs-23.12.2021-3-e1640253944388.jpg\" alt=\"2021.12.23 Verkehrsunfall mit zwei PKWs (3)\" \/><\/a><\/div><div class=\"su-carousel-slide\"><a href=\"https:\/\/feuerwehr-simbach.de\/wp-content\/uploads\/2021\/12\/Verkehrsunfall-mit-zwei-PKWs-23.12.2021-4-e1640253953985.jpg\" title=\"2021.12.23 Verkehrsunfall mit zwei PKWs (4)\"><img decoding=\"async\" src=\"https:\/\/feuerwehr-simbach.de\/wp-content\/uploads\/2021\/12\/Verkehrsunfall-mit-zwei-PKWs-23.12.2021-4-e1640253953985.jpg\" alt=\"2021.12.23 Verkehrsunfall mit zwei PKWs (4)\" \/><\/a><\/div><div class=\"su-carousel-slide\"><a href=\"https:\/\/feuerwehr-simbach.de\/wp-content\/uploads\/2021\/12\/Verkehrsunfall-mit-zwei-PKWs-23.12.2021-5-e1640253963642.jpg\" title=\"2021.12.23 Verkehrsunfall mit zwei PKWs (5)\"><img decoding=\"async\" src=\"https:\/\/feuerwehr-simbach.de\/wp-content\/uploads\/2021\/12\/Verkehrsunfall-mit-zwei-PKWs-23.12.2021-5-e1640253963642.jpg\" alt=\"2021.12.23 Verkehrsunfall mit zwei PKWs (5)\" \/><\/a><\/div><div class=\"su-carousel-slide\"><a href=\"https:\/\/feuerwehr-simbach.de\/wp-content\/uploads\/2021\/12\/Verkehrsunfall-mit-zwei-PKWs-23.12.2021-6-e1640253975136.jpg\" title=\"2021.12.23 Verkehrsunfall mit zwei PKWs (6)\"><img decoding=\"async\" src=\"https:\/\/feuerwehr-simbach.de\/wp-content\/uploads\/2021\/12\/Verkehrsunfall-mit-zwei-PKWs-23.12.2021-6-e1640253975136.jpg\" alt=\"2021.12.23 Verkehrsunfall mit zwei PKWs (6)\" \/><\/a><\/div><div class=\"su-carousel-slide\"><a href=\"https:\/\/feuerwehr-simbach.de\/wp-content\/uploads\/2021\/12\/Verkehrsunfall-mit-zwei-PKWs-23.12.2021-7-e1640253984332.jpg\" title=\"2021.12.23 Verkehrsunfall mit zwei PKWs (7)\"><img decoding=\"async\" src=\"https:\/\/feuerwehr-simbach.de\/wp-content\/uploads\/2021\/12\/Verkehrsunfall-mit-zwei-PKWs-23.12.2021-7-e1640253984332.jpg\" alt=\"2021.12.23 Verkehrsunfall mit zwei PKWs (7)\" \/><\/a><\/div><div class=\"su-carousel-slide\"><a href=\"https:\/\/feuerwehr-simbach.de\/wp-content\/uploads\/2021\/12\/Verkehrsunfall-mit-zwei-PKWs-23.12.2021-8-e1640253992363.jpg\" title=\"2021.12.23 Verkehrsunfall mit zwei PKWs (8)\"><img decoding=\"async\" src=\"https:\/\/feuerwehr-simbach.de\/wp-content\/uploads\/2021\/12\/Verkehrsunfall-mit-zwei-PKWs-23.12.2021-8-e1640253992363.jpg\" alt=\"2021.12.23 Verkehrsunfall mit zwei PKWs (8)\" \/><\/a><\/div><\/div><div class=\"su-carousel-nav\"><div class=\"su-carousel-direction\"><span class=\"su-carousel-prev\"><\/span><span class=\"su-carousel-next\"><\/span><\/div><div class=\"su-carousel-pagination\"><\/div><\/div><\/div>\n<\/div>","protected":false},"author":11,"featured_media":16000,"template":"","meta":{"einsatz_weight":1,"footnotes":""},"categories":[162],"tags":[],"einsatzart":[],"fahrzeug":[],"exteinsatzmittel":[],"alarmierungsart":[],"evw_unit":[],"class_list":["post-15990","einsatz","type-einsatz","status-publish","has-post-thumbnail","hentry","category-einsaetze-2021"],"_links":{"self":[{"href":"https:\/\/feuerwehr-simbach.de\/index.php?rest_route=\/wp\/v2\/einsatz\/15990","targetHints":{"allow":["GET"]}}],"collection":[{"href":"https:\/\/feuerwehr-simbach.de\/index.php?rest_route=\/wp\/v2\/einsatz"}],"about":[{"href":"https:\/\/feuerwehr-simbach.de\/index.php?rest_route=\/wp\/v2\/types\/einsatz"}],"author":[{"embeddable":true,"href":"https:\/\/feuerwehr-simbach.de\/index.php?rest_route=\/wp\/v2\/users\/11"}],"version-history":[{"count":7,"href":"https:\/\/feuerwehr-simbach.de\/index.php?rest_route=\/wp\/v2\/einsatz\/15990\/revisions"}],"predecessor-version":[{"id":16009,"href":"https:\/\/feuerwehr-simbach.de\/index.php?rest_route=\/wp\/v2\/einsatz\/15990\/revisions\/16009"}],"wp:featuredmedia":[{"embeddable":true,"href":"https:\/\/feuerwehr-simbach.de\/index.php?rest_route=\/wp\/v2\/media\/16000"}],"wp:attachment":[{"href":"https:\/\/feuerwehr-simbach.de\/index.php?rest_route=%2Fwp%2Fv2%2Fmedia&parent=15990"}],"wp:term":[{"taxonomy":"category","embeddable":true,"href":"https:\/\/feuerwehr-simbach.de\/index.php?rest_route=%2Fwp%2Fv2%2Fcategories&post=15990"},{"taxonomy":"post_tag","embeddable":true,"href":"https:\/\/feuerwehr-simbach.de\/index.php?rest_route=%2Fwp%2Fv2%2Ftags&post=15990"},{"taxonomy":"einsatzart","embeddable":true,"href":"https:\/\/feuerwehr-simbach.de\/index.php?rest_route=%2Fwp%2Fv2%2Feinsatzart&post=15990"},{"taxonomy":"fahrzeug","embeddable":true,"href":"https:\/\/feuerwehr-simbach.de\/index.php?rest_route=%2Fwp%2Fv2%2Ffahrzeug&post=15990"},{"taxonomy":"exteinsatzmittel","embeddable":true,"href":"https:\/\/feuerwehr-simbach.de\/index.php?rest_route=%2Fwp%2Fv2%2Fexteinsatzmittel&post=15990"},{"taxonomy":"alarmierungsart","embeddable":true,"href":"https:\/\/feuerwehr-simbach.de\/index.php?rest_route=%2Fwp%2Fv2%2Falarmierungsart&post=15990"},{"taxonomy":"evw_unit","embeddable":true,"href":"https:\/\/feuerwehr-simbach.de\/index.php?rest_route=%2Fwp%2Fv2%2Fevw_unit&post=15990"}],"curies":[{"name":"wp","href":"https:\/\/api.w.org\/{rel}","templated":true}]}}

<div class="wpb-content-wrapper">[vc_row][vc_column][vc_empty_space height=&#8220;1&#8243;][/vc_column][/vc_row][vc_row equal_height=&#8220;yes&#8220; inverse=&#8220;&#8220; css=&#8220;.vc_custom_1545579889091{padding-bottom: 25px !important;background-color: #edf2ef !important;}&#8220;][vc_column width=&#8220;1/4&#8243;][vc_column_text]
<p><strong>Einsatzart:</strong></p>
[/vc_column_text][/vc_column][vc_column width=&#8220;3/4&#8243;][vc_column_text]Technische Hilfeleistung[/vc_column_text][/vc_column][/vc_row][vc_row equal_height=&#8220;yes&#8220; inverse=&#8220;&#8220; css=&#8220;.vc_custom_1545579201718{padding-bottom: 25px !important;}&#8220;][vc_column width=&#8220;1/4&#8243;][vc_column_text]
<p><strong>Schlagwort:</strong></p>
[/vc_column_text][/vc_column][vc_column width=&#8220;3/4&#8243;][vc_column_text]Verkehrsunfall mit zwei PKWs[/vc_column_text][/vc_column][/vc_row][vc_row equal_height=&#8220;yes&#8220; inverse=&#8220;&#8220; css=&#8220;.vc_custom_1545579190843{padding-bottom: 25px !important;background-color: #edf2ef !important;}&#8220;][vc_column width=&#8220;1/4&#8243;][vc_column_text]
<p><strong>Stichwort:</strong></p>
[/vc_column_text][/vc_column][vc_column width=&#8220;3/4&#8243;][vc_column_text]THL 1[/vc_column_text][/vc_column][/vc_row][vc_row equal_height=&#8220;yes&#8220; inverse=&#8220;&#8220; css=&#8220;.vc_custom_1545579201718{padding-bottom: 25px !important;}&#8220;][vc_column width=&#8220;1/4&#8243;][vc_column_text]
<p><strong>Einsatzort:</strong></p>
[/vc_column_text][/vc_column][vc_column width=&#8220;3/4&#8243;][vc_column_text]Simbach, St2112 Höhe Antersdorf[/vc_column_text][/vc_column][/vc_row][vc_row equal_height=&#8220;yes&#8220; inverse=&#8220;&#8220; css=&#8220;.vc_custom_1545579210044{padding-bottom: 25px !important;background-color: #edf2ef !important;}&#8220;][vc_column width=&#8220;1/4&#8243;][vc_column_text]
<p><strong>Datum:</strong></p>
[/vc_column_text][/vc_column][vc_column width=&#8220;3/4&#8243;][vc_column_text]Donnerstag, 23. Dezember 2021[/vc_column_text][/vc_column][/vc_row][vc_row equal_height=&#8220;yes&#8220; inverse=&#8220;&#8220; css=&#8220;.vc_custom_1545579217081{padding-bottom: 25px !important;}&#8220;][vc_column width=&#8220;1/4&#8243;][vc_column_text]
<p><strong>Alarmierung (Schleife):</strong></p>
[/vc_column_text][/vc_column][vc_column width=&#8220;3/4&#8243;][vc_column_text]Vollalarm[/vc_column_text][/vc_column][/vc_row][vc_row equal_height=&#8220;yes&#8220; inverse=&#8220;&#8220; css=&#8220;.vc_custom_1545579225595{padding-bottom: 25px !important;background-color: #edf2ef !important;}&#8220;][vc_column width=&#8220;1/4&#8243;][vc_column_text]
<p><strong>E</strong><strong>ingesetzte</strong><strong> Kräfte:</strong></p>
[/vc_column_text][/vc_column][vc_column width=&#8220;3/4&#8243;][vc_column_text]FF Simbach a. Inn, KBM 2/1, Polizei, Rettungsdienst[/vc_column_text][/vc_column][/vc_row][vc_row][vc_column][vc_empty_space height=&#8220;30&#8243;][/vc_column][/vc_row][vc_row][vc_column][vc_separator border_width=&#8220;4&#8243;][/vc_column][/vc_row][vc_row][vc_column][vc_empty_space height=&#8220;30&#8243;][/vc_column][/vc_row][vc_row equal_height=&#8220;yes&#8220; inverse=&#8220;&#8220; css=&#8220;.vc_custom_1534176358862{padding-bottom: 25px !important;}&#8220;][vc_column width=&#8220;1/4&#8243;][vc_column_text]
<p><strong>Einsatzbericht:</strong></p>
<p class="p1">[/vc_column_text][/vc_column][vc_column width=&#8220;3/4&#8243;][vc_column_text]<span class="s1">Am Donnerstagmorgen kam es auf der St2112 Höhe Antersdorf zu einem Verkehrsunfall mit zwei PKWs. Daraufhin wurden wir durch die ILS Passau gegen 7.30 Uhr alarmiert. An der Einsatzstelle bauten wir eine Verkehrsabsicherung auf und säuberten die Fahrbahn. Der Rettungsdienst kümmerte sich um die leicht verletzten Personen. Nachdem ein Abschleppunternehmen eingetroffen war und die Fahrbahn räumen konnte, rückten wir wieder ins Gerätahaus ein.</span>[/vc_column_text][/vc_column][/vc_row][vc_row][vc_column][vc_column_text]
<p>&nbsp;</p>
<div id="su_carousel_69f08de96a935" class="su-carousel su-carousel-centered su-carousel-pages-no su-carousel-responsive-yes JLqJ4b ChMk0b su-lightbox-gallery" style="width:100%" data-autoplay="3000" data-speed="2000" data-mousewheel="true" data-items="3" data-scroll="1"><div class="su-carousel-slides"><div class="su-carousel-slide"><a href="https://feuerwehr-simbach.de/wp-content/uploads/2021/12/Verkehrsunfall-mit-zwei-PKWs-23.12.2021-1-e1640253925721.jpg" title="2021.12.23 Verkehrsunfall mit zwei PKWs (1)"><img decoding="async" src="https://feuerwehr-simbach.de/wp-content/uploads/2021/12/Verkehrsunfall-mit-zwei-PKWs-23.12.2021-1-e1640253925721.jpg" alt="2021.12.23 Verkehrsunfall mit zwei PKWs (1)" /></a></div><div class="su-carousel-slide"><a href="https://feuerwehr-simbach.de/wp-content/uploads/2021/12/Verkehrsunfall-mit-zwei-PKWs-23.12.2021-2-e1640253935956.jpg" title="2021.12.23 Verkehrsunfall mit zwei PKWs (2)"><img decoding="async" src="https://feuerwehr-simbach.de/wp-content/uploads/2021/12/Verkehrsunfall-mit-zwei-PKWs-23.12.2021-2-e1640253935956.jpg" alt="2021.12.23 Verkehrsunfall mit zwei PKWs (2)" /></a></div><div class="su-carousel-slide"><a href="https://feuerwehr-simbach.de/wp-content/uploads/2021/12/Verkehrsunfall-mit-zwei-PKWs-23.12.2021-3-e1640253944388.jpg" title="2021.12.23 Verkehrsunfall mit zwei PKWs (3)"><img decoding="async" src="https://feuerwehr-simbach.de/wp-content/uploads/2021/12/Verkehrsunfall-mit-zwei-PKWs-23.12.2021-3-e1640253944388.jpg" alt="2021.12.23 Verkehrsunfall mit zwei PKWs (3)" /></a></div><div class="su-carousel-slide"><a href="https://feuerwehr-simbach.de/wp-content/uploads/2021/12/Verkehrsunfall-mit-zwei-PKWs-23.12.2021-4-e1640253953985.jpg" title="2021.12.23 Verkehrsunfall mit zwei PKWs (4)"><img decoding="async" src="https://feuerwehr-simbach.de/wp-content/uploads/2021/12/Verkehrsunfall-mit-zwei-PKWs-23.12.2021-4-e1640253953985.jpg" alt="2021.12.23 Verkehrsunfall mit zwei PKWs (4)" /></a></div><div class="su-carousel-slide"><a href="https://feuerwehr-simbach.de/wp-content/uploads/2021/12/Verkehrsunfall-mit-zwei-PKWs-23.12.2021-5-e1640253963642.jpg" title="2021.12.23 Verkehrsunfall mit zwei PKWs (5)"><img decoding="async" src="https://feuerwehr-simbach.de/wp-content/uploads/2021/12/Verkehrsunfall-mit-zwei-PKWs-23.12.2021-5-e1640253963642.jpg" alt="2021.12.23 Verkehrsunfall mit zwei PKWs (5)" /></a></div><div class="su-carousel-slide"><a href="https://feuerwehr-simbach.de/wp-content/uploads/2021/12/Verkehrsunfall-mit-zwei-PKWs-23.12.2021-6-e1640253975136.jpg" title="2021.12.23 Verkehrsunfall mit zwei PKWs (6)"><img decoding="async" src="https://feuerwehr-simbach.de/wp-content/uploads/2021/12/Verkehrsunfall-mit-zwei-PKWs-23.12.2021-6-e1640253975136.jpg" alt="2021.12.23 Verkehrsunfall mit zwei PKWs (6)" /></a></div><div class="su-carousel-slide"><a href="https://feuerwehr-simbach.de/wp-content/uploads/2021/12/Verkehrsunfall-mit-zwei-PKWs-23.12.2021-7-e1640253984332.jpg" title="2021.12.23 Verkehrsunfall mit zwei PKWs (7)"><img decoding="async" src="https://feuerwehr-simbach.de/wp-content/uploads/2021/12/Verkehrsunfall-mit-zwei-PKWs-23.12.2021-7-e1640253984332.jpg" alt="2021.12.23 Verkehrsunfall mit zwei PKWs (7)" /></a></div><div class="su-carousel-slide"><a href="https://feuerwehr-simbach.de/wp-content/uploads/2021/12/Verkehrsunfall-mit-zwei-PKWs-23.12.2021-8-e1640253992363.jpg" title="2021.12.23 Verkehrsunfall mit zwei PKWs (8)"><img decoding="async" src="https://feuerwehr-simbach.de/wp-content/uploads/2021/12/Verkehrsunfall-mit-zwei-PKWs-23.12.2021-8-e1640253992363.jpg" alt="2021.12.23 Verkehrsunfall mit zwei PKWs (8)" /></a></div></div><div class="su-carousel-nav"><div class="su-carousel-direction"><span class="su-carousel-prev"></span><span class="su-carousel-next"></span></div><div class="su-carousel-pagination"></div></div></div>
</div>
