{"id":18689,"date":"2023-01-28T18:30:00","date_gmt":"2023-01-28T17:30:00","guid":{"rendered":"https:\/\/feuerwehr-simbach.de\/?post_type=einsatz&#038;p=18689"},"modified":"2024-02-25T15:06:15","modified_gmt":"2024-02-25T14:06:15","slug":"28-01-2023-personensuche","status":"publish","type":"einsatz","link":"https:\/\/feuerwehr-simbach.de\/?einsatz=28-01-2023-personensuche","title":{"rendered":"28.01.2023 &#8211; Personensuche"},"content":{"rendered":"<div class=\"wpb-content-wrapper\">[vc_row][vc_column][vc_empty_space height=&#8220;1&#8243;][\/vc_column][\/vc_row][vc_row equal_height=&#8220;yes&#8220; inverse=&#8220;&#8220; css=&#8220;.vc_custom_1545579889091{padding-bottom: 25px !important;background-color: #edf2ef !important;}&#8220;][vc_column width=&#8220;1\/4&#8243;][vc_column_text]\n<p><strong>Einsatzart:<\/strong><\/p>\n[\/vc_column_text][\/vc_column][vc_column width=&#8220;3\/4&#8243;][vc_column_text]Technische Hilfeleistung[\/vc_column_text][\/vc_column][\/vc_row][vc_row equal_height=&#8220;yes&#8220; inverse=&#8220;&#8220; css=&#8220;.vc_custom_1545579201718{padding-bottom: 25px !important;}&#8220;][vc_column width=&#8220;1\/4&#8243;][vc_column_text]\n<p><strong>Schlagwort:<\/strong><\/p>\n[\/vc_column_text][\/vc_column][vc_column width=&#8220;3\/4&#8243;][vc_column_text]Personensuche[\/vc_column_text][\/vc_column][\/vc_row][vc_row equal_height=&#8220;yes&#8220; inverse=&#8220;&#8220; css=&#8220;.vc_custom_1545579190843{padding-bottom: 25px !important;background-color: #edf2ef !important;}&#8220;][vc_column width=&#8220;1\/4&#8243;][vc_column_text]\n<p><strong>Stichwort:<\/strong><\/p>\n[\/vc_column_text][\/vc_column][vc_column width=&#8220;3\/4&#8243;][vc_column_text]THL 1[\/vc_column_text][\/vc_column][\/vc_row][vc_row equal_height=&#8220;yes&#8220; inverse=&#8220;&#8220; css=&#8220;.vc_custom_1545579201718{padding-bottom: 25px !important;}&#8220;][vc_column width=&#8220;1\/4&#8243;][vc_column_text]\n<p><strong>Einsatzort:<\/strong><\/p>\n[\/vc_column_text][\/vc_column][vc_column width=&#8220;3\/4&#8243;][vc_column_text]Kirchberg, Schellenberg[\/vc_column_text][\/vc_column][\/vc_row][vc_row equal_height=&#8220;yes&#8220; inverse=&#8220;&#8220; css=&#8220;.vc_custom_1545579210044{padding-bottom: 25px !important;background-color: #edf2ef !important;}&#8220;][vc_column width=&#8220;1\/4&#8243;][vc_column_text]\n<p><strong>Datum:<\/strong><\/p>\n[\/vc_column_text][\/vc_column][vc_column width=&#8220;3\/4&#8243;][vc_column_text]Samstag, 28. Januar 2023[\/vc_column_text][\/vc_column][\/vc_row][vc_row equal_height=&#8220;yes&#8220; inverse=&#8220;&#8220; css=&#8220;.vc_custom_1545579217081{padding-bottom: 25px !important;}&#8220;][vc_column width=&#8220;1\/4&#8243;][vc_column_text]\n<p><strong>Alarmierung (Schleife):<\/strong><\/p>\n[\/vc_column_text][\/vc_column][vc_column width=&#8220;3\/4&#8243;][vc_column_text]Vollalarm[\/vc_column_text][\/vc_column][\/vc_row][vc_row equal_height=&#8220;yes&#8220; inverse=&#8220;&#8220; css=&#8220;.vc_custom_1545579225595{padding-bottom: 25px !important;background-color: #edf2ef !important;}&#8220;][vc_column width=&#8220;1\/4&#8243;][vc_column_text]\n<p><strong>E<\/strong><strong>ingesetzte<\/strong><strong> Kr\u00e4fte:<\/strong><\/p>\n[\/vc_column_text][\/vc_column][vc_column width=&#8220;3\/4&#8243;][vc_column_text]<span class=\"s2\">FF Simbach a. Inn, FF Kirchberg a. Inn, FF Pfarrkirchen, KBM 1\/3, KBM 2\/1, KBM 5\/1, Rettungsdienst, Einsatzleiter Rettungsdienst, Polizei<\/span>[\/vc_column_text][\/vc_column][\/vc_row][vc_row][vc_column][vc_empty_space height=&#8220;30&#8243;][\/vc_column][\/vc_row][vc_row][vc_column][vc_separator border_width=&#8220;4&#8243;][\/vc_column][\/vc_row][vc_row][vc_column][vc_empty_space height=&#8220;30&#8243;][\/vc_column][\/vc_row][vc_row equal_height=&#8220;yes&#8220; inverse=&#8220;&#8220; css=&#8220;.vc_custom_1534176358862{padding-bottom: 25px !important;}&#8220;][vc_column width=&#8220;1\/4&#8243;][vc_column_text]\n<p><strong>Einsatzbericht:<\/strong><\/p>\n<p class=\"p1\">[\/vc_column_text][\/vc_column][vc_column width=&#8220;3\/4&#8243;][vc_column_text]Am Samstag gegen 14.45 Uhr wurden die Feuerwehren aus Kirchberg und Pfarrkirchen auf den Schellenberg zu einer Personensuche alarmiert. Da es sich hier um ein sehr gro\u00dfes Waldgebiet handelt, erfolgte gegen 15.00 Uhr ein Nachalarm f\u00fcr uns. Wir machten uns daraufhin mit mehreren Fahrzeugen auf den Weg zur Einsatzstelle. Zu diesem Zeitpunkt waren bereits Fu\u00dftrupps aus Kirchberg mit der Personensuche besch\u00e4ftigt und die Drohne aus Pfarrkirchen brachte sich in Stellung. Wir unterst\u00fctzten die Einsatzkr\u00e4fte mit dem <a href=\"https:\/\/feuerwehr-simbach.de\/?p=3556\">ATV<\/a> bei der Personensuche und bauten mit dem <a href=\"https:\/\/feuerwehr-simbach.de\/?p=3558\">Einsatzleitwagen<\/a> die F\u00fchrungsunterst\u00fctzung auf. Zudem waren weitere Einsatzkr\u00e4fte als Suchpersonal in Bereitschaft. Diese mussten jedoch nicht mehr t\u00e4tig werden, da die Person durch Einsatzkr\u00e4fte aus Kirchberg gefunden werden konnte. F\u00fcr diese kam leider jede Hilfe zu sp\u00e4t. Daraufhin konnten Teile unserer Mannschaft wieder einr\u00fccken. Mit dem ATV \u00fcbernahmen wir den Personen- und Materialtransport vom Wandererparkplatz durch unwegsames Gel\u00e4nde zum Fundort der Person. Nach der Bergung der Person konnten alle eingesetzten Einheiten wieder an ihre Standorte zur\u00fcckkehren. [\/vc_column_text][\/vc_column][\/vc_row][vc_row][vc_column][vc_column_text]\n<p>&nbsp;<\/p>\n<p>&nbsp;<\/p>\n<div id=\"su_carousel_69f4c6b796d0a\" class=\"su-carousel su-carousel-centered su-carousel-pages-no su-carousel-responsive-yes JLqJ4b ChMk0b su-lightbox-gallery\" style=\"width:100%\" data-autoplay=\"3000\" data-speed=\"2000\" data-mousewheel=\"true\" data-items=\"3\" data-scroll=\"1\"><div class=\"su-carousel-slides\"><div class=\"su-carousel-slide\"><a href=\"https:\/\/feuerwehr-simbach.de\/wp-content\/uploads\/2023\/01\/2023.01.28-Personensuche-1-e1674928788644.jpg\" title=\"2023.01.28 Personensuche (1)\"><img decoding=\"async\" src=\"https:\/\/feuerwehr-simbach.de\/wp-content\/uploads\/2023\/01\/2023.01.28-Personensuche-1-e1674928788644.jpg\" alt=\"2023.01.28 Personensuche (1)\" \/><\/a><\/div><div class=\"su-carousel-slide\"><a href=\"https:\/\/feuerwehr-simbach.de\/wp-content\/uploads\/2023\/01\/2023.01.28-Personensuche-2-e1674929635477.jpg\" title=\"2023.01.28 Personensuche (2)\"><img decoding=\"async\" src=\"https:\/\/feuerwehr-simbach.de\/wp-content\/uploads\/2023\/01\/2023.01.28-Personensuche-2-e1674929635477.jpg\" alt=\"2023.01.28 Personensuche (2)\" \/><\/a><\/div><div class=\"su-carousel-slide\"><a href=\"https:\/\/feuerwehr-simbach.de\/wp-content\/uploads\/2023\/01\/2023.01.28-Personensuche-3-e1674928973541.jpg\" title=\"2023.01.28 Personensuche (3)\"><img decoding=\"async\" src=\"https:\/\/feuerwehr-simbach.de\/wp-content\/uploads\/2023\/01\/2023.01.28-Personensuche-3-e1674928973541.jpg\" alt=\"2023.01.28 Personensuche (3)\" \/><\/a><\/div><div class=\"su-carousel-slide\"><a href=\"https:\/\/feuerwehr-simbach.de\/wp-content\/uploads\/2023\/01\/2023.01.28-Personensuche-4-e1674928982981.jpg\" title=\"2023.01.28 Personensuche (4)\"><img decoding=\"async\" src=\"https:\/\/feuerwehr-simbach.de\/wp-content\/uploads\/2023\/01\/2023.01.28-Personensuche-4-e1674928982981.jpg\" alt=\"2023.01.28 Personensuche (4)\" \/><\/a><\/div><div class=\"su-carousel-slide\"><a href=\"https:\/\/feuerwehr-simbach.de\/wp-content\/uploads\/2023\/01\/2023.01.28-Personensuche-5-e1674929006858.jpg\" title=\"2023.01.28 Personensuche (5)\"><img decoding=\"async\" src=\"https:\/\/feuerwehr-simbach.de\/wp-content\/uploads\/2023\/01\/2023.01.28-Personensuche-5-e1674929006858.jpg\" alt=\"2023.01.28 Personensuche (5)\" \/><\/a><\/div><div class=\"su-carousel-slide\"><a href=\"https:\/\/feuerwehr-simbach.de\/wp-content\/uploads\/2023\/01\/2023.01.28-Personensuche-6-e1674929022469.jpg\" title=\"2023.01.28 Personensuche (6)\"><img decoding=\"async\" src=\"https:\/\/feuerwehr-simbach.de\/wp-content\/uploads\/2023\/01\/2023.01.28-Personensuche-6-e1674929022469.jpg\" alt=\"2023.01.28 Personensuche (6)\" \/><\/a><\/div><\/div><div class=\"su-carousel-nav\"><div class=\"su-carousel-direction\"><span class=\"su-carousel-prev\"><\/span><span class=\"su-carousel-next\"><\/span><\/div><div class=\"su-carousel-pagination\"><\/div><\/div><\/div>\n<\/div>","protected":false},"author":22,"featured_media":18692,"template":"","meta":{"einsatz_weight":1,"footnotes":""},"categories":[176],"tags":[],"einsatzart":[],"fahrzeug":[],"exteinsatzmittel":[],"alarmierungsart":[],"evw_unit":[],"class_list":["post-18689","einsatz","type-einsatz","status-publish","has-post-thumbnail","hentry","category-einsaetze-2023"],"_links":{"self":[{"href":"https:\/\/feuerwehr-simbach.de\/index.php?rest_route=\/wp\/v2\/einsatz\/18689","targetHints":{"allow":["GET"]}}],"collection":[{"href":"https:\/\/feuerwehr-simbach.de\/index.php?rest_route=\/wp\/v2\/einsatz"}],"about":[{"href":"https:\/\/feuerwehr-simbach.de\/index.php?rest_route=\/wp\/v2\/types\/einsatz"}],"author":[{"embeddable":true,"href":"https:\/\/feuerwehr-simbach.de\/index.php?rest_route=\/wp\/v2\/users\/22"}],"version-history":[{"count":4,"href":"https:\/\/feuerwehr-simbach.de\/index.php?rest_route=\/wp\/v2\/einsatz\/18689\/revisions"}],"predecessor-version":[{"id":21032,"href":"https:\/\/feuerwehr-simbach.de\/index.php?rest_route=\/wp\/v2\/einsatz\/18689\/revisions\/21032"}],"wp:featuredmedia":[{"embeddable":true,"href":"https:\/\/feuerwehr-simbach.de\/index.php?rest_route=\/wp\/v2\/media\/18692"}],"wp:attachment":[{"href":"https:\/\/feuerwehr-simbach.de\/index.php?rest_route=%2Fwp%2Fv2%2Fmedia&parent=18689"}],"wp:term":[{"taxonomy":"category","embeddable":true,"href":"https:\/\/feuerwehr-simbach.de\/index.php?rest_route=%2Fwp%2Fv2%2Fcategories&post=18689"},{"taxonomy":"post_tag","embeddable":true,"href":"https:\/\/feuerwehr-simbach.de\/index.php?rest_route=%2Fwp%2Fv2%2Ftags&post=18689"},{"taxonomy":"einsatzart","embeddable":true,"href":"https:\/\/feuerwehr-simbach.de\/index.php?rest_route=%2Fwp%2Fv2%2Feinsatzart&post=18689"},{"taxonomy":"fahrzeug","embeddable":true,"href":"https:\/\/feuerwehr-simbach.de\/index.php?rest_route=%2Fwp%2Fv2%2Ffahrzeug&post=18689"},{"taxonomy":"exteinsatzmittel","embeddable":true,"href":"https:\/\/feuerwehr-simbach.de\/index.php?rest_route=%2Fwp%2Fv2%2Fexteinsatzmittel&post=18689"},{"taxonomy":"alarmierungsart","embeddable":true,"href":"https:\/\/feuerwehr-simbach.de\/index.php?rest_route=%2Fwp%2Fv2%2Falarmierungsart&post=18689"},{"taxonomy":"evw_unit","embeddable":true,"href":"https:\/\/feuerwehr-simbach.de\/index.php?rest_route=%2Fwp%2Fv2%2Fevw_unit&post=18689"}],"curies":[{"name":"wp","href":"https:\/\/api.w.org\/{rel}","templated":true}]}}

<div class="wpb-content-wrapper">[vc_row][vc_column][vc_empty_space height=&#8220;1&#8243;][/vc_column][/vc_row][vc_row equal_height=&#8220;yes&#8220; inverse=&#8220;&#8220; css=&#8220;.vc_custom_1545579889091{padding-bottom: 25px !important;background-color: #edf2ef !important;}&#8220;][vc_column width=&#8220;1/4&#8243;][vc_column_text]
<p><strong>Einsatzart:</strong></p>
[/vc_column_text][/vc_column][vc_column width=&#8220;3/4&#8243;][vc_column_text]Technische Hilfeleistung[/vc_column_text][/vc_column][/vc_row][vc_row equal_height=&#8220;yes&#8220; inverse=&#8220;&#8220; css=&#8220;.vc_custom_1545579201718{padding-bottom: 25px !important;}&#8220;][vc_column width=&#8220;1/4&#8243;][vc_column_text]
<p><strong>Schlagwort:</strong></p>
[/vc_column_text][/vc_column][vc_column width=&#8220;3/4&#8243;][vc_column_text]Personensuche[/vc_column_text][/vc_column][/vc_row][vc_row equal_height=&#8220;yes&#8220; inverse=&#8220;&#8220; css=&#8220;.vc_custom_1545579190843{padding-bottom: 25px !important;background-color: #edf2ef !important;}&#8220;][vc_column width=&#8220;1/4&#8243;][vc_column_text]
<p><strong>Stichwort:</strong></p>
[/vc_column_text][/vc_column][vc_column width=&#8220;3/4&#8243;][vc_column_text]THL 1[/vc_column_text][/vc_column][/vc_row][vc_row equal_height=&#8220;yes&#8220; inverse=&#8220;&#8220; css=&#8220;.vc_custom_1545579201718{padding-bottom: 25px !important;}&#8220;][vc_column width=&#8220;1/4&#8243;][vc_column_text]
<p><strong>Einsatzort:</strong></p>
[/vc_column_text][/vc_column][vc_column width=&#8220;3/4&#8243;][vc_column_text]Kirchberg, Schellenberg[/vc_column_text][/vc_column][/vc_row][vc_row equal_height=&#8220;yes&#8220; inverse=&#8220;&#8220; css=&#8220;.vc_custom_1545579210044{padding-bottom: 25px !important;background-color: #edf2ef !important;}&#8220;][vc_column width=&#8220;1/4&#8243;][vc_column_text]
<p><strong>Datum:</strong></p>
[/vc_column_text][/vc_column][vc_column width=&#8220;3/4&#8243;][vc_column_text]Samstag, 28. Januar 2023[/vc_column_text][/vc_column][/vc_row][vc_row equal_height=&#8220;yes&#8220; inverse=&#8220;&#8220; css=&#8220;.vc_custom_1545579217081{padding-bottom: 25px !important;}&#8220;][vc_column width=&#8220;1/4&#8243;][vc_column_text]
<p><strong>Alarmierung (Schleife):</strong></p>
[/vc_column_text][/vc_column][vc_column width=&#8220;3/4&#8243;][vc_column_text]Vollalarm[/vc_column_text][/vc_column][/vc_row][vc_row equal_height=&#8220;yes&#8220; inverse=&#8220;&#8220; css=&#8220;.vc_custom_1545579225595{padding-bottom: 25px !important;background-color: #edf2ef !important;}&#8220;][vc_column width=&#8220;1/4&#8243;][vc_column_text]
<p><strong>E</strong><strong>ingesetzte</strong><strong> Kräfte:</strong></p>
[/vc_column_text][/vc_column][vc_column width=&#8220;3/4&#8243;][vc_column_text]<span class="s2">FF Simbach a. Inn, FF Kirchberg a. Inn, FF Pfarrkirchen, KBM 1/3, KBM 2/1, KBM 5/1, Rettungsdienst, Einsatzleiter Rettungsdienst, Polizei</span>[/vc_column_text][/vc_column][/vc_row][vc_row][vc_column][vc_empty_space height=&#8220;30&#8243;][/vc_column][/vc_row][vc_row][vc_column][vc_separator border_width=&#8220;4&#8243;][/vc_column][/vc_row][vc_row][vc_column][vc_empty_space height=&#8220;30&#8243;][/vc_column][/vc_row][vc_row equal_height=&#8220;yes&#8220; inverse=&#8220;&#8220; css=&#8220;.vc_custom_1534176358862{padding-bottom: 25px !important;}&#8220;][vc_column width=&#8220;1/4&#8243;][vc_column_text]
<p><strong>Einsatzbericht:</strong></p>
<p class="p1">[/vc_column_text][/vc_column][vc_column width=&#8220;3/4&#8243;][vc_column_text]Am Samstag gegen 14.45 Uhr wurden die Feuerwehren aus Kirchberg und Pfarrkirchen auf den Schellenberg zu einer Personensuche alarmiert. Da es sich hier um ein sehr großes Waldgebiet handelt, erfolgte gegen 15.00 Uhr ein Nachalarm für uns. Wir machten uns daraufhin mit mehreren Fahrzeugen auf den Weg zur Einsatzstelle. Zu diesem Zeitpunkt waren bereits Fußtrupps aus Kirchberg mit der Personensuche beschäftigt und die Drohne aus Pfarrkirchen brachte sich in Stellung. Wir unterstützten die Einsatzkräfte mit dem <a href="https://feuerwehr-simbach.de/?p=3556">ATV</a> bei der Personensuche und bauten mit dem <a href="https://feuerwehr-simbach.de/?p=3558">Einsatzleitwagen</a> die Führungsunterstützung auf. Zudem waren weitere Einsatzkräfte als Suchpersonal in Bereitschaft. Diese mussten jedoch nicht mehr tätig werden, da die Person durch Einsatzkräfte aus Kirchberg gefunden werden konnte. Für diese kam leider jede Hilfe zu spät. Daraufhin konnten Teile unserer Mannschaft wieder einrücken. Mit dem ATV übernahmen wir den Personen- und Materialtransport vom Wandererparkplatz durch unwegsames Gelände zum Fundort der Person. Nach der Bergung der Person konnten alle eingesetzten Einheiten wieder an ihre Standorte zurückkehren. [/vc_column_text][/vc_column][/vc_row][vc_row][vc_column][vc_column_text]
<p>&nbsp;</p>
<p>&nbsp;</p>
<div id="su_carousel_69f4c6b796d0a" class="su-carousel su-carousel-centered su-carousel-pages-no su-carousel-responsive-yes JLqJ4b ChMk0b su-lightbox-gallery" style="width:100%" data-autoplay="3000" data-speed="2000" data-mousewheel="true" data-items="3" data-scroll="1"><div class="su-carousel-slides"><div class="su-carousel-slide"><a href="https://feuerwehr-simbach.de/wp-content/uploads/2023/01/2023.01.28-Personensuche-1-e1674928788644.jpg" title="2023.01.28 Personensuche (1)"><img decoding="async" src="https://feuerwehr-simbach.de/wp-content/uploads/2023/01/2023.01.28-Personensuche-1-e1674928788644.jpg" alt="2023.01.28 Personensuche (1)" /></a></div><div class="su-carousel-slide"><a href="https://feuerwehr-simbach.de/wp-content/uploads/2023/01/2023.01.28-Personensuche-2-e1674929635477.jpg" title="2023.01.28 Personensuche (2)"><img decoding="async" src="https://feuerwehr-simbach.de/wp-content/uploads/2023/01/2023.01.28-Personensuche-2-e1674929635477.jpg" alt="2023.01.28 Personensuche (2)" /></a></div><div class="su-carousel-slide"><a href="https://feuerwehr-simbach.de/wp-content/uploads/2023/01/2023.01.28-Personensuche-3-e1674928973541.jpg" title="2023.01.28 Personensuche (3)"><img decoding="async" src="https://feuerwehr-simbach.de/wp-content/uploads/2023/01/2023.01.28-Personensuche-3-e1674928973541.jpg" alt="2023.01.28 Personensuche (3)" /></a></div><div class="su-carousel-slide"><a href="https://feuerwehr-simbach.de/wp-content/uploads/2023/01/2023.01.28-Personensuche-4-e1674928982981.jpg" title="2023.01.28 Personensuche (4)"><img decoding="async" src="https://feuerwehr-simbach.de/wp-content/uploads/2023/01/2023.01.28-Personensuche-4-e1674928982981.jpg" alt="2023.01.28 Personensuche (4)" /></a></div><div class="su-carousel-slide"><a href="https://feuerwehr-simbach.de/wp-content/uploads/2023/01/2023.01.28-Personensuche-5-e1674929006858.jpg" title="2023.01.28 Personensuche (5)"><img decoding="async" src="https://feuerwehr-simbach.de/wp-content/uploads/2023/01/2023.01.28-Personensuche-5-e1674929006858.jpg" alt="2023.01.28 Personensuche (5)" /></a></div><div class="su-carousel-slide"><a href="https://feuerwehr-simbach.de/wp-content/uploads/2023/01/2023.01.28-Personensuche-6-e1674929022469.jpg" title="2023.01.28 Personensuche (6)"><img decoding="async" src="https://feuerwehr-simbach.de/wp-content/uploads/2023/01/2023.01.28-Personensuche-6-e1674929022469.jpg" alt="2023.01.28 Personensuche (6)" /></a></div></div><div class="su-carousel-nav"><div class="su-carousel-direction"><span class="su-carousel-prev"></span><span class="su-carousel-next"></span></div><div class="su-carousel-pagination"></div></div></div>
</div>
