{"id":19109,"date":"2023-04-18T15:05:00","date_gmt":"2023-04-18T13:05:00","guid":{"rendered":"https:\/\/feuerwehr-simbach.de\/?post_type=einsatz&#038;p=19109"},"modified":"2023-04-18T16:39:19","modified_gmt":"2023-04-18T14:39:19","slug":"18-04-2023-verkehrsunfall","status":"publish","type":"einsatz","link":"https:\/\/feuerwehr-simbach.de\/?einsatz=18-04-2023-verkehrsunfall","title":{"rendered":"18.04.2023 &#8211; Verkehrsunfall mit zwei PKWs"},"content":{"rendered":"<div class=\"wpb-content-wrapper\">[vc_row][vc_column][vc_empty_space height=&#8220;1&#8243;][\/vc_column][\/vc_row][vc_row equal_height=&#8220;yes&#8220; inverse=&#8220;&#8220; css=&#8220;.vc_custom_1545579889091{padding-bottom: 25px !important;background-color: #edf2ef !important;}&#8220;][vc_column width=&#8220;1\/4&#8243;][vc_column_text]\n<p><strong>Einsatzart:<\/strong><\/p>\n[\/vc_column_text][\/vc_column][vc_column width=&#8220;3\/4&#8243;][vc_column_text]Technische Hilfeleistung[\/vc_column_text][\/vc_column][\/vc_row][vc_row equal_height=&#8220;yes&#8220; inverse=&#8220;&#8220; css=&#8220;.vc_custom_1545579201718{padding-bottom: 25px !important;}&#8220;][vc_column width=&#8220;1\/4&#8243;][vc_column_text]\n<p><strong>Schlagwort:<\/strong><\/p>\n[\/vc_column_text][\/vc_column][vc_column width=&#8220;3\/4&#8243;][vc_column_text]Verkehrsunfall mit zwei PKWs[\/vc_column_text][\/vc_column][\/vc_row][vc_row equal_height=&#8220;yes&#8220; inverse=&#8220;&#8220; css=&#8220;.vc_custom_1545579190843{padding-bottom: 25px !important;background-color: #edf2ef !important;}&#8220;][vc_column width=&#8220;1\/4&#8243;][vc_column_text]\n<p><strong>Stichwort:<\/strong><\/p>\n[\/vc_column_text][\/vc_column][vc_column width=&#8220;3\/4&#8243;][vc_column_text]THL 1[\/vc_column_text][\/vc_column][\/vc_row][vc_row equal_height=&#8220;yes&#8220; inverse=&#8220;&#8220; css=&#8220;.vc_custom_1545579201718{padding-bottom: 25px !important;}&#8220;][vc_column width=&#8220;1\/4&#8243;][vc_column_text]\n<p><strong>Einsatzort:<\/strong><\/p>\n[\/vc_column_text][\/vc_column][vc_column width=&#8220;3\/4&#8243;][vc_column_text]Simbach, St 2112 H\u00f6he Irging[\/vc_column_text][\/vc_column][\/vc_row][vc_row equal_height=&#8220;yes&#8220; inverse=&#8220;&#8220; css=&#8220;.vc_custom_1545579210044{padding-bottom: 25px !important;background-color: #edf2ef !important;}&#8220;][vc_column width=&#8220;1\/4&#8243;][vc_column_text]\n<p><strong>Datum:<\/strong><\/p>\n[\/vc_column_text][\/vc_column][vc_column width=&#8220;3\/4&#8243;][vc_column_text]Dienstag, 18. April 2023[\/vc_column_text][\/vc_column][\/vc_row][vc_row equal_height=&#8220;yes&#8220; inverse=&#8220;&#8220; css=&#8220;.vc_custom_1545579217081{padding-bottom: 25px !important;}&#8220;][vc_column width=&#8220;1\/4&#8243;][vc_column_text]\n<p><strong>Alarmierung (Schleife):<\/strong><\/p>\n[\/vc_column_text][\/vc_column][vc_column width=&#8220;3\/4&#8243;][vc_column_text]Vollalarm[\/vc_column_text][\/vc_column][\/vc_row][vc_row equal_height=&#8220;yes&#8220; inverse=&#8220;&#8220; css=&#8220;.vc_custom_1545579225595{padding-bottom: 25px !important;background-color: #edf2ef !important;}&#8220;][vc_column width=&#8220;1\/4&#8243;][vc_column_text]\n<p><strong>E<\/strong><strong>ingesetzte<\/strong><strong> Kr\u00e4fte:<\/strong><\/p>\n[\/vc_column_text][\/vc_column][vc_column width=&#8220;3\/4&#8243;][vc_column_text]<span class=\"s2\">FF Simbach a. Inn, KBM 2\/1, Rettungsdienst, Polizei<\/span>[\/vc_column_text][\/vc_column][\/vc_row][vc_row][vc_column][vc_empty_space height=&#8220;30&#8243;][\/vc_column][\/vc_row][vc_row][vc_column][vc_separator border_width=&#8220;4&#8243;][\/vc_column][\/vc_row][vc_row][vc_column][vc_empty_space height=&#8220;30&#8243;][\/vc_column][\/vc_row][vc_row equal_height=&#8220;yes&#8220; inverse=&#8220;&#8220; css=&#8220;.vc_custom_1534176358862{padding-bottom: 25px !important;}&#8220;][vc_column width=&#8220;1\/4&#8243;][vc_column_text]\n<p><strong>Einsatzbericht:<\/strong><\/p>\n<p class=\"p1\">[\/vc_column_text][\/vc_column][vc_column width=&#8220;3\/4&#8243;][vc_column_text]Am Dienstag gegen 12.45 Uhr alarmierte uns die ILS Passau nach dem Stichwort THL 1 zu einem Verkehrsunfall auf die Staatsstra\u00dfe 2112 H\u00f6he Irging, da dort zwei Fahrzeuge zusammengesto\u00dfen sind. Wir \u00fcbernahmen an der Einsatzstelle in Abstimmung mit der Polizei die Vollsperrung und Verkehrslenkung im betroffenen Bereich. Zudem nahmen wir die auslaufenden Betriebsstoffe auf und s\u00e4uberten die Fahrbahn. Nachdem die besch\u00e4digten Fahrzeuge abgeschleppt wurden, konnten wir nach etwa 1,5 Stunden wieder ins Ger\u00e4tehaus einr\u00fccken.[\/vc_column_text][\/vc_column][\/vc_row][vc_row][vc_column][vc_column_text]\n<p>&nbsp;<\/p>\n<p>&nbsp;<\/p>\n<div id=\"su_carousel_69f55b66abdcf\" class=\"su-carousel su-carousel-centered su-carousel-pages-no su-carousel-responsive-yes JLqJ4b ChMk0b su-lightbox-gallery\" style=\"width:100%\" data-autoplay=\"3000\" data-speed=\"2000\" data-mousewheel=\"true\" data-items=\"3\" data-scroll=\"1\"><div class=\"su-carousel-slides\"><div class=\"su-carousel-slide\"><a href=\"https:\/\/feuerwehr-simbach.de\/wp-content\/uploads\/2023\/04\/2023.04.18-Verkehrsunfall-mit-zwei-PKWs-1-e1681828487950.jpg\" title=\"2023.04.18 Verkehrsunfall mit zwei PKWs (1)\"><img decoding=\"async\" src=\"https:\/\/feuerwehr-simbach.de\/wp-content\/uploads\/2023\/04\/2023.04.18-Verkehrsunfall-mit-zwei-PKWs-1-e1681828487950.jpg\" alt=\"2023.04.18 Verkehrsunfall mit zwei PKWs (1)\" \/><\/a><\/div><div class=\"su-carousel-slide\"><a href=\"https:\/\/feuerwehr-simbach.de\/wp-content\/uploads\/2023\/04\/2023.04.18-Verkehrsunfall-mit-zwei-PKWs-2-e1681828498170.jpg\" title=\"2023.04.18 Verkehrsunfall mit zwei PKWs (2)\"><img decoding=\"async\" src=\"https:\/\/feuerwehr-simbach.de\/wp-content\/uploads\/2023\/04\/2023.04.18-Verkehrsunfall-mit-zwei-PKWs-2-e1681828498170.jpg\" alt=\"2023.04.18 Verkehrsunfall mit zwei PKWs (2)\" \/><\/a><\/div><div class=\"su-carousel-slide\"><a href=\"https:\/\/feuerwehr-simbach.de\/wp-content\/uploads\/2023\/04\/2023.04.18-Verkehrsunfall-mit-zwei-PKWs-3-e1681828507600.jpg\" title=\"2023.04.18 Verkehrsunfall mit zwei PKWs (3)\"><img decoding=\"async\" src=\"https:\/\/feuerwehr-simbach.de\/wp-content\/uploads\/2023\/04\/2023.04.18-Verkehrsunfall-mit-zwei-PKWs-3-e1681828507600.jpg\" alt=\"2023.04.18 Verkehrsunfall mit zwei PKWs (3)\" \/><\/a><\/div><div class=\"su-carousel-slide\"><a href=\"https:\/\/feuerwehr-simbach.de\/wp-content\/uploads\/2023\/04\/2023.04.18-Verkehrsunfall-mit-zwei-PKWs-4-e1681828517995.jpg\" title=\"2023.04.18 Verkehrsunfall mit zwei PKWs (4)\"><img decoding=\"async\" src=\"https:\/\/feuerwehr-simbach.de\/wp-content\/uploads\/2023\/04\/2023.04.18-Verkehrsunfall-mit-zwei-PKWs-4-e1681828517995.jpg\" alt=\"2023.04.18 Verkehrsunfall mit zwei PKWs (4)\" \/><\/a><\/div><div class=\"su-carousel-slide\"><a href=\"https:\/\/feuerwehr-simbach.de\/wp-content\/uploads\/2023\/04\/2023.04.18-Verkehrsunfall-mit-zwei-PKWs-5-e1681828527900.jpg\" title=\"2023.04.18 Verkehrsunfall mit zwei PKWs (5)\"><img decoding=\"async\" src=\"https:\/\/feuerwehr-simbach.de\/wp-content\/uploads\/2023\/04\/2023.04.18-Verkehrsunfall-mit-zwei-PKWs-5-e1681828527900.jpg\" alt=\"2023.04.18 Verkehrsunfall mit zwei PKWs (5)\" \/><\/a><\/div><div class=\"su-carousel-slide\"><a href=\"https:\/\/feuerwehr-simbach.de\/wp-content\/uploads\/2023\/04\/2023.04.18-Verkehrsunfall-mit-zwei-PKWs-6-e1681828536866.jpg\" title=\"2023.04.18 Verkehrsunfall mit zwei PKWs (6)\"><img decoding=\"async\" src=\"https:\/\/feuerwehr-simbach.de\/wp-content\/uploads\/2023\/04\/2023.04.18-Verkehrsunfall-mit-zwei-PKWs-6-e1681828536866.jpg\" alt=\"2023.04.18 Verkehrsunfall mit zwei PKWs (6)\" \/><\/a><\/div><div class=\"su-carousel-slide\"><a href=\"https:\/\/feuerwehr-simbach.de\/wp-content\/uploads\/2023\/04\/2023.04.18-Verkehrsunfall-mit-zwei-PKWs-7-e1681828548195.jpg\" title=\"2023.04.18 Verkehrsunfall mit zwei PKWs (7)\"><img decoding=\"async\" src=\"https:\/\/feuerwehr-simbach.de\/wp-content\/uploads\/2023\/04\/2023.04.18-Verkehrsunfall-mit-zwei-PKWs-7-e1681828548195.jpg\" alt=\"2023.04.18 Verkehrsunfall mit zwei PKWs (7)\" \/><\/a><\/div><\/div><div class=\"su-carousel-nav\"><div class=\"su-carousel-direction\"><span class=\"su-carousel-prev\"><\/span><span class=\"su-carousel-next\"><\/span><\/div><div class=\"su-carousel-pagination\"><\/div><\/div><\/div>\n<\/div>","protected":false},"author":11,"featured_media":0,"template":"","meta":{"einsatz_weight":1,"footnotes":""},"categories":[176],"tags":[],"einsatzart":[],"fahrzeug":[],"exteinsatzmittel":[],"alarmierungsart":[],"evw_unit":[],"class_list":["post-19109","einsatz","type-einsatz","status-publish","hentry","category-einsaetze-2023"],"_links":{"self":[{"href":"https:\/\/feuerwehr-simbach.de\/index.php?rest_route=\/wp\/v2\/einsatz\/19109","targetHints":{"allow":["GET"]}}],"collection":[{"href":"https:\/\/feuerwehr-simbach.de\/index.php?rest_route=\/wp\/v2\/einsatz"}],"about":[{"href":"https:\/\/feuerwehr-simbach.de\/index.php?rest_route=\/wp\/v2\/types\/einsatz"}],"author":[{"embeddable":true,"href":"https:\/\/feuerwehr-simbach.de\/index.php?rest_route=\/wp\/v2\/users\/11"}],"version-history":[{"count":4,"href":"https:\/\/feuerwehr-simbach.de\/index.php?rest_route=\/wp\/v2\/einsatz\/19109\/revisions"}],"predecessor-version":[{"id":19120,"href":"https:\/\/feuerwehr-simbach.de\/index.php?rest_route=\/wp\/v2\/einsatz\/19109\/revisions\/19120"}],"wp:attachment":[{"href":"https:\/\/feuerwehr-simbach.de\/index.php?rest_route=%2Fwp%2Fv2%2Fmedia&parent=19109"}],"wp:term":[{"taxonomy":"category","embeddable":true,"href":"https:\/\/feuerwehr-simbach.de\/index.php?rest_route=%2Fwp%2Fv2%2Fcategories&post=19109"},{"taxonomy":"post_tag","embeddable":true,"href":"https:\/\/feuerwehr-simbach.de\/index.php?rest_route=%2Fwp%2Fv2%2Ftags&post=19109"},{"taxonomy":"einsatzart","embeddable":true,"href":"https:\/\/feuerwehr-simbach.de\/index.php?rest_route=%2Fwp%2Fv2%2Feinsatzart&post=19109"},{"taxonomy":"fahrzeug","embeddable":true,"href":"https:\/\/feuerwehr-simbach.de\/index.php?rest_route=%2Fwp%2Fv2%2Ffahrzeug&post=19109"},{"taxonomy":"exteinsatzmittel","embeddable":true,"href":"https:\/\/feuerwehr-simbach.de\/index.php?rest_route=%2Fwp%2Fv2%2Fexteinsatzmittel&post=19109"},{"taxonomy":"alarmierungsart","embeddable":true,"href":"https:\/\/feuerwehr-simbach.de\/index.php?rest_route=%2Fwp%2Fv2%2Falarmierungsart&post=19109"},{"taxonomy":"evw_unit","embeddable":true,"href":"https:\/\/feuerwehr-simbach.de\/index.php?rest_route=%2Fwp%2Fv2%2Fevw_unit&post=19109"}],"curies":[{"name":"wp","href":"https:\/\/api.w.org\/{rel}","templated":true}]}}

<div class="wpb-content-wrapper">[vc_row][vc_column][vc_empty_space height=&#8220;1&#8243;][/vc_column][/vc_row][vc_row equal_height=&#8220;yes&#8220; inverse=&#8220;&#8220; css=&#8220;.vc_custom_1545579889091{padding-bottom: 25px !important;background-color: #edf2ef !important;}&#8220;][vc_column width=&#8220;1/4&#8243;][vc_column_text]
<p><strong>Einsatzart:</strong></p>
[/vc_column_text][/vc_column][vc_column width=&#8220;3/4&#8243;][vc_column_text]Technische Hilfeleistung[/vc_column_text][/vc_column][/vc_row][vc_row equal_height=&#8220;yes&#8220; inverse=&#8220;&#8220; css=&#8220;.vc_custom_1545579201718{padding-bottom: 25px !important;}&#8220;][vc_column width=&#8220;1/4&#8243;][vc_column_text]
<p><strong>Schlagwort:</strong></p>
[/vc_column_text][/vc_column][vc_column width=&#8220;3/4&#8243;][vc_column_text]Verkehrsunfall mit zwei PKWs[/vc_column_text][/vc_column][/vc_row][vc_row equal_height=&#8220;yes&#8220; inverse=&#8220;&#8220; css=&#8220;.vc_custom_1545579190843{padding-bottom: 25px !important;background-color: #edf2ef !important;}&#8220;][vc_column width=&#8220;1/4&#8243;][vc_column_text]
<p><strong>Stichwort:</strong></p>
[/vc_column_text][/vc_column][vc_column width=&#8220;3/4&#8243;][vc_column_text]THL 1[/vc_column_text][/vc_column][/vc_row][vc_row equal_height=&#8220;yes&#8220; inverse=&#8220;&#8220; css=&#8220;.vc_custom_1545579201718{padding-bottom: 25px !important;}&#8220;][vc_column width=&#8220;1/4&#8243;][vc_column_text]
<p><strong>Einsatzort:</strong></p>
[/vc_column_text][/vc_column][vc_column width=&#8220;3/4&#8243;][vc_column_text]Simbach, St 2112 Höhe Irging[/vc_column_text][/vc_column][/vc_row][vc_row equal_height=&#8220;yes&#8220; inverse=&#8220;&#8220; css=&#8220;.vc_custom_1545579210044{padding-bottom: 25px !important;background-color: #edf2ef !important;}&#8220;][vc_column width=&#8220;1/4&#8243;][vc_column_text]
<p><strong>Datum:</strong></p>
[/vc_column_text][/vc_column][vc_column width=&#8220;3/4&#8243;][vc_column_text]Dienstag, 18. April 2023[/vc_column_text][/vc_column][/vc_row][vc_row equal_height=&#8220;yes&#8220; inverse=&#8220;&#8220; css=&#8220;.vc_custom_1545579217081{padding-bottom: 25px !important;}&#8220;][vc_column width=&#8220;1/4&#8243;][vc_column_text]
<p><strong>Alarmierung (Schleife):</strong></p>
[/vc_column_text][/vc_column][vc_column width=&#8220;3/4&#8243;][vc_column_text]Vollalarm[/vc_column_text][/vc_column][/vc_row][vc_row equal_height=&#8220;yes&#8220; inverse=&#8220;&#8220; css=&#8220;.vc_custom_1545579225595{padding-bottom: 25px !important;background-color: #edf2ef !important;}&#8220;][vc_column width=&#8220;1/4&#8243;][vc_column_text]
<p><strong>E</strong><strong>ingesetzte</strong><strong> Kräfte:</strong></p>
[/vc_column_text][/vc_column][vc_column width=&#8220;3/4&#8243;][vc_column_text]<span class="s2">FF Simbach a. Inn, KBM 2/1, Rettungsdienst, Polizei</span>[/vc_column_text][/vc_column][/vc_row][vc_row][vc_column][vc_empty_space height=&#8220;30&#8243;][/vc_column][/vc_row][vc_row][vc_column][vc_separator border_width=&#8220;4&#8243;][/vc_column][/vc_row][vc_row][vc_column][vc_empty_space height=&#8220;30&#8243;][/vc_column][/vc_row][vc_row equal_height=&#8220;yes&#8220; inverse=&#8220;&#8220; css=&#8220;.vc_custom_1534176358862{padding-bottom: 25px !important;}&#8220;][vc_column width=&#8220;1/4&#8243;][vc_column_text]
<p><strong>Einsatzbericht:</strong></p>
<p class="p1">[/vc_column_text][/vc_column][vc_column width=&#8220;3/4&#8243;][vc_column_text]Am Dienstag gegen 12.45 Uhr alarmierte uns die ILS Passau nach dem Stichwort THL 1 zu einem Verkehrsunfall auf die Staatsstraße 2112 Höhe Irging, da dort zwei Fahrzeuge zusammengestoßen sind. Wir übernahmen an der Einsatzstelle in Abstimmung mit der Polizei die Vollsperrung und Verkehrslenkung im betroffenen Bereich. Zudem nahmen wir die auslaufenden Betriebsstoffe auf und säuberten die Fahrbahn. Nachdem die beschädigten Fahrzeuge abgeschleppt wurden, konnten wir nach etwa 1,5 Stunden wieder ins Gerätehaus einrücken.[/vc_column_text][/vc_column][/vc_row][vc_row][vc_column][vc_column_text]
<p>&nbsp;</p>
<p>&nbsp;</p>
<div id="su_carousel_69f55b66abdcf" class="su-carousel su-carousel-centered su-carousel-pages-no su-carousel-responsive-yes JLqJ4b ChMk0b su-lightbox-gallery" style="width:100%" data-autoplay="3000" data-speed="2000" data-mousewheel="true" data-items="3" data-scroll="1"><div class="su-carousel-slides"><div class="su-carousel-slide"><a href="https://feuerwehr-simbach.de/wp-content/uploads/2023/04/2023.04.18-Verkehrsunfall-mit-zwei-PKWs-1-e1681828487950.jpg" title="2023.04.18 Verkehrsunfall mit zwei PKWs (1)"><img decoding="async" src="https://feuerwehr-simbach.de/wp-content/uploads/2023/04/2023.04.18-Verkehrsunfall-mit-zwei-PKWs-1-e1681828487950.jpg" alt="2023.04.18 Verkehrsunfall mit zwei PKWs (1)" /></a></div><div class="su-carousel-slide"><a href="https://feuerwehr-simbach.de/wp-content/uploads/2023/04/2023.04.18-Verkehrsunfall-mit-zwei-PKWs-2-e1681828498170.jpg" title="2023.04.18 Verkehrsunfall mit zwei PKWs (2)"><img decoding="async" src="https://feuerwehr-simbach.de/wp-content/uploads/2023/04/2023.04.18-Verkehrsunfall-mit-zwei-PKWs-2-e1681828498170.jpg" alt="2023.04.18 Verkehrsunfall mit zwei PKWs (2)" /></a></div><div class="su-carousel-slide"><a href="https://feuerwehr-simbach.de/wp-content/uploads/2023/04/2023.04.18-Verkehrsunfall-mit-zwei-PKWs-3-e1681828507600.jpg" title="2023.04.18 Verkehrsunfall mit zwei PKWs (3)"><img decoding="async" src="https://feuerwehr-simbach.de/wp-content/uploads/2023/04/2023.04.18-Verkehrsunfall-mit-zwei-PKWs-3-e1681828507600.jpg" alt="2023.04.18 Verkehrsunfall mit zwei PKWs (3)" /></a></div><div class="su-carousel-slide"><a href="https://feuerwehr-simbach.de/wp-content/uploads/2023/04/2023.04.18-Verkehrsunfall-mit-zwei-PKWs-4-e1681828517995.jpg" title="2023.04.18 Verkehrsunfall mit zwei PKWs (4)"><img decoding="async" src="https://feuerwehr-simbach.de/wp-content/uploads/2023/04/2023.04.18-Verkehrsunfall-mit-zwei-PKWs-4-e1681828517995.jpg" alt="2023.04.18 Verkehrsunfall mit zwei PKWs (4)" /></a></div><div class="su-carousel-slide"><a href="https://feuerwehr-simbach.de/wp-content/uploads/2023/04/2023.04.18-Verkehrsunfall-mit-zwei-PKWs-5-e1681828527900.jpg" title="2023.04.18 Verkehrsunfall mit zwei PKWs (5)"><img decoding="async" src="https://feuerwehr-simbach.de/wp-content/uploads/2023/04/2023.04.18-Verkehrsunfall-mit-zwei-PKWs-5-e1681828527900.jpg" alt="2023.04.18 Verkehrsunfall mit zwei PKWs (5)" /></a></div><div class="su-carousel-slide"><a href="https://feuerwehr-simbach.de/wp-content/uploads/2023/04/2023.04.18-Verkehrsunfall-mit-zwei-PKWs-6-e1681828536866.jpg" title="2023.04.18 Verkehrsunfall mit zwei PKWs (6)"><img decoding="async" src="https://feuerwehr-simbach.de/wp-content/uploads/2023/04/2023.04.18-Verkehrsunfall-mit-zwei-PKWs-6-e1681828536866.jpg" alt="2023.04.18 Verkehrsunfall mit zwei PKWs (6)" /></a></div><div class="su-carousel-slide"><a href="https://feuerwehr-simbach.de/wp-content/uploads/2023/04/2023.04.18-Verkehrsunfall-mit-zwei-PKWs-7-e1681828548195.jpg" title="2023.04.18 Verkehrsunfall mit zwei PKWs (7)"><img decoding="async" src="https://feuerwehr-simbach.de/wp-content/uploads/2023/04/2023.04.18-Verkehrsunfall-mit-zwei-PKWs-7-e1681828548195.jpg" alt="2023.04.18 Verkehrsunfall mit zwei PKWs (7)" /></a></div></div><div class="su-carousel-nav"><div class="su-carousel-direction"><span class="su-carousel-prev"></span><span class="su-carousel-next"></span></div><div class="su-carousel-pagination"></div></div></div>
</div>
