{"id":22553,"date":"2025-01-24T14:34:00","date_gmt":"2025-01-24T12:34:00","guid":{"rendered":"https:\/\/feuerwehr-simbach.de\/?post_type=einsatz&#038;p=22553"},"modified":"2025-01-24T15:34:15","modified_gmt":"2025-01-24T13:34:15","slug":"24-01-2025-rauchentwicklung-im-gebaeude","status":"publish","type":"einsatz","link":"https:\/\/feuerwehr-simbach.de\/?einsatz=24-01-2025-rauchentwicklung-im-gebaeude","title":{"rendered":"24.01.2025 &#8211; Rauchentwicklung im Geb\u00e4ude"},"content":{"rendered":"<div class=\"wpb-content-wrapper\">[vc_row][vc_column][vc_empty_space height=&#8220;1&#8243;][\/vc_column][\/vc_row][vc_row equal_height=&#8220;yes&#8220; inverse=&#8220;&#8220; css=&#8220;.vc_custom_1545579889091{padding-bottom: 25px !important;background-color: #edf2ef !important;}&#8220;][vc_column width=&#8220;1\/4&#8243;][vc_column_text]\n<p><strong>Einsatzart:<\/strong><\/p>\n[\/vc_column_text][\/vc_column][vc_column width=&#8220;3\/4&#8243;][vc_column_text]Brandeinsatz[\/vc_column_text][\/vc_column][\/vc_row][vc_row equal_height=&#8220;yes&#8220; inverse=&#8220;&#8220; css=&#8220;.vc_custom_1545579201718{padding-bottom: 25px !important;}&#8220;][vc_column width=&#8220;1\/4&#8243;][vc_column_text]\n<p><strong>Schlagwort:<\/strong><\/p>\n[\/vc_column_text][\/vc_column][vc_column width=&#8220;3\/4&#8243;][vc_column_text]Rauchentwicklung im Geb\u00e4ude[\/vc_column_text][\/vc_column][\/vc_row][vc_row equal_height=&#8220;yes&#8220; inverse=&#8220;&#8220; css=&#8220;.vc_custom_1545579190843{padding-bottom: 25px !important;background-color: #edf2ef !important;}&#8220;][vc_column width=&#8220;1\/4&#8243;][vc_column_text]\n<p><strong>Stichwort:<\/strong><\/p>\n[\/vc_column_text][\/vc_column][vc_column width=&#8220;3\/4&#8243;][vc_column_text]B 3[\/vc_column_text][\/vc_column][\/vc_row][vc_row equal_height=&#8220;yes&#8220; inverse=&#8220;&#8220; css=&#8220;.vc_custom_1545579201718{padding-bottom: 25px !important;}&#8220;][vc_column width=&#8220;1\/4&#8243;][vc_column_text]\n<p><strong>Einsatzort:<\/strong><\/p>\n[\/vc_column_text][\/vc_column][vc_column width=&#8220;3\/4&#8243;][vc_column_text]Simbach, Palmstra\u00dfe[\/vc_column_text][\/vc_column][\/vc_row][vc_row equal_height=&#8220;yes&#8220; inverse=&#8220;&#8220; css=&#8220;.vc_custom_1545579210044{padding-bottom: 25px !important;background-color: #edf2ef !important;}&#8220;][vc_column width=&#8220;1\/4&#8243;][vc_column_text]\n<p><strong>Datum:<\/strong><\/p>\n[\/vc_column_text][\/vc_column][vc_column width=&#8220;3\/4&#8243;][vc_column_text]Freitag, 24. Januar 2025[\/vc_column_text][\/vc_column][\/vc_row][vc_row equal_height=&#8220;yes&#8220; inverse=&#8220;&#8220; css=&#8220;.vc_custom_1545579217081{padding-bottom: 25px !important;}&#8220;][vc_column width=&#8220;1\/4&#8243;][vc_column_text]\n<p><strong>Alarmierung (Schleife):<\/strong><\/p>\n[\/vc_column_text][\/vc_column][vc_column width=&#8220;3\/4&#8243;][vc_column_text]Vollalarm[\/vc_column_text][\/vc_column][\/vc_row][vc_row equal_height=&#8220;yes&#8220; inverse=&#8220;&#8220; css=&#8220;.vc_custom_1545579225595{padding-bottom: 25px !important;background-color: #edf2ef !important;}&#8220;][vc_column width=&#8220;1\/4&#8243;][vc_column_text]\n<p><strong>E<\/strong><strong>ingesetzte<\/strong><strong> Kr\u00e4fte:<\/strong><\/p>\n[\/vc_column_text][\/vc_column][vc_column width=&#8220;3\/4&#8243;][vc_column_text]FF Simbach a. Inn, FF Erlach, FF Kirchberg a. Inn, Rettungsdienst, Polizei[\/vc_column_text][\/vc_column][\/vc_row][vc_row][vc_column][vc_empty_space height=&#8220;30&#8243;][\/vc_column][\/vc_row][vc_row][vc_column][vc_separator border_width=&#8220;4&#8243;][\/vc_column][\/vc_row][vc_row][vc_column][vc_empty_space height=&#8220;30&#8243;][\/vc_column][\/vc_row][vc_row equal_height=&#8220;yes&#8220; inverse=&#8220;&#8220; css=&#8220;.vc_custom_1534176358862{padding-bottom: 25px !important;}&#8220;][vc_column width=&#8220;1\/4&#8243;][vc_column_text]\n<p><strong>Einsatzbericht:<\/strong><\/p>\n<p class=\"p1\" style=\"text-align: left;\">[\/vc_column_text][\/vc_column][vc_column width=&#8220;3\/4&#8243;][vc_column_text]Am Freitag gegen 8.45 Uhr wurden wir gemeinsam mit den Feuerwehren aus Erlach und Kirchberg gem\u00e4\u00df dem Stichwort B3 in die Palmstra\u00dfe gerufen, da dort eine Rauchentwicklung auf einem Balkon eines Mehrfamilienhauses gemeldet wurde. An der Einsatzstelle erkundeten wir die Balkone des betroffenen Geb\u00e4udes mit der Drehleiter, w\u00e4hrend die anderen Einsatzmittel in Bereitstellung blieben. Da hierbei gl\u00fccklicherweise keine Gefahr festgestellt werden konnte, r\u00fcckten wir wieder ins Ger\u00e4tehaus ein.[\/vc_column_text][\/vc_column][\/vc_row][vc_row][vc_column][vc_column_text]\n<p>&nbsp;<\/p>\n<p>&nbsp;<\/p>\n<div id=\"su_carousel_69f70e84be78a\" class=\"su-carousel su-carousel-centered su-carousel-pages-no su-carousel-responsive-yes JLqJ4b ChMk0b su-lightbox-gallery\" style=\"width:100%\" data-autoplay=\"3000\" data-speed=\"2000\" data-mousewheel=\"true\" data-items=\"3\" data-scroll=\"1\"><div class=\"su-carousel-slides\"><div class=\"su-carousel-slide\"><a href=\"https:\/\/feuerwehr-simbach.de\/wp-content\/uploads\/2025\/01\/2025.01.24-Rauchentwicklung-im-Gebaeude-1-e1737725391955.jpg\" title=\"2025.01.24 Rauchentwicklung im Geb\u00e4ude (1)\"><img decoding=\"async\" src=\"https:\/\/feuerwehr-simbach.de\/wp-content\/uploads\/2025\/01\/2025.01.24-Rauchentwicklung-im-Gebaeude-1-e1737725391955.jpg\" alt=\"2025.01.24 Rauchentwicklung im Geb\u00e4ude (1)\" \/><\/a><\/div><div class=\"su-carousel-slide\"><a href=\"https:\/\/feuerwehr-simbach.de\/wp-content\/uploads\/2025\/01\/2025.01.24-Rauchentwicklung-im-Gebaeude-2-e1737725416101.jpg\" title=\"2025.01.24 Rauchentwicklung im Geb\u00e4ude (2)\"><img decoding=\"async\" src=\"https:\/\/feuerwehr-simbach.de\/wp-content\/uploads\/2025\/01\/2025.01.24-Rauchentwicklung-im-Gebaeude-2-e1737725416101.jpg\" alt=\"2025.01.24 Rauchentwicklung im Geb\u00e4ude (2)\" \/><\/a><\/div><div class=\"su-carousel-slide\"><a href=\"https:\/\/feuerwehr-simbach.de\/wp-content\/uploads\/2025\/01\/2025.01.24-Rauchentwicklung-im-Gebaeude-3-e1737725421283.jpg\" title=\"2025.01.24 Rauchentwicklung im Geb\u00e4ude (3)\"><img decoding=\"async\" src=\"https:\/\/feuerwehr-simbach.de\/wp-content\/uploads\/2025\/01\/2025.01.24-Rauchentwicklung-im-Gebaeude-3-e1737725421283.jpg\" alt=\"2025.01.24 Rauchentwicklung im Geb\u00e4ude (3)\" \/><\/a><\/div><div class=\"su-carousel-slide\"><a href=\"https:\/\/feuerwehr-simbach.de\/wp-content\/uploads\/2025\/01\/2025.01.24-Rauchentwicklung-im-Gebaeude-4-e1737725425219.jpg\" title=\"2025.01.24 Rauchentwicklung im Geb\u00e4ude (4)\"><img decoding=\"async\" src=\"https:\/\/feuerwehr-simbach.de\/wp-content\/uploads\/2025\/01\/2025.01.24-Rauchentwicklung-im-Gebaeude-4-e1737725425219.jpg\" alt=\"2025.01.24 Rauchentwicklung im Geb\u00e4ude (4)\" \/><\/a><\/div><div class=\"su-carousel-slide\"><a href=\"https:\/\/feuerwehr-simbach.de\/wp-content\/uploads\/2025\/01\/2025.01.24-Rauchentwicklung-im-Gebaeude-5-e1737725430909.jpg\" title=\"2025.01.24 Rauchentwicklung im Geb\u00e4ude (5)\"><img decoding=\"async\" src=\"https:\/\/feuerwehr-simbach.de\/wp-content\/uploads\/2025\/01\/2025.01.24-Rauchentwicklung-im-Gebaeude-5-e1737725430909.jpg\" alt=\"2025.01.24 Rauchentwicklung im Geb\u00e4ude (5)\" \/><\/a><\/div><div class=\"su-carousel-slide\"><a href=\"https:\/\/feuerwehr-simbach.de\/wp-content\/uploads\/2025\/01\/2025.01.24-Rauchentwicklung-im-Gebaeude-6-e1737725435633.jpg\" title=\"2025.01.24 Rauchentwicklung im Geb\u00e4ude (6)\"><img decoding=\"async\" src=\"https:\/\/feuerwehr-simbach.de\/wp-content\/uploads\/2025\/01\/2025.01.24-Rauchentwicklung-im-Gebaeude-6-e1737725435633.jpg\" alt=\"2025.01.24 Rauchentwicklung im Geb\u00e4ude (6)\" \/><\/a><\/div><\/div><div class=\"su-carousel-nav\"><div class=\"su-carousel-direction\"><span class=\"su-carousel-prev\"><\/span><span class=\"su-carousel-next\"><\/span><\/div><div class=\"su-carousel-pagination\"><\/div><\/div><\/div>\n<\/div>","protected":false},"author":22,"featured_media":22557,"template":"","meta":{"einsatz_weight":1,"footnotes":""},"categories":[181],"tags":[],"einsatzart":[],"fahrzeug":[],"exteinsatzmittel":[],"alarmierungsart":[],"evw_unit":[],"class_list":["post-22553","einsatz","type-einsatz","status-publish","has-post-thumbnail","hentry","category-einsaetze-2025"],"_links":{"self":[{"href":"https:\/\/feuerwehr-simbach.de\/index.php?rest_route=\/wp\/v2\/einsatz\/22553","targetHints":{"allow":["GET"]}}],"collection":[{"href":"https:\/\/feuerwehr-simbach.de\/index.php?rest_route=\/wp\/v2\/einsatz"}],"about":[{"href":"https:\/\/feuerwehr-simbach.de\/index.php?rest_route=\/wp\/v2\/types\/einsatz"}],"author":[{"embeddable":true,"href":"https:\/\/feuerwehr-simbach.de\/index.php?rest_route=\/wp\/v2\/users\/22"}],"version-history":[{"count":3,"href":"https:\/\/feuerwehr-simbach.de\/index.php?rest_route=\/wp\/v2\/einsatz\/22553\/revisions"}],"predecessor-version":[{"id":22566,"href":"https:\/\/feuerwehr-simbach.de\/index.php?rest_route=\/wp\/v2\/einsatz\/22553\/revisions\/22566"}],"wp:featuredmedia":[{"embeddable":true,"href":"https:\/\/feuerwehr-simbach.de\/index.php?rest_route=\/wp\/v2\/media\/22557"}],"wp:attachment":[{"href":"https:\/\/feuerwehr-simbach.de\/index.php?rest_route=%2Fwp%2Fv2%2Fmedia&parent=22553"}],"wp:term":[{"taxonomy":"category","embeddable":true,"href":"https:\/\/feuerwehr-simbach.de\/index.php?rest_route=%2Fwp%2Fv2%2Fcategories&post=22553"},{"taxonomy":"post_tag","embeddable":true,"href":"https:\/\/feuerwehr-simbach.de\/index.php?rest_route=%2Fwp%2Fv2%2Ftags&post=22553"},{"taxonomy":"einsatzart","embeddable":true,"href":"https:\/\/feuerwehr-simbach.de\/index.php?rest_route=%2Fwp%2Fv2%2Feinsatzart&post=22553"},{"taxonomy":"fahrzeug","embeddable":true,"href":"https:\/\/feuerwehr-simbach.de\/index.php?rest_route=%2Fwp%2Fv2%2Ffahrzeug&post=22553"},{"taxonomy":"exteinsatzmittel","embeddable":true,"href":"https:\/\/feuerwehr-simbach.de\/index.php?rest_route=%2Fwp%2Fv2%2Fexteinsatzmittel&post=22553"},{"taxonomy":"alarmierungsart","embeddable":true,"href":"https:\/\/feuerwehr-simbach.de\/index.php?rest_route=%2Fwp%2Fv2%2Falarmierungsart&post=22553"},{"taxonomy":"evw_unit","embeddable":true,"href":"https:\/\/feuerwehr-simbach.de\/index.php?rest_route=%2Fwp%2Fv2%2Fevw_unit&post=22553"}],"curies":[{"name":"wp","href":"https:\/\/api.w.org\/{rel}","templated":true}]}}

24.01.2025 &#8211; Rauchentwicklung im Gebäude

<div class="wpb-content-wrapper">[vc_row][vc_column][vc_empty_space height=&#8220;1&#8243;][/vc_column][/vc_row][vc_row equal_height=&#8220;yes&#8220; inverse=&#8220;&#8220; css=&#8220;.vc_custom_1545579889091{padding-bottom: 25px !important;background-color: #edf2ef !important;}&#8220;][vc_column width=&#8220;1/4&#8243;][vc_column_text]
<p><strong>Einsatzart:</strong></p>
[/vc_column_text][/vc_column][vc_column width=&#8220;3/4&#8243;][vc_column_text]Brandeinsatz[/vc_column_text][/vc_column][/vc_row][vc_row equal_height=&#8220;yes&#8220; inverse=&#8220;&#8220; css=&#8220;.vc_custom_1545579201718{padding-bottom: 25px !important;}&#8220;][vc_column width=&#8220;1/4&#8243;][vc_column_text]
<p><strong>Schlagwort:</strong></p>
[/vc_column_text][/vc_column][vc_column width=&#8220;3/4&#8243;][vc_column_text]Rauchentwicklung im Gebäude[/vc_column_text][/vc_column][/vc_row][vc_row equal_height=&#8220;yes&#8220; inverse=&#8220;&#8220; css=&#8220;.vc_custom_1545579190843{padding-bottom: 25px !important;background-color: #edf2ef !important;}&#8220;][vc_column width=&#8220;1/4&#8243;][vc_column_text]
<p><strong>Stichwort:</strong></p>
[/vc_column_text][/vc_column][vc_column width=&#8220;3/4&#8243;][vc_column_text]B 3[/vc_column_text][/vc_column][/vc_row][vc_row equal_height=&#8220;yes&#8220; inverse=&#8220;&#8220; css=&#8220;.vc_custom_1545579201718{padding-bottom: 25px !important;}&#8220;][vc_column width=&#8220;1/4&#8243;][vc_column_text]
<p><strong>Einsatzort:</strong></p>
[/vc_column_text][/vc_column][vc_column width=&#8220;3/4&#8243;][vc_column_text]Simbach, Palmstraße[/vc_column_text][/vc_column][/vc_row][vc_row equal_height=&#8220;yes&#8220; inverse=&#8220;&#8220; css=&#8220;.vc_custom_1545579210044{padding-bottom: 25px !important;background-color: #edf2ef !important;}&#8220;][vc_column width=&#8220;1/4&#8243;][vc_column_text]
<p><strong>Datum:</strong></p>
[/vc_column_text][/vc_column][vc_column width=&#8220;3/4&#8243;][vc_column_text]Freitag, 24. Januar 2025[/vc_column_text][/vc_column][/vc_row][vc_row equal_height=&#8220;yes&#8220; inverse=&#8220;&#8220; css=&#8220;.vc_custom_1545579217081{padding-bottom: 25px !important;}&#8220;][vc_column width=&#8220;1/4&#8243;][vc_column_text]
<p><strong>Alarmierung (Schleife):</strong></p>
[/vc_column_text][/vc_column][vc_column width=&#8220;3/4&#8243;][vc_column_text]Vollalarm[/vc_column_text][/vc_column][/vc_row][vc_row equal_height=&#8220;yes&#8220; inverse=&#8220;&#8220; css=&#8220;.vc_custom_1545579225595{padding-bottom: 25px !important;background-color: #edf2ef !important;}&#8220;][vc_column width=&#8220;1/4&#8243;][vc_column_text]
<p><strong>E</strong><strong>ingesetzte</strong><strong> Kräfte:</strong></p>
[/vc_column_text][/vc_column][vc_column width=&#8220;3/4&#8243;][vc_column_text]FF Simbach a. Inn, FF Erlach, FF Kirchberg a. Inn, Rettungsdienst, Polizei[/vc_column_text][/vc_column][/vc_row][vc_row][vc_column][vc_empty_space height=&#8220;30&#8243;][/vc_column][/vc_row][vc_row][vc_column][vc_separator border_width=&#8220;4&#8243;][/vc_column][/vc_row][vc_row][vc_column][vc_empty_space height=&#8220;30&#8243;][/vc_column][/vc_row][vc_row equal_height=&#8220;yes&#8220; inverse=&#8220;&#8220; css=&#8220;.vc_custom_1534176358862{padding-bottom: 25px !important;}&#8220;][vc_column width=&#8220;1/4&#8243;][vc_column_text]
<p><strong>Einsatzbericht:</strong></p>
<p class="p1" style="text-align: left;">[/vc_column_text][/vc_column][vc_column width=&#8220;3/4&#8243;][vc_column_text]Am Freitag gegen 8.45 Uhr wurden wir gemeinsam mit den Feuerwehren aus Erlach und Kirchberg gemäß dem Stichwort B3 in die Palmstraße gerufen, da dort eine Rauchentwicklung auf einem Balkon eines Mehrfamilienhauses gemeldet wurde. An der Einsatzstelle erkundeten wir die Balkone des betroffenen Gebäudes mit der Drehleiter, während die anderen Einsatzmittel in Bereitstellung blieben. Da hierbei glücklicherweise keine Gefahr festgestellt werden konnte, rückten wir wieder ins Gerätehaus ein.[/vc_column_text][/vc_column][/vc_row][vc_row][vc_column][vc_column_text]
<p>&nbsp;</p>
<p>&nbsp;</p>
<div id="su_carousel_69f70e84be78a" class="su-carousel su-carousel-centered su-carousel-pages-no su-carousel-responsive-yes JLqJ4b ChMk0b su-lightbox-gallery" style="width:100%" data-autoplay="3000" data-speed="2000" data-mousewheel="true" data-items="3" data-scroll="1"><div class="su-carousel-slides"><div class="su-carousel-slide"><a href="https://feuerwehr-simbach.de/wp-content/uploads/2025/01/2025.01.24-Rauchentwicklung-im-Gebaeude-1-e1737725391955.jpg" title="2025.01.24 Rauchentwicklung im Gebäude (1)"><img decoding="async" src="https://feuerwehr-simbach.de/wp-content/uploads/2025/01/2025.01.24-Rauchentwicklung-im-Gebaeude-1-e1737725391955.jpg" alt="2025.01.24 Rauchentwicklung im Gebäude (1)" /></a></div><div class="su-carousel-slide"><a href="https://feuerwehr-simbach.de/wp-content/uploads/2025/01/2025.01.24-Rauchentwicklung-im-Gebaeude-2-e1737725416101.jpg" title="2025.01.24 Rauchentwicklung im Gebäude (2)"><img decoding="async" src="https://feuerwehr-simbach.de/wp-content/uploads/2025/01/2025.01.24-Rauchentwicklung-im-Gebaeude-2-e1737725416101.jpg" alt="2025.01.24 Rauchentwicklung im Gebäude (2)" /></a></div><div class="su-carousel-slide"><a href="https://feuerwehr-simbach.de/wp-content/uploads/2025/01/2025.01.24-Rauchentwicklung-im-Gebaeude-3-e1737725421283.jpg" title="2025.01.24 Rauchentwicklung im Gebäude (3)"><img decoding="async" src="https://feuerwehr-simbach.de/wp-content/uploads/2025/01/2025.01.24-Rauchentwicklung-im-Gebaeude-3-e1737725421283.jpg" alt="2025.01.24 Rauchentwicklung im Gebäude (3)" /></a></div><div class="su-carousel-slide"><a href="https://feuerwehr-simbach.de/wp-content/uploads/2025/01/2025.01.24-Rauchentwicklung-im-Gebaeude-4-e1737725425219.jpg" title="2025.01.24 Rauchentwicklung im Gebäude (4)"><img decoding="async" src="https://feuerwehr-simbach.de/wp-content/uploads/2025/01/2025.01.24-Rauchentwicklung-im-Gebaeude-4-e1737725425219.jpg" alt="2025.01.24 Rauchentwicklung im Gebäude (4)" /></a></div><div class="su-carousel-slide"><a href="https://feuerwehr-simbach.de/wp-content/uploads/2025/01/2025.01.24-Rauchentwicklung-im-Gebaeude-5-e1737725430909.jpg" title="2025.01.24 Rauchentwicklung im Gebäude (5)"><img decoding="async" src="https://feuerwehr-simbach.de/wp-content/uploads/2025/01/2025.01.24-Rauchentwicklung-im-Gebaeude-5-e1737725430909.jpg" alt="2025.01.24 Rauchentwicklung im Gebäude (5)" /></a></div><div class="su-carousel-slide"><a href="https://feuerwehr-simbach.de/wp-content/uploads/2025/01/2025.01.24-Rauchentwicklung-im-Gebaeude-6-e1737725435633.jpg" title="2025.01.24 Rauchentwicklung im Gebäude (6)"><img decoding="async" src="https://feuerwehr-simbach.de/wp-content/uploads/2025/01/2025.01.24-Rauchentwicklung-im-Gebaeude-6-e1737725435633.jpg" alt="2025.01.24 Rauchentwicklung im Gebäude (6)" /></a></div></div><div class="su-carousel-nav"><div class="su-carousel-direction"><span class="su-carousel-prev"></span><span class="su-carousel-next"></span></div><div class="su-carousel-pagination"></div></div></div>
</div>
