{"id":23119,"date":"2025-04-25T12:25:00","date_gmt":"2025-04-25T10:25:00","guid":{"rendered":"https:\/\/feuerwehr-simbach.de\/?post_type=einsatz&#038;p=23119"},"modified":"2025-05-08T12:34:28","modified_gmt":"2025-05-08T10:34:28","slug":"25-04-2025-auslaufender-kraftstoff","status":"publish","type":"einsatz","link":"https:\/\/feuerwehr-simbach.de\/?einsatz=25-04-2025-auslaufender-kraftstoff","title":{"rendered":"25.04.2025 &#8211; Auslaufender Kraftstoff"},"content":{"rendered":"<div class=\"wpb-content-wrapper\">[vc_row][vc_column][vc_empty_space height=&#8220;1&#8243;][\/vc_column][\/vc_row][vc_row equal_height=&#8220;yes&#8220; inverse=&#8220;&#8220; css=&#8220;.vc_custom_1545579889091{padding-bottom: 25px !important;background-color: #edf2ef !important;}&#8220;][vc_column width=&#8220;1\/4&#8243;][vc_column_text]\n<p><strong>Einsatzart:<\/strong><\/p>\n[\/vc_column_text][\/vc_column][vc_column width=&#8220;3\/4&#8243;][vc_column_text]ABC[\/vc_column_text][\/vc_column][\/vc_row][vc_row equal_height=&#8220;yes&#8220; inverse=&#8220;&#8220; css=&#8220;.vc_custom_1545579201718{padding-bottom: 25px !important;}&#8220;][vc_column width=&#8220;1\/4&#8243;][vc_column_text]\n<p><strong>Schlagwort:<\/strong><\/p>\n[\/vc_column_text][\/vc_column][vc_column width=&#8220;3\/4&#8243;][vc_column_text]Auslaufender Kraftstoff[\/vc_column_text][\/vc_column][\/vc_row][vc_row equal_height=&#8220;yes&#8220; inverse=&#8220;&#8220; css=&#8220;.vc_custom_1545579190843{padding-bottom: 25px !important;background-color: #edf2ef !important;}&#8220;][vc_column width=&#8220;1\/4&#8243;][vc_column_text]\n<p><strong>Stichwort:<\/strong><\/p>\n[\/vc_column_text][\/vc_column][vc_column width=&#8220;3\/4&#8243;][vc_column_text]ABC Kraftstoff[\/vc_column_text][\/vc_column][\/vc_row][vc_row equal_height=&#8220;yes&#8220; inverse=&#8220;&#8220; css=&#8220;.vc_custom_1545579201718{padding-bottom: 25px !important;}&#8220;][vc_column width=&#8220;1\/4&#8243;][vc_column_text]\n<p><strong>Einsatzort:<\/strong><\/p>\n[\/vc_column_text][\/vc_column][vc_column width=&#8220;3\/4&#8243;][vc_column_text]Simbach, Heraklithstra\u00dfe[\/vc_column_text][\/vc_column][\/vc_row][vc_row equal_height=&#8220;yes&#8220; inverse=&#8220;&#8220; css=&#8220;.vc_custom_1545579210044{padding-bottom: 25px !important;background-color: #edf2ef !important;}&#8220;][vc_column width=&#8220;1\/4&#8243;][vc_column_text]\n<p><strong>Datum:<\/strong><\/p>\n[\/vc_column_text][\/vc_column][vc_column width=&#8220;3\/4&#8243;][vc_column_text]Freitag, 25. April 2025[\/vc_column_text][\/vc_column][\/vc_row][vc_row equal_height=&#8220;yes&#8220; inverse=&#8220;&#8220; css=&#8220;.vc_custom_1545579217081{padding-bottom: 25px !important;}&#8220;][vc_column width=&#8220;1\/4&#8243;][vc_column_text]\n<p><strong>Alarmierung (Schleife):<\/strong><\/p>\n[\/vc_column_text][\/vc_column][vc_column width=&#8220;3\/4&#8243;][vc_column_text]Vollalarm[\/vc_column_text][\/vc_column][\/vc_row][vc_row equal_height=&#8220;yes&#8220; inverse=&#8220;&#8220; css=&#8220;.vc_custom_1545579225595{padding-bottom: 25px !important;background-color: #edf2ef !important;}&#8220;][vc_column width=&#8220;1\/4&#8243;][vc_column_text]\n<p><strong>E<\/strong><strong>ingesetzte<\/strong><strong> Kr\u00e4fte:<\/strong><\/p>\n[\/vc_column_text][\/vc_column][vc_column width=&#8220;3\/4&#8243;][vc_column_text]FF Simbach a. Inn, KBM 2\/1, Polizei, Kl\u00e4ranlage Simbach a. Inn[\/vc_column_text][\/vc_column][\/vc_row][vc_row][vc_column][vc_empty_space height=&#8220;30&#8243;][\/vc_column][\/vc_row][vc_row][vc_column][vc_separator border_width=&#8220;4&#8243;][\/vc_column][\/vc_row][vc_row][vc_column][vc_empty_space height=&#8220;30&#8243;][\/vc_column][\/vc_row][vc_row equal_height=&#8220;yes&#8220; inverse=&#8220;&#8220; css=&#8220;.vc_custom_1534176358862{padding-bottom: 25px !important;}&#8220;][vc_column width=&#8220;1\/4&#8243;][vc_column_text]\n<p><strong>Einsatzbericht:<\/strong><\/p>\n<p class=\"p1\" style=\"text-align: left;\">[\/vc_column_text][\/vc_column][vc_column width=&#8220;3\/4&#8243;][vc_column_text]Am Freitag gegen 8.45 Uhr alarmierte uns die ILS Passau ins Simbacher Gewerbegebiet zur Firma Sch\u00fctz, da dort ein Stapler einen Dieseltank besch\u00e4digt hatte und dadurch Kraftstoff auslief. An der Einsatzstelle konnten wir die gemeldete Lage best\u00e4tigen und fanden bereits durchgef\u00fchrte Erstma\u00dfnahmen vor. So hatten die Mitarbeiter eine kleine Auffangwanne unter den Tank gestellt, die den auslaufenden Kraftstoff bereits auffing, und den Kanal bestm\u00f6glich abgedichtet, um ein gr\u00f6\u00dferes Eindringen von Kraftstoff in das Kanalnetz zu verhindern. Da der Eintritt von Diesel in den Kanal jedoch nicht vollst\u00e4ndig verhindert werden konnte, lie\u00dfen wir die Mitarbeiter der st\u00e4dtischen Kl\u00e4ranlage verst\u00e4ndigen, welche die Situation vor Ort begutachteten und weitere Ma\u00dfnahmen einleiteten. Zudem banden wir den auslaufenden Kraftstoff auf dem Betriebsgel\u00e4nde und stellten eine gr\u00f6\u00dfere Auffangwanne unter den Tank, um auch die restliche Menge an Kraftstoff auffangen zu k\u00f6nnen. Im Anschluss daran \u00fcbergaben wir die Einsatzstelle wieder an den Betrieb und kehrten ins Ger\u00e4tehaus zur\u00fcck.[\/vc_column_text][\/vc_column][\/vc_row][vc_row][vc_column][vc_column_text]\n<p>&nbsp;<\/p>\n<p>&nbsp;<\/p>\n<p><img loading=\"lazy\" decoding=\"async\" class=\"aligncenter size-full wp-image-19845\" src=\"https:\/\/feuerwehr-simbach.de\/wp-content\/uploads\/2023\/09\/Florian-Simbach-40-1-HLF-scaled.jpg\" alt=\"\" width=\"2560\" height=\"1707\" srcset=\"https:\/\/feuerwehr-simbach.de\/wp-content\/uploads\/2023\/09\/Florian-Simbach-40-1-HLF-scaled.jpg 2560w, https:\/\/feuerwehr-simbach.de\/wp-content\/uploads\/2023\/09\/Florian-Simbach-40-1-HLF-300x200.jpg 300w, https:\/\/feuerwehr-simbach.de\/wp-content\/uploads\/2023\/09\/Florian-Simbach-40-1-HLF-1024x683.jpg 1024w, https:\/\/feuerwehr-simbach.de\/wp-content\/uploads\/2023\/09\/Florian-Simbach-40-1-HLF-768x512.jpg 768w, https:\/\/feuerwehr-simbach.de\/wp-content\/uploads\/2023\/09\/Florian-Simbach-40-1-HLF-1536x1024.jpg 1536w, https:\/\/feuerwehr-simbach.de\/wp-content\/uploads\/2023\/09\/Florian-Simbach-40-1-HLF-2048x1365.jpg 2048w, https:\/\/feuerwehr-simbach.de\/wp-content\/uploads\/2023\/09\/Florian-Simbach-40-1-HLF-1320x880.jpg 1320w\" sizes=\"auto, (max-width: 2560px) 100vw, 2560px\" \/><\/p>\n<\/div>","protected":false},"author":22,"featured_media":19845,"template":"","meta":{"einsatz_weight":1,"footnotes":""},"categories":[181],"tags":[],"einsatzart":[],"fahrzeug":[],"exteinsatzmittel":[],"alarmierungsart":[],"evw_unit":[],"class_list":["post-23119","einsatz","type-einsatz","status-publish","has-post-thumbnail","hentry","category-einsaetze-2025"],"_links":{"self":[{"href":"https:\/\/feuerwehr-simbach.de\/index.php?rest_route=\/wp\/v2\/einsatz\/23119","targetHints":{"allow":["GET"]}}],"collection":[{"href":"https:\/\/feuerwehr-simbach.de\/index.php?rest_route=\/wp\/v2\/einsatz"}],"about":[{"href":"https:\/\/feuerwehr-simbach.de\/index.php?rest_route=\/wp\/v2\/types\/einsatz"}],"author":[{"embeddable":true,"href":"https:\/\/feuerwehr-simbach.de\/index.php?rest_route=\/wp\/v2\/users\/22"}],"version-history":[{"count":2,"href":"https:\/\/feuerwehr-simbach.de\/index.php?rest_route=\/wp\/v2\/einsatz\/23119\/revisions"}],"predecessor-version":[{"id":23169,"href":"https:\/\/feuerwehr-simbach.de\/index.php?rest_route=\/wp\/v2\/einsatz\/23119\/revisions\/23169"}],"wp:featuredmedia":[{"embeddable":true,"href":"https:\/\/feuerwehr-simbach.de\/index.php?rest_route=\/wp\/v2\/media\/19845"}],"wp:attachment":[{"href":"https:\/\/feuerwehr-simbach.de\/index.php?rest_route=%2Fwp%2Fv2%2Fmedia&parent=23119"}],"wp:term":[{"taxonomy":"category","embeddable":true,"href":"https:\/\/feuerwehr-simbach.de\/index.php?rest_route=%2Fwp%2Fv2%2Fcategories&post=23119"},{"taxonomy":"post_tag","embeddable":true,"href":"https:\/\/feuerwehr-simbach.de\/index.php?rest_route=%2Fwp%2Fv2%2Ftags&post=23119"},{"taxonomy":"einsatzart","embeddable":true,"href":"https:\/\/feuerwehr-simbach.de\/index.php?rest_route=%2Fwp%2Fv2%2Feinsatzart&post=23119"},{"taxonomy":"fahrzeug","embeddable":true,"href":"https:\/\/feuerwehr-simbach.de\/index.php?rest_route=%2Fwp%2Fv2%2Ffahrzeug&post=23119"},{"taxonomy":"exteinsatzmittel","embeddable":true,"href":"https:\/\/feuerwehr-simbach.de\/index.php?rest_route=%2Fwp%2Fv2%2Fexteinsatzmittel&post=23119"},{"taxonomy":"alarmierungsart","embeddable":true,"href":"https:\/\/feuerwehr-simbach.de\/index.php?rest_route=%2Fwp%2Fv2%2Falarmierungsart&post=23119"},{"taxonomy":"evw_unit","embeddable":true,"href":"https:\/\/feuerwehr-simbach.de\/index.php?rest_route=%2Fwp%2Fv2%2Fevw_unit&post=23119"}],"curies":[{"name":"wp","href":"https:\/\/api.w.org\/{rel}","templated":true}]}}

<div class="wpb-content-wrapper">[vc_row][vc_column][vc_empty_space height=&#8220;1&#8243;][/vc_column][/vc_row][vc_row equal_height=&#8220;yes&#8220; inverse=&#8220;&#8220; css=&#8220;.vc_custom_1545579889091{padding-bottom: 25px !important;background-color: #edf2ef !important;}&#8220;][vc_column width=&#8220;1/4&#8243;][vc_column_text]
<p><strong>Einsatzart:</strong></p>
[/vc_column_text][/vc_column][vc_column width=&#8220;3/4&#8243;][vc_column_text]ABC[/vc_column_text][/vc_column][/vc_row][vc_row equal_height=&#8220;yes&#8220; inverse=&#8220;&#8220; css=&#8220;.vc_custom_1545579201718{padding-bottom: 25px !important;}&#8220;][vc_column width=&#8220;1/4&#8243;][vc_column_text]
<p><strong>Schlagwort:</strong></p>
[/vc_column_text][/vc_column][vc_column width=&#8220;3/4&#8243;][vc_column_text]Auslaufender Kraftstoff[/vc_column_text][/vc_column][/vc_row][vc_row equal_height=&#8220;yes&#8220; inverse=&#8220;&#8220; css=&#8220;.vc_custom_1545579190843{padding-bottom: 25px !important;background-color: #edf2ef !important;}&#8220;][vc_column width=&#8220;1/4&#8243;][vc_column_text]
<p><strong>Stichwort:</strong></p>
[/vc_column_text][/vc_column][vc_column width=&#8220;3/4&#8243;][vc_column_text]ABC Kraftstoff[/vc_column_text][/vc_column][/vc_row][vc_row equal_height=&#8220;yes&#8220; inverse=&#8220;&#8220; css=&#8220;.vc_custom_1545579201718{padding-bottom: 25px !important;}&#8220;][vc_column width=&#8220;1/4&#8243;][vc_column_text]
<p><strong>Einsatzort:</strong></p>
[/vc_column_text][/vc_column][vc_column width=&#8220;3/4&#8243;][vc_column_text]Simbach, Heraklithstraße[/vc_column_text][/vc_column][/vc_row][vc_row equal_height=&#8220;yes&#8220; inverse=&#8220;&#8220; css=&#8220;.vc_custom_1545579210044{padding-bottom: 25px !important;background-color: #edf2ef !important;}&#8220;][vc_column width=&#8220;1/4&#8243;][vc_column_text]
<p><strong>Datum:</strong></p>
[/vc_column_text][/vc_column][vc_column width=&#8220;3/4&#8243;][vc_column_text]Freitag, 25. April 2025[/vc_column_text][/vc_column][/vc_row][vc_row equal_height=&#8220;yes&#8220; inverse=&#8220;&#8220; css=&#8220;.vc_custom_1545579217081{padding-bottom: 25px !important;}&#8220;][vc_column width=&#8220;1/4&#8243;][vc_column_text]
<p><strong>Alarmierung (Schleife):</strong></p>
[/vc_column_text][/vc_column][vc_column width=&#8220;3/4&#8243;][vc_column_text]Vollalarm[/vc_column_text][/vc_column][/vc_row][vc_row equal_height=&#8220;yes&#8220; inverse=&#8220;&#8220; css=&#8220;.vc_custom_1545579225595{padding-bottom: 25px !important;background-color: #edf2ef !important;}&#8220;][vc_column width=&#8220;1/4&#8243;][vc_column_text]
<p><strong>E</strong><strong>ingesetzte</strong><strong> Kräfte:</strong></p>
[/vc_column_text][/vc_column][vc_column width=&#8220;3/4&#8243;][vc_column_text]FF Simbach a. Inn, KBM 2/1, Polizei, Kläranlage Simbach a. Inn[/vc_column_text][/vc_column][/vc_row][vc_row][vc_column][vc_empty_space height=&#8220;30&#8243;][/vc_column][/vc_row][vc_row][vc_column][vc_separator border_width=&#8220;4&#8243;][/vc_column][/vc_row][vc_row][vc_column][vc_empty_space height=&#8220;30&#8243;][/vc_column][/vc_row][vc_row equal_height=&#8220;yes&#8220; inverse=&#8220;&#8220; css=&#8220;.vc_custom_1534176358862{padding-bottom: 25px !important;}&#8220;][vc_column width=&#8220;1/4&#8243;][vc_column_text]
<p><strong>Einsatzbericht:</strong></p>
<p class="p1" style="text-align: left;">[/vc_column_text][/vc_column][vc_column width=&#8220;3/4&#8243;][vc_column_text]Am Freitag gegen 8.45 Uhr alarmierte uns die ILS Passau ins Simbacher Gewerbegebiet zur Firma Schütz, da dort ein Stapler einen Dieseltank beschädigt hatte und dadurch Kraftstoff auslief. An der Einsatzstelle konnten wir die gemeldete Lage bestätigen und fanden bereits durchgeführte Erstmaßnahmen vor. So hatten die Mitarbeiter eine kleine Auffangwanne unter den Tank gestellt, die den auslaufenden Kraftstoff bereits auffing, und den Kanal bestmöglich abgedichtet, um ein größeres Eindringen von Kraftstoff in das Kanalnetz zu verhindern. Da der Eintritt von Diesel in den Kanal jedoch nicht vollständig verhindert werden konnte, ließen wir die Mitarbeiter der städtischen Kläranlage verständigen, welche die Situation vor Ort begutachteten und weitere Maßnahmen einleiteten. Zudem banden wir den auslaufenden Kraftstoff auf dem Betriebsgelände und stellten eine größere Auffangwanne unter den Tank, um auch die restliche Menge an Kraftstoff auffangen zu können. Im Anschluss daran übergaben wir die Einsatzstelle wieder an den Betrieb und kehrten ins Gerätehaus zurück.[/vc_column_text][/vc_column][/vc_row][vc_row][vc_column][vc_column_text]
<p>&nbsp;</p>
<p>&nbsp;</p>
<p><img loading="lazy" decoding="async" class="aligncenter size-full wp-image-19845" src="https://feuerwehr-simbach.de/wp-content/uploads/2023/09/Florian-Simbach-40-1-HLF-scaled.jpg" alt="" width="2560" height="1707" srcset="https://feuerwehr-simbach.de/wp-content/uploads/2023/09/Florian-Simbach-40-1-HLF-scaled.jpg 2560w, https://feuerwehr-simbach.de/wp-content/uploads/2023/09/Florian-Simbach-40-1-HLF-300x200.jpg 300w, https://feuerwehr-simbach.de/wp-content/uploads/2023/09/Florian-Simbach-40-1-HLF-1024x683.jpg 1024w, https://feuerwehr-simbach.de/wp-content/uploads/2023/09/Florian-Simbach-40-1-HLF-768x512.jpg 768w, https://feuerwehr-simbach.de/wp-content/uploads/2023/09/Florian-Simbach-40-1-HLF-1536x1024.jpg 1536w, https://feuerwehr-simbach.de/wp-content/uploads/2023/09/Florian-Simbach-40-1-HLF-2048x1365.jpg 2048w, https://feuerwehr-simbach.de/wp-content/uploads/2023/09/Florian-Simbach-40-1-HLF-1320x880.jpg 1320w" sizes="auto, (max-width: 2560px) 100vw, 2560px" /></p>
</div>
