{"id":23203,"date":"2025-05-12T06:56:00","date_gmt":"2025-05-12T04:56:00","guid":{"rendered":"https:\/\/feuerwehr-simbach.de\/?post_type=einsatz&#038;p=23203"},"modified":"2025-05-12T21:43:42","modified_gmt":"2025-05-12T19:43:42","slug":"11-05-2025-kuechenbrand-person-in-gefahr","status":"publish","type":"einsatz","link":"https:\/\/feuerwehr-simbach.de\/?einsatz=11-05-2025-kuechenbrand-person-in-gefahr","title":{"rendered":"11.05.2025 &#8211; K\u00fcchenbrand &#8211; Person in Gefahr"},"content":{"rendered":"<div class=\"wpb-content-wrapper\">[vc_row][vc_column][vc_empty_space height=&#8220;1&#8243;][\/vc_column][\/vc_row][vc_row equal_height=&#8220;yes&#8220; inverse=&#8220;&#8220; css=&#8220;.vc_custom_1545579889091{padding-bottom: 25px !important;background-color: #edf2ef !important;}&#8220;][vc_column width=&#8220;1\/4&#8243;][vc_column_text]\n<p><strong>Einsatzart:<\/strong><\/p>\n[\/vc_column_text][\/vc_column][vc_column width=&#8220;3\/4&#8243;][vc_column_text]Brandeinsatz[\/vc_column_text][\/vc_column][\/vc_row][vc_row equal_height=&#8220;yes&#8220; inverse=&#8220;&#8220; css=&#8220;.vc_custom_1545579201718{padding-bottom: 25px !important;}&#8220;][vc_column width=&#8220;1\/4&#8243;][vc_column_text]\n<p><strong>Schlagwort:<\/strong><\/p>\n[\/vc_column_text][\/vc_column][vc_column width=&#8220;3\/4&#8243;][vc_column_text]K\u00fcchenbrand &#8211; Person in Gefahr[\/vc_column_text][\/vc_column][\/vc_row][vc_row equal_height=&#8220;yes&#8220; inverse=&#8220;&#8220; css=&#8220;.vc_custom_1545579190843{padding-bottom: 25px !important;background-color: #edf2ef !important;}&#8220;][vc_column width=&#8220;1\/4&#8243;][vc_column_text]\n<p><strong>Stichwort:<\/strong><\/p>\n[\/vc_column_text][\/vc_column][vc_column width=&#8220;3\/4&#8243;][vc_column_text]B 3 Person[\/vc_column_text][\/vc_column][\/vc_row][vc_row equal_height=&#8220;yes&#8220; inverse=&#8220;&#8220; css=&#8220;.vc_custom_1545579201718{padding-bottom: 25px !important;}&#8220;][vc_column width=&#8220;1\/4&#8243;][vc_column_text]\n<p><strong>Einsatzort:<\/strong><\/p>\n[\/vc_column_text][\/vc_column][vc_column width=&#8220;3\/4&#8243;][vc_column_text]Simbach, Passauer Stra\u00dfe[\/vc_column_text][\/vc_column][\/vc_row][vc_row equal_height=&#8220;yes&#8220; inverse=&#8220;&#8220; css=&#8220;.vc_custom_1545579210044{padding-bottom: 25px !important;background-color: #edf2ef !important;}&#8220;][vc_column width=&#8220;1\/4&#8243;][vc_column_text]\n<p><strong>Datum:<\/strong><\/p>\n[\/vc_column_text][\/vc_column][vc_column width=&#8220;3\/4&#8243;][vc_column_text]Sonntag, 11. Mai 2025[\/vc_column_text][\/vc_column][\/vc_row][vc_row equal_height=&#8220;yes&#8220; inverse=&#8220;&#8220; css=&#8220;.vc_custom_1545579217081{padding-bottom: 25px !important;}&#8220;][vc_column width=&#8220;1\/4&#8243;][vc_column_text]\n<p><strong>Alarmierung (Schleife):<\/strong><\/p>\n[\/vc_column_text][\/vc_column][vc_column width=&#8220;3\/4&#8243;][vc_column_text]Vollalarm mit Sirene[\/vc_column_text][\/vc_column][\/vc_row][vc_row equal_height=&#8220;yes&#8220; inverse=&#8220;&#8220; css=&#8220;.vc_custom_1545579225595{padding-bottom: 25px !important;background-color: #edf2ef !important;}&#8220;][vc_column width=&#8220;1\/4&#8243;][vc_column_text]\n<p><strong>E<\/strong><strong>ingesetzte<\/strong><strong> Kr\u00e4fte:<\/strong><\/p>\n[\/vc_column_text][\/vc_column][vc_column width=&#8220;3\/4&#8243;][vc_column_text]FF Simbach a. Inn, FF Erlach, FF Eggstetten, FF Kirchberg a. Inn, KBI 2, KBM 2\/1, Rettungsdienst, Einsatzleiter Rettungsdienst, Polizei[\/vc_column_text][\/vc_column][\/vc_row][vc_row][vc_column][vc_empty_space height=&#8220;30&#8243;][\/vc_column][\/vc_row][vc_row][vc_column][vc_separator border_width=&#8220;4&#8243;][\/vc_column][\/vc_row][vc_row][vc_column][vc_empty_space height=&#8220;30&#8243;][\/vc_column][\/vc_row][vc_row equal_height=&#8220;yes&#8220; inverse=&#8220;&#8220; css=&#8220;.vc_custom_1534176358862{padding-bottom: 25px !important;}&#8220;][vc_column width=&#8220;1\/4&#8243;][vc_column_text]\n<p><strong>Einsatzbericht:<\/strong><\/p>\n<p class=\"p1\" style=\"text-align: left;\">[\/vc_column_text][\/vc_column][vc_column width=&#8220;3\/4&#8243;][vc_column_text]Gemeinsam mit den drei Stadtteilfeuerwehren Erlach, Kirchberg und Eggstetten wurden wir am Sonnntag gegen 20.15 Uhr in den ehemaligen Passauer Hof nach dem Stichwort B3 Person zu einem K\u00fcchenbrand mit Person in Gefahr gerufen. Gl\u00fccklicherweise stellte sich heraus, dass der Brand bereits vor unserem Eintreffen komplett gel\u00f6scht werden konnte. Nichtsdestotrotz durchsuchten wir das gesamte Geb\u00e4ude nach Personen, wof\u00fcr mehrere Trupps unter Atemschutz eingesetzt wurden. Au\u00dferdem entfernten wir Teile der K\u00fcche und der dahinterliegenden Wand, um eine Brandausbreitung ausschlie\u00dfen zu k\u00f6nnen. Parallel dazu wurde eine \u00dcberdruckbel\u00fcftung gestartet, eine Verkehrsabsicherung errichtet sowie die F\u00fchrungsunterst\u00fctzung eingerichtet. Nachdem bei der Kontrolle der Wand keine Gefahr mehr festgestellt werden konnte und eine Brandausbreitung damit ausgeschlossen war, r\u00fcckten wir zum Aufr\u00fcsten der Fahrzeuge wieder ins Ger\u00e4tehaus ein.[\/vc_column_text][\/vc_column][\/vc_row][vc_row][vc_column][vc_column_text]\n<p>&nbsp;<\/p>\n<p>&nbsp;<\/p>\n<div id=\"su_carousel_69f489416f3bd\" class=\"su-carousel su-carousel-centered su-carousel-pages-no su-carousel-responsive-yes JLqJ4b ChMk0b su-lightbox-gallery\" style=\"width:100%\" data-autoplay=\"3000\" data-speed=\"2000\" data-mousewheel=\"true\" data-items=\"3\" data-scroll=\"1\"><div class=\"su-carousel-slides\"><div class=\"su-carousel-slide\"><a href=\"https:\/\/feuerwehr-simbach.de\/wp-content\/uploads\/2025\/05\/2025.05.11-Kuechenbrand-mit-Person-in-Gefahr-1-e1747046337666.jpg\" title=\"2025.05.11 K\u00fcchenbrand mit Person in Gefahr (1)\"><img decoding=\"async\" src=\"https:\/\/feuerwehr-simbach.de\/wp-content\/uploads\/2025\/05\/2025.05.11-Kuechenbrand-mit-Person-in-Gefahr-1-e1747046337666.jpg\" alt=\"2025.05.11 K\u00fcchenbrand mit Person in Gefahr (1)\" \/><\/a><\/div><div class=\"su-carousel-slide\"><a href=\"https:\/\/feuerwehr-simbach.de\/wp-content\/uploads\/2025\/05\/2025.05.11-Kuechenbrand-mit-Person-in-Gefahr-2-e1747046341435.jpg\" title=\"2025.05.11 K\u00fcchenbrand mit Person in Gefahr (2)\"><img decoding=\"async\" src=\"https:\/\/feuerwehr-simbach.de\/wp-content\/uploads\/2025\/05\/2025.05.11-Kuechenbrand-mit-Person-in-Gefahr-2-e1747046341435.jpg\" alt=\"2025.05.11 K\u00fcchenbrand mit Person in Gefahr (2)\" \/><\/a><\/div><div class=\"su-carousel-slide\"><a href=\"https:\/\/feuerwehr-simbach.de\/wp-content\/uploads\/2025\/05\/2025.05.11-Kuechenbrand-mit-Person-in-Gefahr-3-e1747046345987.jpg\" title=\"2025.05.11 K\u00fcchenbrand mit Person in Gefahr (3)\"><img decoding=\"async\" src=\"https:\/\/feuerwehr-simbach.de\/wp-content\/uploads\/2025\/05\/2025.05.11-Kuechenbrand-mit-Person-in-Gefahr-3-e1747046345987.jpg\" alt=\"2025.05.11 K\u00fcchenbrand mit Person in Gefahr (3)\" \/><\/a><\/div><div class=\"su-carousel-slide\"><a href=\"https:\/\/feuerwehr-simbach.de\/wp-content\/uploads\/2025\/05\/2025.05.11-Kuechenbrand-mit-Person-in-Gefahr-4-e1747046349140.jpg\" title=\"2025.05.11 K\u00fcchenbrand mit Person in Gefahr (4)\"><img decoding=\"async\" src=\"https:\/\/feuerwehr-simbach.de\/wp-content\/uploads\/2025\/05\/2025.05.11-Kuechenbrand-mit-Person-in-Gefahr-4-e1747046349140.jpg\" alt=\"2025.05.11 K\u00fcchenbrand mit Person in Gefahr (4)\" \/><\/a><\/div><div class=\"su-carousel-slide\"><a href=\"https:\/\/feuerwehr-simbach.de\/wp-content\/uploads\/2025\/05\/2025.05.11-Kuechenbrand-mit-Person-in-Gefahr-5-e1747046354853.jpg\" title=\"2025.05.11 K\u00fcchenbrand mit Person in Gefahr (5)\"><img decoding=\"async\" src=\"https:\/\/feuerwehr-simbach.de\/wp-content\/uploads\/2025\/05\/2025.05.11-Kuechenbrand-mit-Person-in-Gefahr-5-e1747046354853.jpg\" alt=\"2025.05.11 K\u00fcchenbrand mit Person in Gefahr (5)\" \/><\/a><\/div><div class=\"su-carousel-slide\"><a href=\"https:\/\/feuerwehr-simbach.de\/wp-content\/uploads\/2025\/05\/2025.05.11-Kuechenbrand-mit-Person-in-Gefahr-6-e1747046359339.jpg\" title=\"2025.05.11 K\u00fcchenbrand mit Person in Gefahr (6)\"><img decoding=\"async\" src=\"https:\/\/feuerwehr-simbach.de\/wp-content\/uploads\/2025\/05\/2025.05.11-Kuechenbrand-mit-Person-in-Gefahr-6-e1747046359339.jpg\" alt=\"2025.05.11 K\u00fcchenbrand mit Person in Gefahr (6)\" \/><\/a><\/div><\/div><div class=\"su-carousel-nav\"><div class=\"su-carousel-direction\"><span class=\"su-carousel-prev\"><\/span><span class=\"su-carousel-next\"><\/span><\/div><div class=\"su-carousel-pagination\"><\/div><\/div><\/div>\n<\/div>","protected":false},"author":22,"featured_media":23209,"template":"","meta":{"einsatz_weight":1,"footnotes":""},"categories":[181],"tags":[],"einsatzart":[],"fahrzeug":[],"exteinsatzmittel":[],"alarmierungsart":[],"evw_unit":[],"class_list":["post-23203","einsatz","type-einsatz","status-publish","has-post-thumbnail","hentry","category-einsaetze-2025"],"_links":{"self":[{"href":"https:\/\/feuerwehr-simbach.de\/index.php?rest_route=\/wp\/v2\/einsatz\/23203","targetHints":{"allow":["GET"]}}],"collection":[{"href":"https:\/\/feuerwehr-simbach.de\/index.php?rest_route=\/wp\/v2\/einsatz"}],"about":[{"href":"https:\/\/feuerwehr-simbach.de\/index.php?rest_route=\/wp\/v2\/types\/einsatz"}],"author":[{"embeddable":true,"href":"https:\/\/feuerwehr-simbach.de\/index.php?rest_route=\/wp\/v2\/users\/22"}],"version-history":[{"count":3,"href":"https:\/\/feuerwehr-simbach.de\/index.php?rest_route=\/wp\/v2\/einsatz\/23203\/revisions"}],"predecessor-version":[{"id":23214,"href":"https:\/\/feuerwehr-simbach.de\/index.php?rest_route=\/wp\/v2\/einsatz\/23203\/revisions\/23214"}],"wp:featuredmedia":[{"embeddable":true,"href":"https:\/\/feuerwehr-simbach.de\/index.php?rest_route=\/wp\/v2\/media\/23209"}],"wp:attachment":[{"href":"https:\/\/feuerwehr-simbach.de\/index.php?rest_route=%2Fwp%2Fv2%2Fmedia&parent=23203"}],"wp:term":[{"taxonomy":"category","embeddable":true,"href":"https:\/\/feuerwehr-simbach.de\/index.php?rest_route=%2Fwp%2Fv2%2Fcategories&post=23203"},{"taxonomy":"post_tag","embeddable":true,"href":"https:\/\/feuerwehr-simbach.de\/index.php?rest_route=%2Fwp%2Fv2%2Ftags&post=23203"},{"taxonomy":"einsatzart","embeddable":true,"href":"https:\/\/feuerwehr-simbach.de\/index.php?rest_route=%2Fwp%2Fv2%2Feinsatzart&post=23203"},{"taxonomy":"fahrzeug","embeddable":true,"href":"https:\/\/feuerwehr-simbach.de\/index.php?rest_route=%2Fwp%2Fv2%2Ffahrzeug&post=23203"},{"taxonomy":"exteinsatzmittel","embeddable":true,"href":"https:\/\/feuerwehr-simbach.de\/index.php?rest_route=%2Fwp%2Fv2%2Fexteinsatzmittel&post=23203"},{"taxonomy":"alarmierungsart","embeddable":true,"href":"https:\/\/feuerwehr-simbach.de\/index.php?rest_route=%2Fwp%2Fv2%2Falarmierungsart&post=23203"},{"taxonomy":"evw_unit","embeddable":true,"href":"https:\/\/feuerwehr-simbach.de\/index.php?rest_route=%2Fwp%2Fv2%2Fevw_unit&post=23203"}],"curies":[{"name":"wp","href":"https:\/\/api.w.org\/{rel}","templated":true}]}}

11.05.2025 &#8211; Küchenbrand &#8211; Person in Gefahr

<div class="wpb-content-wrapper">[vc_row][vc_column][vc_empty_space height=&#8220;1&#8243;][/vc_column][/vc_row][vc_row equal_height=&#8220;yes&#8220; inverse=&#8220;&#8220; css=&#8220;.vc_custom_1545579889091{padding-bottom: 25px !important;background-color: #edf2ef !important;}&#8220;][vc_column width=&#8220;1/4&#8243;][vc_column_text]
<p><strong>Einsatzart:</strong></p>
[/vc_column_text][/vc_column][vc_column width=&#8220;3/4&#8243;][vc_column_text]Brandeinsatz[/vc_column_text][/vc_column][/vc_row][vc_row equal_height=&#8220;yes&#8220; inverse=&#8220;&#8220; css=&#8220;.vc_custom_1545579201718{padding-bottom: 25px !important;}&#8220;][vc_column width=&#8220;1/4&#8243;][vc_column_text]
<p><strong>Schlagwort:</strong></p>
[/vc_column_text][/vc_column][vc_column width=&#8220;3/4&#8243;][vc_column_text]Küchenbrand &#8211; Person in Gefahr[/vc_column_text][/vc_column][/vc_row][vc_row equal_height=&#8220;yes&#8220; inverse=&#8220;&#8220; css=&#8220;.vc_custom_1545579190843{padding-bottom: 25px !important;background-color: #edf2ef !important;}&#8220;][vc_column width=&#8220;1/4&#8243;][vc_column_text]
<p><strong>Stichwort:</strong></p>
[/vc_column_text][/vc_column][vc_column width=&#8220;3/4&#8243;][vc_column_text]B 3 Person[/vc_column_text][/vc_column][/vc_row][vc_row equal_height=&#8220;yes&#8220; inverse=&#8220;&#8220; css=&#8220;.vc_custom_1545579201718{padding-bottom: 25px !important;}&#8220;][vc_column width=&#8220;1/4&#8243;][vc_column_text]
<p><strong>Einsatzort:</strong></p>
[/vc_column_text][/vc_column][vc_column width=&#8220;3/4&#8243;][vc_column_text]Simbach, Passauer Straße[/vc_column_text][/vc_column][/vc_row][vc_row equal_height=&#8220;yes&#8220; inverse=&#8220;&#8220; css=&#8220;.vc_custom_1545579210044{padding-bottom: 25px !important;background-color: #edf2ef !important;}&#8220;][vc_column width=&#8220;1/4&#8243;][vc_column_text]
<p><strong>Datum:</strong></p>
[/vc_column_text][/vc_column][vc_column width=&#8220;3/4&#8243;][vc_column_text]Sonntag, 11. Mai 2025[/vc_column_text][/vc_column][/vc_row][vc_row equal_height=&#8220;yes&#8220; inverse=&#8220;&#8220; css=&#8220;.vc_custom_1545579217081{padding-bottom: 25px !important;}&#8220;][vc_column width=&#8220;1/4&#8243;][vc_column_text]
<p><strong>Alarmierung (Schleife):</strong></p>
[/vc_column_text][/vc_column][vc_column width=&#8220;3/4&#8243;][vc_column_text]Vollalarm mit Sirene[/vc_column_text][/vc_column][/vc_row][vc_row equal_height=&#8220;yes&#8220; inverse=&#8220;&#8220; css=&#8220;.vc_custom_1545579225595{padding-bottom: 25px !important;background-color: #edf2ef !important;}&#8220;][vc_column width=&#8220;1/4&#8243;][vc_column_text]
<p><strong>E</strong><strong>ingesetzte</strong><strong> Kräfte:</strong></p>
[/vc_column_text][/vc_column][vc_column width=&#8220;3/4&#8243;][vc_column_text]FF Simbach a. Inn, FF Erlach, FF Eggstetten, FF Kirchberg a. Inn, KBI 2, KBM 2/1, Rettungsdienst, Einsatzleiter Rettungsdienst, Polizei[/vc_column_text][/vc_column][/vc_row][vc_row][vc_column][vc_empty_space height=&#8220;30&#8243;][/vc_column][/vc_row][vc_row][vc_column][vc_separator border_width=&#8220;4&#8243;][/vc_column][/vc_row][vc_row][vc_column][vc_empty_space height=&#8220;30&#8243;][/vc_column][/vc_row][vc_row equal_height=&#8220;yes&#8220; inverse=&#8220;&#8220; css=&#8220;.vc_custom_1534176358862{padding-bottom: 25px !important;}&#8220;][vc_column width=&#8220;1/4&#8243;][vc_column_text]
<p><strong>Einsatzbericht:</strong></p>
<p class="p1" style="text-align: left;">[/vc_column_text][/vc_column][vc_column width=&#8220;3/4&#8243;][vc_column_text]Gemeinsam mit den drei Stadtteilfeuerwehren Erlach, Kirchberg und Eggstetten wurden wir am Sonnntag gegen 20.15 Uhr in den ehemaligen Passauer Hof nach dem Stichwort B3 Person zu einem Küchenbrand mit Person in Gefahr gerufen. Glücklicherweise stellte sich heraus, dass der Brand bereits vor unserem Eintreffen komplett gelöscht werden konnte. Nichtsdestotrotz durchsuchten wir das gesamte Gebäude nach Personen, wofür mehrere Trupps unter Atemschutz eingesetzt wurden. Außerdem entfernten wir Teile der Küche und der dahinterliegenden Wand, um eine Brandausbreitung ausschließen zu können. Parallel dazu wurde eine Überdruckbelüftung gestartet, eine Verkehrsabsicherung errichtet sowie die Führungsunterstützung eingerichtet. Nachdem bei der Kontrolle der Wand keine Gefahr mehr festgestellt werden konnte und eine Brandausbreitung damit ausgeschlossen war, rückten wir zum Aufrüsten der Fahrzeuge wieder ins Gerätehaus ein.[/vc_column_text][/vc_column][/vc_row][vc_row][vc_column][vc_column_text]
<p>&nbsp;</p>
<p>&nbsp;</p>
<div id="su_carousel_69f489416f3bd" class="su-carousel su-carousel-centered su-carousel-pages-no su-carousel-responsive-yes JLqJ4b ChMk0b su-lightbox-gallery" style="width:100%" data-autoplay="3000" data-speed="2000" data-mousewheel="true" data-items="3" data-scroll="1"><div class="su-carousel-slides"><div class="su-carousel-slide"><a href="https://feuerwehr-simbach.de/wp-content/uploads/2025/05/2025.05.11-Kuechenbrand-mit-Person-in-Gefahr-1-e1747046337666.jpg" title="2025.05.11 Küchenbrand mit Person in Gefahr (1)"><img decoding="async" src="https://feuerwehr-simbach.de/wp-content/uploads/2025/05/2025.05.11-Kuechenbrand-mit-Person-in-Gefahr-1-e1747046337666.jpg" alt="2025.05.11 Küchenbrand mit Person in Gefahr (1)" /></a></div><div class="su-carousel-slide"><a href="https://feuerwehr-simbach.de/wp-content/uploads/2025/05/2025.05.11-Kuechenbrand-mit-Person-in-Gefahr-2-e1747046341435.jpg" title="2025.05.11 Küchenbrand mit Person in Gefahr (2)"><img decoding="async" src="https://feuerwehr-simbach.de/wp-content/uploads/2025/05/2025.05.11-Kuechenbrand-mit-Person-in-Gefahr-2-e1747046341435.jpg" alt="2025.05.11 Küchenbrand mit Person in Gefahr (2)" /></a></div><div class="su-carousel-slide"><a href="https://feuerwehr-simbach.de/wp-content/uploads/2025/05/2025.05.11-Kuechenbrand-mit-Person-in-Gefahr-3-e1747046345987.jpg" title="2025.05.11 Küchenbrand mit Person in Gefahr (3)"><img decoding="async" src="https://feuerwehr-simbach.de/wp-content/uploads/2025/05/2025.05.11-Kuechenbrand-mit-Person-in-Gefahr-3-e1747046345987.jpg" alt="2025.05.11 Küchenbrand mit Person in Gefahr (3)" /></a></div><div class="su-carousel-slide"><a href="https://feuerwehr-simbach.de/wp-content/uploads/2025/05/2025.05.11-Kuechenbrand-mit-Person-in-Gefahr-4-e1747046349140.jpg" title="2025.05.11 Küchenbrand mit Person in Gefahr (4)"><img decoding="async" src="https://feuerwehr-simbach.de/wp-content/uploads/2025/05/2025.05.11-Kuechenbrand-mit-Person-in-Gefahr-4-e1747046349140.jpg" alt="2025.05.11 Küchenbrand mit Person in Gefahr (4)" /></a></div><div class="su-carousel-slide"><a href="https://feuerwehr-simbach.de/wp-content/uploads/2025/05/2025.05.11-Kuechenbrand-mit-Person-in-Gefahr-5-e1747046354853.jpg" title="2025.05.11 Küchenbrand mit Person in Gefahr (5)"><img decoding="async" src="https://feuerwehr-simbach.de/wp-content/uploads/2025/05/2025.05.11-Kuechenbrand-mit-Person-in-Gefahr-5-e1747046354853.jpg" alt="2025.05.11 Küchenbrand mit Person in Gefahr (5)" /></a></div><div class="su-carousel-slide"><a href="https://feuerwehr-simbach.de/wp-content/uploads/2025/05/2025.05.11-Kuechenbrand-mit-Person-in-Gefahr-6-e1747046359339.jpg" title="2025.05.11 Küchenbrand mit Person in Gefahr (6)"><img decoding="async" src="https://feuerwehr-simbach.de/wp-content/uploads/2025/05/2025.05.11-Kuechenbrand-mit-Person-in-Gefahr-6-e1747046359339.jpg" alt="2025.05.11 Küchenbrand mit Person in Gefahr (6)" /></a></div></div><div class="su-carousel-nav"><div class="su-carousel-direction"><span class="su-carousel-prev"></span><span class="su-carousel-next"></span></div><div class="su-carousel-pagination"></div></div></div>
</div>
