{"id":23511,"date":"2025-07-30T06:49:00","date_gmt":"2025-07-30T04:49:00","guid":{"rendered":"https:\/\/feuerwehr-simbach.de\/?post_type=einsatz&#038;p=23511"},"modified":"2025-07-30T06:59:18","modified_gmt":"2025-07-30T04:59:18","slug":"29-07-2025-kellerbrand","status":"publish","type":"einsatz","link":"https:\/\/feuerwehr-simbach.de\/?einsatz=29-07-2025-kellerbrand","title":{"rendered":"29.07.2025 &#8211; Kellerbrand"},"content":{"rendered":"<div class=\"wpb-content-wrapper\">[vc_row][vc_column][vc_empty_space height=&#8220;1&#8243;][\/vc_column][\/vc_row][vc_row equal_height=&#8220;yes&#8220; inverse=&#8220;&#8220; css=&#8220;.vc_custom_1545579889091{padding-bottom: 25px !important;background-color: #edf2ef !important;}&#8220;][vc_column width=&#8220;1\/4&#8243;][vc_column_text]\n<p><strong>Einsatzart:<\/strong><\/p>\n[\/vc_column_text][\/vc_column][vc_column width=&#8220;3\/4&#8243;][vc_column_text]Brandeinsatz[\/vc_column_text][\/vc_column][\/vc_row][vc_row equal_height=&#8220;yes&#8220; inverse=&#8220;&#8220; css=&#8220;.vc_custom_1545579201718{padding-bottom: 25px !important;}&#8220;][vc_column width=&#8220;1\/4&#8243;][vc_column_text]\n<p><strong>Schlagwort:<\/strong><\/p>\n[\/vc_column_text][\/vc_column][vc_column width=&#8220;3\/4&#8243;][vc_column_text]Kellerbrand[\/vc_column_text][\/vc_column][\/vc_row][vc_row equal_height=&#8220;yes&#8220; inverse=&#8220;&#8220; css=&#8220;.vc_custom_1545579190843{padding-bottom: 25px !important;background-color: #edf2ef !important;}&#8220;][vc_column width=&#8220;1\/4&#8243;][vc_column_text]\n<p><strong>Stichwort:<\/strong><\/p>\n[\/vc_column_text][\/vc_column][vc_column width=&#8220;3\/4&#8243;][vc_column_text]B 3[\/vc_column_text][\/vc_column][\/vc_row][vc_row equal_height=&#8220;yes&#8220; inverse=&#8220;&#8220; css=&#8220;.vc_custom_1545579201718{padding-bottom: 25px !important;}&#8220;][vc_column width=&#8220;1\/4&#8243;][vc_column_text]\n<p><strong>Einsatzort:<\/strong><\/p>\n[\/vc_column_text][\/vc_column][vc_column width=&#8220;3\/4&#8243;][vc_column_text]Simbach, Bahnhofplatz[\/vc_column_text][\/vc_column][\/vc_row][vc_row equal_height=&#8220;yes&#8220; inverse=&#8220;&#8220; css=&#8220;.vc_custom_1545579210044{padding-bottom: 25px !important;background-color: #edf2ef !important;}&#8220;][vc_column width=&#8220;1\/4&#8243;][vc_column_text]\n<p><strong>Datum:<\/strong><\/p>\n[\/vc_column_text][\/vc_column][vc_column width=&#8220;3\/4&#8243;][vc_column_text]Dienstag, 29. Juli 2025[\/vc_column_text][\/vc_column][\/vc_row][vc_row equal_height=&#8220;yes&#8220; inverse=&#8220;&#8220; css=&#8220;.vc_custom_1545579217081{padding-bottom: 25px !important;}&#8220;][vc_column width=&#8220;1\/4&#8243;][vc_column_text]\n<p><strong>Alarmierung (Schleife):<\/strong><\/p>\n[\/vc_column_text][\/vc_column][vc_column width=&#8220;3\/4&#8243;][vc_column_text]Vollalarm[\/vc_column_text][\/vc_column][\/vc_row][vc_row equal_height=&#8220;yes&#8220; inverse=&#8220;&#8220; css=&#8220;.vc_custom_1545579225595{padding-bottom: 25px !important;background-color: #edf2ef !important;}&#8220;][vc_column width=&#8220;1\/4&#8243;][vc_column_text]\n<p><strong>E<\/strong><strong>ingesetzte<\/strong><strong> Kr\u00e4fte:<\/strong><\/p>\n[\/vc_column_text][\/vc_column][vc_column width=&#8220;3\/4&#8243;][vc_column_text]FF Simbach a. Inn, FF Erlach, FF Kirchberg a. Inn, KBI 2, KBM 2\/1, Rettungsdienst, Einsatzleiter Rettungsdienst, Polizei[\/vc_column_text][\/vc_column][\/vc_row][vc_row][vc_column][vc_empty_space height=&#8220;30&#8243;][\/vc_column][\/vc_row][vc_row][vc_column][vc_separator border_width=&#8220;4&#8243;][\/vc_column][\/vc_row][vc_row][vc_column][vc_empty_space height=&#8220;30&#8243;][\/vc_column][\/vc_row][vc_row equal_height=&#8220;yes&#8220; inverse=&#8220;&#8220; css=&#8220;.vc_custom_1534176358862{padding-bottom: 25px !important;}&#8220;][vc_column width=&#8220;1\/4&#8243;][vc_column_text]\n<p><strong>Einsatzbericht:<\/strong><\/p>\n<p class=\"p1\">[\/vc_column_text][\/vc_column][vc_column width=&#8220;3\/4&#8243;][vc_column_text]Am Dienstag gegen 17.15 Uhr alarmierte uns die ILS Passau nach dem Stichwort B BMA zur Gemeinschaftsunterkunft am Bahnhofplatz, was zu diesem Zeitpunkt eine Alarmierung war, wie wir sie in der vergangenen Zeit schon relativ h\u00e4ufig hatten. Die Lagemeldung des zuerst eintreffenden Kreisbrandmeisters \u00e4nderte die Situation jedoch schlagartig, denn er konnte eine Rauchentwicklung aus dem Keller feststellen und veranlasste daher eine Alarmstufenerh\u00f6hung auf das Stichwort B3, was einen Nachalarm f\u00fcr die Feuerwehren Erlach und Kirchberg zur Folge hatte. Am Einsatzort gingen zwei Trupps unter Atemschutz in den Keller vor und konnten gleich zu Beginn eine Person, die sich noch im Keller befand, ins Freie bringen. Als Ursache f\u00fcr den Einsatz konnte ein Fettbrand in der K\u00fcche festgestellt werden, welcher gl\u00fccklicherweise bereits gel\u00f6scht war. Aus diesem Grund beschr\u00e4nkten sich die Ma\u00dfnahmen der beiden Trupps auf die Kontrolle des Brandbereiches mit der W\u00e4rmebildkamera sowie das Absuchen der Kellerr\u00e4ume nach Personen. Da vom Brandbereich keine Gefahr mehr ausging und sich keine Personen mehr im Keller aufhielten, konnte die Einsatzstelle nach einiger Zeit \u00fcbergeben werden und wir r\u00fcckten wieder ein. Die Kameraden aus Erlach und Kirchberg, welche in Bereitstellung standen, konnten zu diesem Zeitpunkt ebenfalls wieder an ihre Standorte zur\u00fcckkehren.[\/vc_column_text][\/vc_column][\/vc_row][vc_row][vc_column][vc_column_text]\n<p>&nbsp;<\/p>\n<p>&nbsp;<\/p>\n<div id=\"su_carousel_69f489a6a4f0c\" class=\"su-carousel su-carousel-centered su-carousel-pages-no su-carousel-responsive-yes JLqJ4b ChMk0b su-lightbox-gallery\" style=\"width:100%\" data-autoplay=\"3000\" data-speed=\"2000\" data-mousewheel=\"true\" data-items=\"3\" data-scroll=\"1\"><div class=\"su-carousel-slides\"><div class=\"su-carousel-slide\"><a href=\"https:\/\/feuerwehr-simbach.de\/wp-content\/uploads\/2025\/07\/2025.07.29-Kellerbrand-1-e1753851439991.jpg\" title=\"2025.07.29 Kellerbrand (1)\"><img decoding=\"async\" src=\"https:\/\/feuerwehr-simbach.de\/wp-content\/uploads\/2025\/07\/2025.07.29-Kellerbrand-1-e1753851439991.jpg\" alt=\"2025.07.29 Kellerbrand (1)\" \/><\/a><\/div><div class=\"su-carousel-slide\"><a href=\"https:\/\/feuerwehr-simbach.de\/wp-content\/uploads\/2025\/07\/2025.07.29-Kellerbrand-2-e1753851444666.jpg\" title=\"2025.07.29 Kellerbrand (2)\"><img decoding=\"async\" src=\"https:\/\/feuerwehr-simbach.de\/wp-content\/uploads\/2025\/07\/2025.07.29-Kellerbrand-2-e1753851444666.jpg\" alt=\"2025.07.29 Kellerbrand (2)\" \/><\/a><\/div><div class=\"su-carousel-slide\"><a href=\"https:\/\/feuerwehr-simbach.de\/wp-content\/uploads\/2025\/07\/2025.07.29-Kellerbrand-3-e1753851449396.jpg\" title=\"2025.07.29 Kellerbrand (3)\"><img decoding=\"async\" src=\"https:\/\/feuerwehr-simbach.de\/wp-content\/uploads\/2025\/07\/2025.07.29-Kellerbrand-3-e1753851449396.jpg\" alt=\"2025.07.29 Kellerbrand (3)\" \/><\/a><\/div><div class=\"su-carousel-slide\"><a href=\"https:\/\/feuerwehr-simbach.de\/wp-content\/uploads\/2025\/07\/2025.07.29-Kellerbrand-4-e1753851454343.jpg\" title=\"2025.07.29 Kellerbrand (4)\"><img decoding=\"async\" src=\"https:\/\/feuerwehr-simbach.de\/wp-content\/uploads\/2025\/07\/2025.07.29-Kellerbrand-4-e1753851454343.jpg\" alt=\"2025.07.29 Kellerbrand (4)\" \/><\/a><\/div><div class=\"su-carousel-slide\"><a href=\"https:\/\/feuerwehr-simbach.de\/wp-content\/uploads\/2025\/07\/2025.07.29-Kellerbrand-5-e1753851458173.jpg\" title=\"2025.07.29 Kellerbrand (5)\"><img decoding=\"async\" src=\"https:\/\/feuerwehr-simbach.de\/wp-content\/uploads\/2025\/07\/2025.07.29-Kellerbrand-5-e1753851458173.jpg\" alt=\"2025.07.29 Kellerbrand (5)\" \/><\/a><\/div><\/div><div class=\"su-carousel-nav\"><div class=\"su-carousel-direction\"><span class=\"su-carousel-prev\"><\/span><span class=\"su-carousel-next\"><\/span><\/div><div class=\"su-carousel-pagination\"><\/div><\/div><\/div>\n<p>&nbsp;<\/p>\n<\/div>","protected":false},"author":22,"featured_media":23515,"template":"","meta":{"einsatz_weight":1,"footnotes":""},"categories":[181],"tags":[],"einsatzart":[],"fahrzeug":[],"exteinsatzmittel":[],"alarmierungsart":[],"evw_unit":[],"class_list":["post-23511","einsatz","type-einsatz","status-publish","has-post-thumbnail","hentry","category-einsaetze-2025"],"_links":{"self":[{"href":"https:\/\/feuerwehr-simbach.de\/index.php?rest_route=\/wp\/v2\/einsatz\/23511","targetHints":{"allow":["GET"]}}],"collection":[{"href":"https:\/\/feuerwehr-simbach.de\/index.php?rest_route=\/wp\/v2\/einsatz"}],"about":[{"href":"https:\/\/feuerwehr-simbach.de\/index.php?rest_route=\/wp\/v2\/types\/einsatz"}],"author":[{"embeddable":true,"href":"https:\/\/feuerwehr-simbach.de\/index.php?rest_route=\/wp\/v2\/users\/22"}],"version-history":[{"count":1,"href":"https:\/\/feuerwehr-simbach.de\/index.php?rest_route=\/wp\/v2\/einsatz\/23511\/revisions"}],"predecessor-version":[{"id":23517,"href":"https:\/\/feuerwehr-simbach.de\/index.php?rest_route=\/wp\/v2\/einsatz\/23511\/revisions\/23517"}],"wp:featuredmedia":[{"embeddable":true,"href":"https:\/\/feuerwehr-simbach.de\/index.php?rest_route=\/wp\/v2\/media\/23515"}],"wp:attachment":[{"href":"https:\/\/feuerwehr-simbach.de\/index.php?rest_route=%2Fwp%2Fv2%2Fmedia&parent=23511"}],"wp:term":[{"taxonomy":"category","embeddable":true,"href":"https:\/\/feuerwehr-simbach.de\/index.php?rest_route=%2Fwp%2Fv2%2Fcategories&post=23511"},{"taxonomy":"post_tag","embeddable":true,"href":"https:\/\/feuerwehr-simbach.de\/index.php?rest_route=%2Fwp%2Fv2%2Ftags&post=23511"},{"taxonomy":"einsatzart","embeddable":true,"href":"https:\/\/feuerwehr-simbach.de\/index.php?rest_route=%2Fwp%2Fv2%2Feinsatzart&post=23511"},{"taxonomy":"fahrzeug","embeddable":true,"href":"https:\/\/feuerwehr-simbach.de\/index.php?rest_route=%2Fwp%2Fv2%2Ffahrzeug&post=23511"},{"taxonomy":"exteinsatzmittel","embeddable":true,"href":"https:\/\/feuerwehr-simbach.de\/index.php?rest_route=%2Fwp%2Fv2%2Fexteinsatzmittel&post=23511"},{"taxonomy":"alarmierungsart","embeddable":true,"href":"https:\/\/feuerwehr-simbach.de\/index.php?rest_route=%2Fwp%2Fv2%2Falarmierungsart&post=23511"},{"taxonomy":"evw_unit","embeddable":true,"href":"https:\/\/feuerwehr-simbach.de\/index.php?rest_route=%2Fwp%2Fv2%2Fevw_unit&post=23511"}],"curies":[{"name":"wp","href":"https:\/\/api.w.org\/{rel}","templated":true}]}}

<div class="wpb-content-wrapper">[vc_row][vc_column][vc_empty_space height=&#8220;1&#8243;][/vc_column][/vc_row][vc_row equal_height=&#8220;yes&#8220; inverse=&#8220;&#8220; css=&#8220;.vc_custom_1545579889091{padding-bottom: 25px !important;background-color: #edf2ef !important;}&#8220;][vc_column width=&#8220;1/4&#8243;][vc_column_text]
<p><strong>Einsatzart:</strong></p>
[/vc_column_text][/vc_column][vc_column width=&#8220;3/4&#8243;][vc_column_text]Brandeinsatz[/vc_column_text][/vc_column][/vc_row][vc_row equal_height=&#8220;yes&#8220; inverse=&#8220;&#8220; css=&#8220;.vc_custom_1545579201718{padding-bottom: 25px !important;}&#8220;][vc_column width=&#8220;1/4&#8243;][vc_column_text]
<p><strong>Schlagwort:</strong></p>
[/vc_column_text][/vc_column][vc_column width=&#8220;3/4&#8243;][vc_column_text]Kellerbrand[/vc_column_text][/vc_column][/vc_row][vc_row equal_height=&#8220;yes&#8220; inverse=&#8220;&#8220; css=&#8220;.vc_custom_1545579190843{padding-bottom: 25px !important;background-color: #edf2ef !important;}&#8220;][vc_column width=&#8220;1/4&#8243;][vc_column_text]
<p><strong>Stichwort:</strong></p>
[/vc_column_text][/vc_column][vc_column width=&#8220;3/4&#8243;][vc_column_text]B 3[/vc_column_text][/vc_column][/vc_row][vc_row equal_height=&#8220;yes&#8220; inverse=&#8220;&#8220; css=&#8220;.vc_custom_1545579201718{padding-bottom: 25px !important;}&#8220;][vc_column width=&#8220;1/4&#8243;][vc_column_text]
<p><strong>Einsatzort:</strong></p>
[/vc_column_text][/vc_column][vc_column width=&#8220;3/4&#8243;][vc_column_text]Simbach, Bahnhofplatz[/vc_column_text][/vc_column][/vc_row][vc_row equal_height=&#8220;yes&#8220; inverse=&#8220;&#8220; css=&#8220;.vc_custom_1545579210044{padding-bottom: 25px !important;background-color: #edf2ef !important;}&#8220;][vc_column width=&#8220;1/4&#8243;][vc_column_text]
<p><strong>Datum:</strong></p>
[/vc_column_text][/vc_column][vc_column width=&#8220;3/4&#8243;][vc_column_text]Dienstag, 29. Juli 2025[/vc_column_text][/vc_column][/vc_row][vc_row equal_height=&#8220;yes&#8220; inverse=&#8220;&#8220; css=&#8220;.vc_custom_1545579217081{padding-bottom: 25px !important;}&#8220;][vc_column width=&#8220;1/4&#8243;][vc_column_text]
<p><strong>Alarmierung (Schleife):</strong></p>
[/vc_column_text][/vc_column][vc_column width=&#8220;3/4&#8243;][vc_column_text]Vollalarm[/vc_column_text][/vc_column][/vc_row][vc_row equal_height=&#8220;yes&#8220; inverse=&#8220;&#8220; css=&#8220;.vc_custom_1545579225595{padding-bottom: 25px !important;background-color: #edf2ef !important;}&#8220;][vc_column width=&#8220;1/4&#8243;][vc_column_text]
<p><strong>E</strong><strong>ingesetzte</strong><strong> Kräfte:</strong></p>
[/vc_column_text][/vc_column][vc_column width=&#8220;3/4&#8243;][vc_column_text]FF Simbach a. Inn, FF Erlach, FF Kirchberg a. Inn, KBI 2, KBM 2/1, Rettungsdienst, Einsatzleiter Rettungsdienst, Polizei[/vc_column_text][/vc_column][/vc_row][vc_row][vc_column][vc_empty_space height=&#8220;30&#8243;][/vc_column][/vc_row][vc_row][vc_column][vc_separator border_width=&#8220;4&#8243;][/vc_column][/vc_row][vc_row][vc_column][vc_empty_space height=&#8220;30&#8243;][/vc_column][/vc_row][vc_row equal_height=&#8220;yes&#8220; inverse=&#8220;&#8220; css=&#8220;.vc_custom_1534176358862{padding-bottom: 25px !important;}&#8220;][vc_column width=&#8220;1/4&#8243;][vc_column_text]
<p><strong>Einsatzbericht:</strong></p>
<p class="p1">[/vc_column_text][/vc_column][vc_column width=&#8220;3/4&#8243;][vc_column_text]Am Dienstag gegen 17.15 Uhr alarmierte uns die ILS Passau nach dem Stichwort B BMA zur Gemeinschaftsunterkunft am Bahnhofplatz, was zu diesem Zeitpunkt eine Alarmierung war, wie wir sie in der vergangenen Zeit schon relativ häufig hatten. Die Lagemeldung des zuerst eintreffenden Kreisbrandmeisters änderte die Situation jedoch schlagartig, denn er konnte eine Rauchentwicklung aus dem Keller feststellen und veranlasste daher eine Alarmstufenerhöhung auf das Stichwort B3, was einen Nachalarm für die Feuerwehren Erlach und Kirchberg zur Folge hatte. Am Einsatzort gingen zwei Trupps unter Atemschutz in den Keller vor und konnten gleich zu Beginn eine Person, die sich noch im Keller befand, ins Freie bringen. Als Ursache für den Einsatz konnte ein Fettbrand in der Küche festgestellt werden, welcher glücklicherweise bereits gelöscht war. Aus diesem Grund beschränkten sich die Maßnahmen der beiden Trupps auf die Kontrolle des Brandbereiches mit der Wärmebildkamera sowie das Absuchen der Kellerräume nach Personen. Da vom Brandbereich keine Gefahr mehr ausging und sich keine Personen mehr im Keller aufhielten, konnte die Einsatzstelle nach einiger Zeit übergeben werden und wir rückten wieder ein. Die Kameraden aus Erlach und Kirchberg, welche in Bereitstellung standen, konnten zu diesem Zeitpunkt ebenfalls wieder an ihre Standorte zurückkehren.[/vc_column_text][/vc_column][/vc_row][vc_row][vc_column][vc_column_text]
<p>&nbsp;</p>
<p>&nbsp;</p>
<div id="su_carousel_69f489a6a4f0c" class="su-carousel su-carousel-centered su-carousel-pages-no su-carousel-responsive-yes JLqJ4b ChMk0b su-lightbox-gallery" style="width:100%" data-autoplay="3000" data-speed="2000" data-mousewheel="true" data-items="3" data-scroll="1"><div class="su-carousel-slides"><div class="su-carousel-slide"><a href="https://feuerwehr-simbach.de/wp-content/uploads/2025/07/2025.07.29-Kellerbrand-1-e1753851439991.jpg" title="2025.07.29 Kellerbrand (1)"><img decoding="async" src="https://feuerwehr-simbach.de/wp-content/uploads/2025/07/2025.07.29-Kellerbrand-1-e1753851439991.jpg" alt="2025.07.29 Kellerbrand (1)" /></a></div><div class="su-carousel-slide"><a href="https://feuerwehr-simbach.de/wp-content/uploads/2025/07/2025.07.29-Kellerbrand-2-e1753851444666.jpg" title="2025.07.29 Kellerbrand (2)"><img decoding="async" src="https://feuerwehr-simbach.de/wp-content/uploads/2025/07/2025.07.29-Kellerbrand-2-e1753851444666.jpg" alt="2025.07.29 Kellerbrand (2)" /></a></div><div class="su-carousel-slide"><a href="https://feuerwehr-simbach.de/wp-content/uploads/2025/07/2025.07.29-Kellerbrand-3-e1753851449396.jpg" title="2025.07.29 Kellerbrand (3)"><img decoding="async" src="https://feuerwehr-simbach.de/wp-content/uploads/2025/07/2025.07.29-Kellerbrand-3-e1753851449396.jpg" alt="2025.07.29 Kellerbrand (3)" /></a></div><div class="su-carousel-slide"><a href="https://feuerwehr-simbach.de/wp-content/uploads/2025/07/2025.07.29-Kellerbrand-4-e1753851454343.jpg" title="2025.07.29 Kellerbrand (4)"><img decoding="async" src="https://feuerwehr-simbach.de/wp-content/uploads/2025/07/2025.07.29-Kellerbrand-4-e1753851454343.jpg" alt="2025.07.29 Kellerbrand (4)" /></a></div><div class="su-carousel-slide"><a href="https://feuerwehr-simbach.de/wp-content/uploads/2025/07/2025.07.29-Kellerbrand-5-e1753851458173.jpg" title="2025.07.29 Kellerbrand (5)"><img decoding="async" src="https://feuerwehr-simbach.de/wp-content/uploads/2025/07/2025.07.29-Kellerbrand-5-e1753851458173.jpg" alt="2025.07.29 Kellerbrand (5)" /></a></div></div><div class="su-carousel-nav"><div class="su-carousel-direction"><span class="su-carousel-prev"></span><span class="su-carousel-next"></span></div><div class="su-carousel-pagination"></div></div></div>
<p>&nbsp;</p>
</div>
