{"id":24062,"date":"2025-10-30T17:42:00","date_gmt":"2025-10-30T16:42:00","guid":{"rendered":"https:\/\/feuerwehr-simbach.de\/?post_type=einsatz&#038;p=24062"},"modified":"2025-10-30T17:46:46","modified_gmt":"2025-10-30T16:46:46","slug":"30-10-2025-wohnungsoeffnung-fuer-rettungsdienst-2","status":"publish","type":"einsatz","link":"https:\/\/feuerwehr-simbach.de\/?einsatz=30-10-2025-wohnungsoeffnung-fuer-rettungsdienst-2","title":{"rendered":"30.10.2025 &#8211; Wohnungs\u00f6ffnung f\u00fcr Rettungsdienst"},"content":{"rendered":"<div class=\"wpb-content-wrapper\">[vc_row][vc_column][vc_empty_space height=&#8220;1&#8243;][\/vc_column][\/vc_row][vc_row equal_height=&#8220;yes&#8220; inverse=&#8220;&#8220; css=&#8220;.vc_custom_1545579889091{padding-bottom: 25px !important;background-color: #edf2ef !important;}&#8220;][vc_column width=&#8220;1\/4&#8243;][vc_column_text]\n<p><strong>Einsatzart:<\/strong><\/p>\n[\/vc_column_text][\/vc_column][vc_column width=&#8220;3\/4&#8243;][vc_column_text]Technische Hilfeleistung[\/vc_column_text][\/vc_column][\/vc_row][vc_row equal_height=&#8220;yes&#8220; inverse=&#8220;&#8220; css=&#8220;.vc_custom_1545579201718{padding-bottom: 25px !important;}&#8220;][vc_column width=&#8220;1\/4&#8243;][vc_column_text]\n<p><strong>Schlagwort:<\/strong><\/p>\n[\/vc_column_text][\/vc_column][vc_column width=&#8220;3\/4&#8243;][vc_column_text]Wohnungs\u00f6ffnung f\u00fcr Rettungsdienst[\/vc_column_text][\/vc_column][\/vc_row][vc_row equal_height=&#8220;yes&#8220; inverse=&#8220;&#8220; css=&#8220;.vc_custom_1545579190843{padding-bottom: 25px !important;background-color: #edf2ef !important;}&#8220;][vc_column width=&#8220;1\/4&#8243;][vc_column_text]\n<p><strong>Stichwort:<\/strong><\/p>\n[\/vc_column_text][\/vc_column][vc_column width=&#8220;3\/4&#8243;][vc_column_text]THL P eingeschlossen[\/vc_column_text][\/vc_column][\/vc_row][vc_row equal_height=&#8220;yes&#8220; inverse=&#8220;&#8220; css=&#8220;.vc_custom_1545579201718{padding-bottom: 25px !important;}&#8220;][vc_column width=&#8220;1\/4&#8243;][vc_column_text]\n<p><strong>Einsatzort:<\/strong><\/p>\n[\/vc_column_text][\/vc_column][vc_column width=&#8220;3\/4&#8243;][vc_column_text]Simbach, Max-Herrndobler-Stra\u00dfe[\/vc_column_text][\/vc_column][\/vc_row][vc_row equal_height=&#8220;yes&#8220; inverse=&#8220;&#8220; css=&#8220;.vc_custom_1545579210044{padding-bottom: 25px !important;background-color: #edf2ef !important;}&#8220;][vc_column width=&#8220;1\/4&#8243;][vc_column_text]\n<p><strong>Datum:<\/strong><\/p>\n[\/vc_column_text][\/vc_column][vc_column width=&#8220;3\/4&#8243;][vc_column_text]Donnerstag, 30. Oktober 2025[\/vc_column_text][\/vc_column][\/vc_row][vc_row equal_height=&#8220;yes&#8220; inverse=&#8220;&#8220; css=&#8220;.vc_custom_1545579217081{padding-bottom: 25px !important;}&#8220;][vc_column width=&#8220;1\/4&#8243;][vc_column_text]\n<p><strong>Alarmierung (Schleife):<\/strong><\/p>\n[\/vc_column_text][\/vc_column][vc_column width=&#8220;3\/4&#8243;][vc_column_text]Vollalarm[\/vc_column_text][\/vc_column][\/vc_row][vc_row equal_height=&#8220;yes&#8220; inverse=&#8220;&#8220; css=&#8220;.vc_custom_1545579225595{padding-bottom: 25px !important;background-color: #edf2ef !important;}&#8220;][vc_column width=&#8220;1\/4&#8243;][vc_column_text]\n<p><strong>E<\/strong><strong>ingesetzte<\/strong><strong> Kr\u00e4fte:<\/strong><\/p>\n[\/vc_column_text][\/vc_column][vc_column width=&#8220;3\/4&#8243;][vc_column_text]FF Simbach a. Inn, Rettungsdienst, Polizei[\/vc_column_text][\/vc_column][\/vc_row][vc_row][vc_column][vc_empty_space height=&#8220;30&#8243;][\/vc_column][\/vc_row][vc_row][vc_column][vc_separator border_width=&#8220;4&#8243;][\/vc_column][\/vc_row][vc_row][vc_column][vc_empty_space height=&#8220;30&#8243;][\/vc_column][\/vc_row][vc_row equal_height=&#8220;yes&#8220; inverse=&#8220;&#8220; css=&#8220;.vc_custom_1534176358862{padding-bottom: 25px !important;}&#8220;][vc_column width=&#8220;1\/4&#8243;][vc_column_text]\n<p><strong>Einsatzbericht:<\/strong><\/p>\n<p class=\"p1\">[\/vc_column_text][\/vc_column][vc_column width=&#8220;3\/4&#8243;][vc_column_text]Nur ein paar Stunden nach der <a href=\"https:\/\/feuerwehr-simbach.de\/?einsatz=30-10-2025-wohnungsoeffnung-fuer-rettungsdienst\">Wohnungs\u00f6ffnung in der Pfarrkirchner Stra\u00dfe<\/a> wurden wir erneut nach dem Stichwort THL P eingeschlossen gerufen. Als Einsatzort wurde ein Mehrfamilienhaus in der Max-Herrndobler-Stra\u00dfe angegeben. An der Einsatzstelle bereiteten wir unsere Ger\u00e4tschaften zur Wohnungs\u00f6ffnung vor und begannen damit, die T\u00fcre zu \u00f6ffnen. W\u00e4hrend der T\u00e4tigkeiten konnte die Person die T\u00fcr jedoch selbst \u00f6ffnen. Aus diesem Grund konnten wir unsere Ma\u00dfnahmen beenden und wieder ins Ger\u00e4tehaus einr\u00fccken. Die Kollegen des Rettungsdienstes \u00fcbernahmen die Versorgung der Person.[\/vc_column_text][\/vc_column][\/vc_row][vc_row][vc_column][vc_column_text]\n<p>&nbsp;<\/p>\n<p>&nbsp;<\/p>\n<div id=\"su_carousel_69f49af4c26aa\" class=\"su-carousel su-carousel-centered su-carousel-pages-no su-carousel-responsive-yes JLqJ4b ChMk0b su-lightbox-gallery\" style=\"width:100%\" data-autoplay=\"3000\" data-speed=\"2000\" data-mousewheel=\"true\" data-items=\"3\" data-scroll=\"1\"><div class=\"su-carousel-slides\"><div class=\"su-carousel-slide\"><a href=\"https:\/\/feuerwehr-simbach.de\/wp-content\/uploads\/2025\/10\/2025.10.30-Wohnungsoeffnung-fuer-Rettungsdienst_2-1-e1761842449204.jpg\" title=\"2025.10.30 Wohnungs\u00f6ffnung f\u00fcr Rettungsdienst_2 (1)\"><img decoding=\"async\" src=\"https:\/\/feuerwehr-simbach.de\/wp-content\/uploads\/2025\/10\/2025.10.30-Wohnungsoeffnung-fuer-Rettungsdienst_2-1-e1761842449204.jpg\" alt=\"2025.10.30 Wohnungs\u00f6ffnung f\u00fcr Rettungsdienst_2 (1)\" \/><\/a><\/div><div class=\"su-carousel-slide\"><a href=\"https:\/\/feuerwehr-simbach.de\/wp-content\/uploads\/2025\/10\/2025.10.30-Wohnungsoeffnung-fuer-Rettungsdienst_2-2-e1761842455937.jpg\" title=\"2025.10.30 Wohnungs\u00f6ffnung f\u00fcr Rettungsdienst_2 (2)\"><img decoding=\"async\" src=\"https:\/\/feuerwehr-simbach.de\/wp-content\/uploads\/2025\/10\/2025.10.30-Wohnungsoeffnung-fuer-Rettungsdienst_2-2-e1761842455937.jpg\" alt=\"2025.10.30 Wohnungs\u00f6ffnung f\u00fcr Rettungsdienst_2 (2)\" \/><\/a><\/div><div class=\"su-carousel-slide\"><a href=\"https:\/\/feuerwehr-simbach.de\/wp-content\/uploads\/2025\/10\/2025.10.30-Wohnungsoeffnung-fuer-Rettungsdienst_2-3-e1761842459517.jpg\" title=\"2025.10.30 Wohnungs\u00f6ffnung f\u00fcr Rettungsdienst_2 (3)\"><img decoding=\"async\" src=\"https:\/\/feuerwehr-simbach.de\/wp-content\/uploads\/2025\/10\/2025.10.30-Wohnungsoeffnung-fuer-Rettungsdienst_2-3-e1761842459517.jpg\" alt=\"2025.10.30 Wohnungs\u00f6ffnung f\u00fcr Rettungsdienst_2 (3)\" \/><\/a><\/div><\/div><div class=\"su-carousel-nav\"><div class=\"su-carousel-direction\"><span class=\"su-carousel-prev\"><\/span><span class=\"su-carousel-next\"><\/span><\/div><div class=\"su-carousel-pagination\"><\/div><\/div><\/div>\n<p>&nbsp;<\/p>\n<\/div>","protected":false},"author":22,"featured_media":24059,"template":"","meta":{"einsatz_weight":1,"footnotes":""},"categories":[181],"tags":[],"einsatzart":[],"fahrzeug":[],"exteinsatzmittel":[],"alarmierungsart":[],"evw_unit":[],"class_list":["post-24062","einsatz","type-einsatz","status-publish","has-post-thumbnail","hentry","category-einsaetze-2025"],"_links":{"self":[{"href":"https:\/\/feuerwehr-simbach.de\/index.php?rest_route=\/wp\/v2\/einsatz\/24062","targetHints":{"allow":["GET"]}}],"collection":[{"href":"https:\/\/feuerwehr-simbach.de\/index.php?rest_route=\/wp\/v2\/einsatz"}],"about":[{"href":"https:\/\/feuerwehr-simbach.de\/index.php?rest_route=\/wp\/v2\/types\/einsatz"}],"author":[{"embeddable":true,"href":"https:\/\/feuerwehr-simbach.de\/index.php?rest_route=\/wp\/v2\/users\/22"}],"version-history":[{"count":3,"href":"https:\/\/feuerwehr-simbach.de\/index.php?rest_route=\/wp\/v2\/einsatz\/24062\/revisions"}],"predecessor-version":[{"id":24065,"href":"https:\/\/feuerwehr-simbach.de\/index.php?rest_route=\/wp\/v2\/einsatz\/24062\/revisions\/24065"}],"wp:featuredmedia":[{"embeddable":true,"href":"https:\/\/feuerwehr-simbach.de\/index.php?rest_route=\/wp\/v2\/media\/24059"}],"wp:attachment":[{"href":"https:\/\/feuerwehr-simbach.de\/index.php?rest_route=%2Fwp%2Fv2%2Fmedia&parent=24062"}],"wp:term":[{"taxonomy":"category","embeddable":true,"href":"https:\/\/feuerwehr-simbach.de\/index.php?rest_route=%2Fwp%2Fv2%2Fcategories&post=24062"},{"taxonomy":"post_tag","embeddable":true,"href":"https:\/\/feuerwehr-simbach.de\/index.php?rest_route=%2Fwp%2Fv2%2Ftags&post=24062"},{"taxonomy":"einsatzart","embeddable":true,"href":"https:\/\/feuerwehr-simbach.de\/index.php?rest_route=%2Fwp%2Fv2%2Feinsatzart&post=24062"},{"taxonomy":"fahrzeug","embeddable":true,"href":"https:\/\/feuerwehr-simbach.de\/index.php?rest_route=%2Fwp%2Fv2%2Ffahrzeug&post=24062"},{"taxonomy":"exteinsatzmittel","embeddable":true,"href":"https:\/\/feuerwehr-simbach.de\/index.php?rest_route=%2Fwp%2Fv2%2Fexteinsatzmittel&post=24062"},{"taxonomy":"alarmierungsart","embeddable":true,"href":"https:\/\/feuerwehr-simbach.de\/index.php?rest_route=%2Fwp%2Fv2%2Falarmierungsart&post=24062"},{"taxonomy":"evw_unit","embeddable":true,"href":"https:\/\/feuerwehr-simbach.de\/index.php?rest_route=%2Fwp%2Fv2%2Fevw_unit&post=24062"}],"curies":[{"name":"wp","href":"https:\/\/api.w.org\/{rel}","templated":true}]}}

30.10.2025 &#8211; Wohnungsöffnung für Rettungsdienst

<div class="wpb-content-wrapper">[vc_row][vc_column][vc_empty_space height=&#8220;1&#8243;][/vc_column][/vc_row][vc_row equal_height=&#8220;yes&#8220; inverse=&#8220;&#8220; css=&#8220;.vc_custom_1545579889091{padding-bottom: 25px !important;background-color: #edf2ef !important;}&#8220;][vc_column width=&#8220;1/4&#8243;][vc_column_text]
<p><strong>Einsatzart:</strong></p>
[/vc_column_text][/vc_column][vc_column width=&#8220;3/4&#8243;][vc_column_text]Technische Hilfeleistung[/vc_column_text][/vc_column][/vc_row][vc_row equal_height=&#8220;yes&#8220; inverse=&#8220;&#8220; css=&#8220;.vc_custom_1545579201718{padding-bottom: 25px !important;}&#8220;][vc_column width=&#8220;1/4&#8243;][vc_column_text]
<p><strong>Schlagwort:</strong></p>
[/vc_column_text][/vc_column][vc_column width=&#8220;3/4&#8243;][vc_column_text]Wohnungsöffnung für Rettungsdienst[/vc_column_text][/vc_column][/vc_row][vc_row equal_height=&#8220;yes&#8220; inverse=&#8220;&#8220; css=&#8220;.vc_custom_1545579190843{padding-bottom: 25px !important;background-color: #edf2ef !important;}&#8220;][vc_column width=&#8220;1/4&#8243;][vc_column_text]
<p><strong>Stichwort:</strong></p>
[/vc_column_text][/vc_column][vc_column width=&#8220;3/4&#8243;][vc_column_text]THL P eingeschlossen[/vc_column_text][/vc_column][/vc_row][vc_row equal_height=&#8220;yes&#8220; inverse=&#8220;&#8220; css=&#8220;.vc_custom_1545579201718{padding-bottom: 25px !important;}&#8220;][vc_column width=&#8220;1/4&#8243;][vc_column_text]
<p><strong>Einsatzort:</strong></p>
[/vc_column_text][/vc_column][vc_column width=&#8220;3/4&#8243;][vc_column_text]Simbach, Max-Herrndobler-Straße[/vc_column_text][/vc_column][/vc_row][vc_row equal_height=&#8220;yes&#8220; inverse=&#8220;&#8220; css=&#8220;.vc_custom_1545579210044{padding-bottom: 25px !important;background-color: #edf2ef !important;}&#8220;][vc_column width=&#8220;1/4&#8243;][vc_column_text]
<p><strong>Datum:</strong></p>
[/vc_column_text][/vc_column][vc_column width=&#8220;3/4&#8243;][vc_column_text]Donnerstag, 30. Oktober 2025[/vc_column_text][/vc_column][/vc_row][vc_row equal_height=&#8220;yes&#8220; inverse=&#8220;&#8220; css=&#8220;.vc_custom_1545579217081{padding-bottom: 25px !important;}&#8220;][vc_column width=&#8220;1/4&#8243;][vc_column_text]
<p><strong>Alarmierung (Schleife):</strong></p>
[/vc_column_text][/vc_column][vc_column width=&#8220;3/4&#8243;][vc_column_text]Vollalarm[/vc_column_text][/vc_column][/vc_row][vc_row equal_height=&#8220;yes&#8220; inverse=&#8220;&#8220; css=&#8220;.vc_custom_1545579225595{padding-bottom: 25px !important;background-color: #edf2ef !important;}&#8220;][vc_column width=&#8220;1/4&#8243;][vc_column_text]
<p><strong>E</strong><strong>ingesetzte</strong><strong> Kräfte:</strong></p>
[/vc_column_text][/vc_column][vc_column width=&#8220;3/4&#8243;][vc_column_text]FF Simbach a. Inn, Rettungsdienst, Polizei[/vc_column_text][/vc_column][/vc_row][vc_row][vc_column][vc_empty_space height=&#8220;30&#8243;][/vc_column][/vc_row][vc_row][vc_column][vc_separator border_width=&#8220;4&#8243;][/vc_column][/vc_row][vc_row][vc_column][vc_empty_space height=&#8220;30&#8243;][/vc_column][/vc_row][vc_row equal_height=&#8220;yes&#8220; inverse=&#8220;&#8220; css=&#8220;.vc_custom_1534176358862{padding-bottom: 25px !important;}&#8220;][vc_column width=&#8220;1/4&#8243;][vc_column_text]
<p><strong>Einsatzbericht:</strong></p>
<p class="p1">[/vc_column_text][/vc_column][vc_column width=&#8220;3/4&#8243;][vc_column_text]Nur ein paar Stunden nach der <a href="https://feuerwehr-simbach.de/?einsatz=30-10-2025-wohnungsoeffnung-fuer-rettungsdienst">Wohnungsöffnung in der Pfarrkirchner Straße</a> wurden wir erneut nach dem Stichwort THL P eingeschlossen gerufen. Als Einsatzort wurde ein Mehrfamilienhaus in der Max-Herrndobler-Straße angegeben. An der Einsatzstelle bereiteten wir unsere Gerätschaften zur Wohnungsöffnung vor und begannen damit, die Türe zu öffnen. Während der Tätigkeiten konnte die Person die Tür jedoch selbst öffnen. Aus diesem Grund konnten wir unsere Maßnahmen beenden und wieder ins Gerätehaus einrücken. Die Kollegen des Rettungsdienstes übernahmen die Versorgung der Person.[/vc_column_text][/vc_column][/vc_row][vc_row][vc_column][vc_column_text]
<p>&nbsp;</p>
<p>&nbsp;</p>
<div id="su_carousel_69f49af4c26aa" class="su-carousel su-carousel-centered su-carousel-pages-no su-carousel-responsive-yes JLqJ4b ChMk0b su-lightbox-gallery" style="width:100%" data-autoplay="3000" data-speed="2000" data-mousewheel="true" data-items="3" data-scroll="1"><div class="su-carousel-slides"><div class="su-carousel-slide"><a href="https://feuerwehr-simbach.de/wp-content/uploads/2025/10/2025.10.30-Wohnungsoeffnung-fuer-Rettungsdienst_2-1-e1761842449204.jpg" title="2025.10.30 Wohnungsöffnung für Rettungsdienst_2 (1)"><img decoding="async" src="https://feuerwehr-simbach.de/wp-content/uploads/2025/10/2025.10.30-Wohnungsoeffnung-fuer-Rettungsdienst_2-1-e1761842449204.jpg" alt="2025.10.30 Wohnungsöffnung für Rettungsdienst_2 (1)" /></a></div><div class="su-carousel-slide"><a href="https://feuerwehr-simbach.de/wp-content/uploads/2025/10/2025.10.30-Wohnungsoeffnung-fuer-Rettungsdienst_2-2-e1761842455937.jpg" title="2025.10.30 Wohnungsöffnung für Rettungsdienst_2 (2)"><img decoding="async" src="https://feuerwehr-simbach.de/wp-content/uploads/2025/10/2025.10.30-Wohnungsoeffnung-fuer-Rettungsdienst_2-2-e1761842455937.jpg" alt="2025.10.30 Wohnungsöffnung für Rettungsdienst_2 (2)" /></a></div><div class="su-carousel-slide"><a href="https://feuerwehr-simbach.de/wp-content/uploads/2025/10/2025.10.30-Wohnungsoeffnung-fuer-Rettungsdienst_2-3-e1761842459517.jpg" title="2025.10.30 Wohnungsöffnung für Rettungsdienst_2 (3)"><img decoding="async" src="https://feuerwehr-simbach.de/wp-content/uploads/2025/10/2025.10.30-Wohnungsoeffnung-fuer-Rettungsdienst_2-3-e1761842459517.jpg" alt="2025.10.30 Wohnungsöffnung für Rettungsdienst_2 (3)" /></a></div></div><div class="su-carousel-nav"><div class="su-carousel-direction"><span class="su-carousel-prev"></span><span class="su-carousel-next"></span></div><div class="su-carousel-pagination"></div></div></div>
<p>&nbsp;</p>
</div>
