{"id":24381,"date":"2025-12-17T13:49:00","date_gmt":"2025-12-17T12:49:00","guid":{"rendered":"https:\/\/feuerwehr-simbach.de\/?post_type=einsatz&#038;p=24381"},"modified":"2025-12-17T14:04:47","modified_gmt":"2025-12-17T13:04:47","slug":"17-12-2025-verkehrsunfall-mit-zwei-pkws","status":"publish","type":"einsatz","link":"https:\/\/feuerwehr-simbach.de\/?einsatz=17-12-2025-verkehrsunfall-mit-zwei-pkws","title":{"rendered":"17.12.2025 &#8211; Verkehrsunfall mit zwei PKWs"},"content":{"rendered":"<div class=\"wpb-content-wrapper\">[vc_row][vc_column][vc_empty_space height=&#8220;1&#8243;][\/vc_column][\/vc_row][vc_row equal_height=&#8220;yes&#8220; inverse=&#8220;&#8220; css=&#8220;.vc_custom_1545579889091{padding-bottom: 25px !important;background-color: #edf2ef !important;}&#8220;][vc_column width=&#8220;1\/4&#8243;][vc_column_text]\n<p><strong>Einsatzart:<\/strong><\/p>\n[\/vc_column_text][\/vc_column][vc_column width=&#8220;3\/4&#8243;][vc_column_text]Technische Hilfeleistung[\/vc_column_text][\/vc_column][\/vc_row][vc_row equal_height=&#8220;yes&#8220; inverse=&#8220;&#8220; css=&#8220;.vc_custom_1545579201718{padding-bottom: 25px !important;}&#8220;][vc_column width=&#8220;1\/4&#8243;][vc_column_text]\n<p><strong>Schlagwort:<\/strong><\/p>\n[\/vc_column_text][\/vc_column][vc_column width=&#8220;3\/4&#8243;][vc_column_text]Verkehrsunfall mit zwei PKWs[\/vc_column_text][\/vc_column][\/vc_row][vc_row equal_height=&#8220;yes&#8220; inverse=&#8220;&#8220; css=&#8220;.vc_custom_1545579190843{padding-bottom: 25px !important;background-color: #edf2ef !important;}&#8220;][vc_column width=&#8220;1\/4&#8243;][vc_column_text]\n<p><strong>Stichwort:<\/strong><\/p>\n[\/vc_column_text][\/vc_column][vc_column width=&#8220;3\/4&#8243;][vc_column_text]THL 1[\/vc_column_text][\/vc_column][\/vc_row][vc_row equal_height=&#8220;yes&#8220; inverse=&#8220;&#8220; css=&#8220;.vc_custom_1545579201718{padding-bottom: 25px !important;}&#8220;][vc_column width=&#8220;1\/4&#8243;][vc_column_text]\n<p><strong>Einsatzort:<\/strong><\/p>\n[\/vc_column_text][\/vc_column][vc_column width=&#8220;3\/4&#8243;][vc_column_text]Simbach, Bahnhofplatz[\/vc_column_text][\/vc_column][\/vc_row][vc_row equal_height=&#8220;yes&#8220; inverse=&#8220;&#8220; css=&#8220;.vc_custom_1545579210044{padding-bottom: 25px !important;background-color: #edf2ef !important;}&#8220;][vc_column width=&#8220;1\/4&#8243;][vc_column_text]\n<p><strong>Datum:<\/strong><\/p>\n[\/vc_column_text][\/vc_column][vc_column width=&#8220;3\/4&#8243;][vc_column_text]Mittwoch, 17. Dezember 2025[\/vc_column_text][\/vc_column][\/vc_row][vc_row equal_height=&#8220;yes&#8220; inverse=&#8220;&#8220; css=&#8220;.vc_custom_1545579217081{padding-bottom: 25px !important;}&#8220;][vc_column width=&#8220;1\/4&#8243;][vc_column_text]\n<p><strong>Alarmierung (Schleife):<\/strong><\/p>\n[\/vc_column_text][\/vc_column][vc_column width=&#8220;3\/4&#8243;][vc_column_text]Vollalarm[\/vc_column_text][\/vc_column][\/vc_row][vc_row equal_height=&#8220;yes&#8220; inverse=&#8220;&#8220; css=&#8220;.vc_custom_1545579225595{padding-bottom: 25px !important;background-color: #edf2ef !important;}&#8220;][vc_column width=&#8220;1\/4&#8243;][vc_column_text]\n<p><strong>E<\/strong><strong>ingesetzte<\/strong><strong> Kr\u00e4fte:<\/strong><\/p>\n[\/vc_column_text][\/vc_column][vc_column width=&#8220;3\/4&#8243;][vc_column_text]FF Simbach a. Inn, KBM 2\/1, Rettungsdienst, Polizei[\/vc_column_text][\/vc_column][\/vc_row][vc_row][vc_column][vc_empty_space height=&#8220;30&#8243;][\/vc_column][\/vc_row][vc_row][vc_column][vc_separator border_width=&#8220;4&#8243;][\/vc_column][\/vc_row][vc_row][vc_column][vc_empty_space height=&#8220;30&#8243;][\/vc_column][\/vc_row][vc_row equal_height=&#8220;yes&#8220; inverse=&#8220;&#8220; css=&#8220;.vc_custom_1534176358862{padding-bottom: 25px !important;}&#8220;][vc_column width=&#8220;1\/4&#8243;][vc_column_text]\n<p><strong>Einsatzbericht:<\/strong><\/p>\n<p class=\"p1\">[\/vc_column_text][\/vc_column][vc_column width=&#8220;3\/4&#8243;][vc_column_text]Am Mittwoch gegen 13.00 Uhr wurden wir zum zweiten Einsatz an diesem Tag alarmiert, wobei es sich um einen Verkehrsunfall an der Kreuzung Alleestra\u00dfe\/Bahnhofplatz handelte. Dort kam es zu einem Zusammensto\u00df zwischen zwei PKWs, wodurch die Fahrbahn durch auslaufende Betriebsstoffe und Fahrzeugteile verunreinigt wurde. Die Fahrzeuge wurden von der Fahrbahn entfernt und wir k\u00fcmmerten uns neben der Absicherung des Verkehrs auch um die Reinigung der Fahrbahn, w\u00e4hrend der Rettungsdienst die Versorgung einer Person \u00fcbernahm. Nach Eintreffen der Polizei konnten wir wieder ins Ger\u00e4tehaus einr\u00fccken.[\/vc_column_text][\/vc_column][\/vc_row][vc_row][vc_column][vc_column_text]\n<p>&nbsp;<\/p>\n<p>&nbsp;<\/p>\n<div id=\"su_carousel_69f49b4457a2c\" class=\"su-carousel su-carousel-centered su-carousel-pages-no su-carousel-responsive-yes JLqJ4b ChMk0b su-lightbox-gallery\" style=\"width:100%\" data-autoplay=\"3000\" data-speed=\"2000\" data-mousewheel=\"true\" data-items=\"3\" data-scroll=\"1\"><div class=\"su-carousel-slides\"><div class=\"su-carousel-slide\"><a href=\"https:\/\/feuerwehr-simbach.de\/wp-content\/uploads\/2025\/12\/2025.12.17-Verkehrsunfall-mit-zwei-PKWs-1-e1765976609778.jpg\" title=\"2025.12.17 Verkehrsunfall mit zwei PKWs (1)\"><img decoding=\"async\" src=\"https:\/\/feuerwehr-simbach.de\/wp-content\/uploads\/2025\/12\/2025.12.17-Verkehrsunfall-mit-zwei-PKWs-1-e1765976609778.jpg\" alt=\"2025.12.17 Verkehrsunfall mit zwei PKWs (1)\" \/><\/a><\/div><div class=\"su-carousel-slide\"><a href=\"https:\/\/feuerwehr-simbach.de\/wp-content\/uploads\/2025\/12\/2025.12.17-Verkehrsunfall-mit-zwei-PKWs-2-e1765976613921.jpg\" title=\"2025.12.17 Verkehrsunfall mit zwei PKWs (2)\"><img decoding=\"async\" src=\"https:\/\/feuerwehr-simbach.de\/wp-content\/uploads\/2025\/12\/2025.12.17-Verkehrsunfall-mit-zwei-PKWs-2-e1765976613921.jpg\" alt=\"2025.12.17 Verkehrsunfall mit zwei PKWs (2)\" \/><\/a><\/div><div class=\"su-carousel-slide\"><a href=\"https:\/\/feuerwehr-simbach.de\/wp-content\/uploads\/2025\/12\/2025.12.17-Verkehrsunfall-mit-zwei-PKWs-3-e1765976618606.jpg\" title=\"2025.12.17 Verkehrsunfall mit zwei PKWs (3)\"><img decoding=\"async\" src=\"https:\/\/feuerwehr-simbach.de\/wp-content\/uploads\/2025\/12\/2025.12.17-Verkehrsunfall-mit-zwei-PKWs-3-e1765976618606.jpg\" alt=\"2025.12.17 Verkehrsunfall mit zwei PKWs (3)\" \/><\/a><\/div><div class=\"su-carousel-slide\"><a href=\"https:\/\/feuerwehr-simbach.de\/wp-content\/uploads\/2025\/12\/2025.12.17-Verkehrsunfall-mit-zwei-PKWs-4-e1765976623645.jpg\" title=\"2025.12.17 Verkehrsunfall mit zwei PKWs (4)\"><img decoding=\"async\" src=\"https:\/\/feuerwehr-simbach.de\/wp-content\/uploads\/2025\/12\/2025.12.17-Verkehrsunfall-mit-zwei-PKWs-4-e1765976623645.jpg\" alt=\"2025.12.17 Verkehrsunfall mit zwei PKWs (4)\" \/><\/a><\/div><div class=\"su-carousel-slide\"><a href=\"https:\/\/feuerwehr-simbach.de\/wp-content\/uploads\/2025\/12\/2025.12.17-Verkehrsunfall-mit-zwei-PKWs-5-e1765976627553.jpg\" title=\"2025.12.17 Verkehrsunfall mit zwei PKWs (5)\"><img decoding=\"async\" src=\"https:\/\/feuerwehr-simbach.de\/wp-content\/uploads\/2025\/12\/2025.12.17-Verkehrsunfall-mit-zwei-PKWs-5-e1765976627553.jpg\" alt=\"2025.12.17 Verkehrsunfall mit zwei PKWs (5)\" \/><\/a><\/div><div class=\"su-carousel-slide\"><a href=\"https:\/\/feuerwehr-simbach.de\/wp-content\/uploads\/2025\/12\/2025.12.17-Verkehrsunfall-mit-zwei-PKWs-6-e1765976634415.jpg\" title=\"2025.12.17 Verkehrsunfall mit zwei PKWs (6)\"><img decoding=\"async\" src=\"https:\/\/feuerwehr-simbach.de\/wp-content\/uploads\/2025\/12\/2025.12.17-Verkehrsunfall-mit-zwei-PKWs-6-e1765976634415.jpg\" alt=\"2025.12.17 Verkehrsunfall mit zwei PKWs (6)\" \/><\/a><\/div><div class=\"su-carousel-slide\"><a href=\"https:\/\/feuerwehr-simbach.de\/wp-content\/uploads\/2025\/12\/2025.12.17-Verkehrsunfall-mit-zwei-PKWs-7-e1765976638879.jpg\" title=\"2025.12.17 Verkehrsunfall mit zwei PKWs (7)\"><img decoding=\"async\" src=\"https:\/\/feuerwehr-simbach.de\/wp-content\/uploads\/2025\/12\/2025.12.17-Verkehrsunfall-mit-zwei-PKWs-7-e1765976638879.jpg\" alt=\"2025.12.17 Verkehrsunfall mit zwei PKWs (7)\" \/><\/a><\/div><\/div><div class=\"su-carousel-nav\"><div class=\"su-carousel-direction\"><span class=\"su-carousel-prev\"><\/span><span class=\"su-carousel-next\"><\/span><\/div><div class=\"su-carousel-pagination\"><\/div><\/div><\/div>\n<\/div>","protected":false},"author":22,"featured_media":24385,"template":"","meta":{"einsatz_weight":1,"footnotes":""},"categories":[181],"tags":[],"einsatzart":[],"fahrzeug":[],"exteinsatzmittel":[],"alarmierungsart":[],"evw_unit":[],"class_list":["post-24381","einsatz","type-einsatz","status-publish","has-post-thumbnail","hentry","category-einsaetze-2025"],"_links":{"self":[{"href":"https:\/\/feuerwehr-simbach.de\/index.php?rest_route=\/wp\/v2\/einsatz\/24381","targetHints":{"allow":["GET"]}}],"collection":[{"href":"https:\/\/feuerwehr-simbach.de\/index.php?rest_route=\/wp\/v2\/einsatz"}],"about":[{"href":"https:\/\/feuerwehr-simbach.de\/index.php?rest_route=\/wp\/v2\/types\/einsatz"}],"author":[{"embeddable":true,"href":"https:\/\/feuerwehr-simbach.de\/index.php?rest_route=\/wp\/v2\/users\/22"}],"version-history":[{"count":2,"href":"https:\/\/feuerwehr-simbach.de\/index.php?rest_route=\/wp\/v2\/einsatz\/24381\/revisions"}],"predecessor-version":[{"id":24391,"href":"https:\/\/feuerwehr-simbach.de\/index.php?rest_route=\/wp\/v2\/einsatz\/24381\/revisions\/24391"}],"wp:featuredmedia":[{"embeddable":true,"href":"https:\/\/feuerwehr-simbach.de\/index.php?rest_route=\/wp\/v2\/media\/24385"}],"wp:attachment":[{"href":"https:\/\/feuerwehr-simbach.de\/index.php?rest_route=%2Fwp%2Fv2%2Fmedia&parent=24381"}],"wp:term":[{"taxonomy":"category","embeddable":true,"href":"https:\/\/feuerwehr-simbach.de\/index.php?rest_route=%2Fwp%2Fv2%2Fcategories&post=24381"},{"taxonomy":"post_tag","embeddable":true,"href":"https:\/\/feuerwehr-simbach.de\/index.php?rest_route=%2Fwp%2Fv2%2Ftags&post=24381"},{"taxonomy":"einsatzart","embeddable":true,"href":"https:\/\/feuerwehr-simbach.de\/index.php?rest_route=%2Fwp%2Fv2%2Feinsatzart&post=24381"},{"taxonomy":"fahrzeug","embeddable":true,"href":"https:\/\/feuerwehr-simbach.de\/index.php?rest_route=%2Fwp%2Fv2%2Ffahrzeug&post=24381"},{"taxonomy":"exteinsatzmittel","embeddable":true,"href":"https:\/\/feuerwehr-simbach.de\/index.php?rest_route=%2Fwp%2Fv2%2Fexteinsatzmittel&post=24381"},{"taxonomy":"alarmierungsart","embeddable":true,"href":"https:\/\/feuerwehr-simbach.de\/index.php?rest_route=%2Fwp%2Fv2%2Falarmierungsart&post=24381"},{"taxonomy":"evw_unit","embeddable":true,"href":"https:\/\/feuerwehr-simbach.de\/index.php?rest_route=%2Fwp%2Fv2%2Fevw_unit&post=24381"}],"curies":[{"name":"wp","href":"https:\/\/api.w.org\/{rel}","templated":true}]}}

<div class="wpb-content-wrapper">[vc_row][vc_column][vc_empty_space height=&#8220;1&#8243;][/vc_column][/vc_row][vc_row equal_height=&#8220;yes&#8220; inverse=&#8220;&#8220; css=&#8220;.vc_custom_1545579889091{padding-bottom: 25px !important;background-color: #edf2ef !important;}&#8220;][vc_column width=&#8220;1/4&#8243;][vc_column_text]
<p><strong>Einsatzart:</strong></p>
[/vc_column_text][/vc_column][vc_column width=&#8220;3/4&#8243;][vc_column_text]Technische Hilfeleistung[/vc_column_text][/vc_column][/vc_row][vc_row equal_height=&#8220;yes&#8220; inverse=&#8220;&#8220; css=&#8220;.vc_custom_1545579201718{padding-bottom: 25px !important;}&#8220;][vc_column width=&#8220;1/4&#8243;][vc_column_text]
<p><strong>Schlagwort:</strong></p>
[/vc_column_text][/vc_column][vc_column width=&#8220;3/4&#8243;][vc_column_text]Verkehrsunfall mit zwei PKWs[/vc_column_text][/vc_column][/vc_row][vc_row equal_height=&#8220;yes&#8220; inverse=&#8220;&#8220; css=&#8220;.vc_custom_1545579190843{padding-bottom: 25px !important;background-color: #edf2ef !important;}&#8220;][vc_column width=&#8220;1/4&#8243;][vc_column_text]
<p><strong>Stichwort:</strong></p>
[/vc_column_text][/vc_column][vc_column width=&#8220;3/4&#8243;][vc_column_text]THL 1[/vc_column_text][/vc_column][/vc_row][vc_row equal_height=&#8220;yes&#8220; inverse=&#8220;&#8220; css=&#8220;.vc_custom_1545579201718{padding-bottom: 25px !important;}&#8220;][vc_column width=&#8220;1/4&#8243;][vc_column_text]
<p><strong>Einsatzort:</strong></p>
[/vc_column_text][/vc_column][vc_column width=&#8220;3/4&#8243;][vc_column_text]Simbach, Bahnhofplatz[/vc_column_text][/vc_column][/vc_row][vc_row equal_height=&#8220;yes&#8220; inverse=&#8220;&#8220; css=&#8220;.vc_custom_1545579210044{padding-bottom: 25px !important;background-color: #edf2ef !important;}&#8220;][vc_column width=&#8220;1/4&#8243;][vc_column_text]
<p><strong>Datum:</strong></p>
[/vc_column_text][/vc_column][vc_column width=&#8220;3/4&#8243;][vc_column_text]Mittwoch, 17. Dezember 2025[/vc_column_text][/vc_column][/vc_row][vc_row equal_height=&#8220;yes&#8220; inverse=&#8220;&#8220; css=&#8220;.vc_custom_1545579217081{padding-bottom: 25px !important;}&#8220;][vc_column width=&#8220;1/4&#8243;][vc_column_text]
<p><strong>Alarmierung (Schleife):</strong></p>
[/vc_column_text][/vc_column][vc_column width=&#8220;3/4&#8243;][vc_column_text]Vollalarm[/vc_column_text][/vc_column][/vc_row][vc_row equal_height=&#8220;yes&#8220; inverse=&#8220;&#8220; css=&#8220;.vc_custom_1545579225595{padding-bottom: 25px !important;background-color: #edf2ef !important;}&#8220;][vc_column width=&#8220;1/4&#8243;][vc_column_text]
<p><strong>E</strong><strong>ingesetzte</strong><strong> Kräfte:</strong></p>
[/vc_column_text][/vc_column][vc_column width=&#8220;3/4&#8243;][vc_column_text]FF Simbach a. Inn, KBM 2/1, Rettungsdienst, Polizei[/vc_column_text][/vc_column][/vc_row][vc_row][vc_column][vc_empty_space height=&#8220;30&#8243;][/vc_column][/vc_row][vc_row][vc_column][vc_separator border_width=&#8220;4&#8243;][/vc_column][/vc_row][vc_row][vc_column][vc_empty_space height=&#8220;30&#8243;][/vc_column][/vc_row][vc_row equal_height=&#8220;yes&#8220; inverse=&#8220;&#8220; css=&#8220;.vc_custom_1534176358862{padding-bottom: 25px !important;}&#8220;][vc_column width=&#8220;1/4&#8243;][vc_column_text]
<p><strong>Einsatzbericht:</strong></p>
<p class="p1">[/vc_column_text][/vc_column][vc_column width=&#8220;3/4&#8243;][vc_column_text]Am Mittwoch gegen 13.00 Uhr wurden wir zum zweiten Einsatz an diesem Tag alarmiert, wobei es sich um einen Verkehrsunfall an der Kreuzung Alleestraße/Bahnhofplatz handelte. Dort kam es zu einem Zusammenstoß zwischen zwei PKWs, wodurch die Fahrbahn durch auslaufende Betriebsstoffe und Fahrzeugteile verunreinigt wurde. Die Fahrzeuge wurden von der Fahrbahn entfernt und wir kümmerten uns neben der Absicherung des Verkehrs auch um die Reinigung der Fahrbahn, während der Rettungsdienst die Versorgung einer Person übernahm. Nach Eintreffen der Polizei konnten wir wieder ins Gerätehaus einrücken.[/vc_column_text][/vc_column][/vc_row][vc_row][vc_column][vc_column_text]
<p>&nbsp;</p>
<p>&nbsp;</p>
<div id="su_carousel_69f49b4457a2c" class="su-carousel su-carousel-centered su-carousel-pages-no su-carousel-responsive-yes JLqJ4b ChMk0b su-lightbox-gallery" style="width:100%" data-autoplay="3000" data-speed="2000" data-mousewheel="true" data-items="3" data-scroll="1"><div class="su-carousel-slides"><div class="su-carousel-slide"><a href="https://feuerwehr-simbach.de/wp-content/uploads/2025/12/2025.12.17-Verkehrsunfall-mit-zwei-PKWs-1-e1765976609778.jpg" title="2025.12.17 Verkehrsunfall mit zwei PKWs (1)"><img decoding="async" src="https://feuerwehr-simbach.de/wp-content/uploads/2025/12/2025.12.17-Verkehrsunfall-mit-zwei-PKWs-1-e1765976609778.jpg" alt="2025.12.17 Verkehrsunfall mit zwei PKWs (1)" /></a></div><div class="su-carousel-slide"><a href="https://feuerwehr-simbach.de/wp-content/uploads/2025/12/2025.12.17-Verkehrsunfall-mit-zwei-PKWs-2-e1765976613921.jpg" title="2025.12.17 Verkehrsunfall mit zwei PKWs (2)"><img decoding="async" src="https://feuerwehr-simbach.de/wp-content/uploads/2025/12/2025.12.17-Verkehrsunfall-mit-zwei-PKWs-2-e1765976613921.jpg" alt="2025.12.17 Verkehrsunfall mit zwei PKWs (2)" /></a></div><div class="su-carousel-slide"><a href="https://feuerwehr-simbach.de/wp-content/uploads/2025/12/2025.12.17-Verkehrsunfall-mit-zwei-PKWs-3-e1765976618606.jpg" title="2025.12.17 Verkehrsunfall mit zwei PKWs (3)"><img decoding="async" src="https://feuerwehr-simbach.de/wp-content/uploads/2025/12/2025.12.17-Verkehrsunfall-mit-zwei-PKWs-3-e1765976618606.jpg" alt="2025.12.17 Verkehrsunfall mit zwei PKWs (3)" /></a></div><div class="su-carousel-slide"><a href="https://feuerwehr-simbach.de/wp-content/uploads/2025/12/2025.12.17-Verkehrsunfall-mit-zwei-PKWs-4-e1765976623645.jpg" title="2025.12.17 Verkehrsunfall mit zwei PKWs (4)"><img decoding="async" src="https://feuerwehr-simbach.de/wp-content/uploads/2025/12/2025.12.17-Verkehrsunfall-mit-zwei-PKWs-4-e1765976623645.jpg" alt="2025.12.17 Verkehrsunfall mit zwei PKWs (4)" /></a></div><div class="su-carousel-slide"><a href="https://feuerwehr-simbach.de/wp-content/uploads/2025/12/2025.12.17-Verkehrsunfall-mit-zwei-PKWs-5-e1765976627553.jpg" title="2025.12.17 Verkehrsunfall mit zwei PKWs (5)"><img decoding="async" src="https://feuerwehr-simbach.de/wp-content/uploads/2025/12/2025.12.17-Verkehrsunfall-mit-zwei-PKWs-5-e1765976627553.jpg" alt="2025.12.17 Verkehrsunfall mit zwei PKWs (5)" /></a></div><div class="su-carousel-slide"><a href="https://feuerwehr-simbach.de/wp-content/uploads/2025/12/2025.12.17-Verkehrsunfall-mit-zwei-PKWs-6-e1765976634415.jpg" title="2025.12.17 Verkehrsunfall mit zwei PKWs (6)"><img decoding="async" src="https://feuerwehr-simbach.de/wp-content/uploads/2025/12/2025.12.17-Verkehrsunfall-mit-zwei-PKWs-6-e1765976634415.jpg" alt="2025.12.17 Verkehrsunfall mit zwei PKWs (6)" /></a></div><div class="su-carousel-slide"><a href="https://feuerwehr-simbach.de/wp-content/uploads/2025/12/2025.12.17-Verkehrsunfall-mit-zwei-PKWs-7-e1765976638879.jpg" title="2025.12.17 Verkehrsunfall mit zwei PKWs (7)"><img decoding="async" src="https://feuerwehr-simbach.de/wp-content/uploads/2025/12/2025.12.17-Verkehrsunfall-mit-zwei-PKWs-7-e1765976638879.jpg" alt="2025.12.17 Verkehrsunfall mit zwei PKWs (7)" /></a></div></div><div class="su-carousel-nav"><div class="su-carousel-direction"><span class="su-carousel-prev"></span><span class="su-carousel-next"></span></div><div class="su-carousel-pagination"></div></div></div>
</div>
