{"id":24750,"date":"2026-04-04T13:17:00","date_gmt":"2026-04-04T11:17:00","guid":{"rendered":"https:\/\/feuerwehr-simbach.de\/?post_type=einsatz&#038;p=24750"},"modified":"2026-04-04T13:22:59","modified_gmt":"2026-04-04T11:22:59","slug":"04-04-2026-wohnungsoeffnung-fuer-rettungsdienst","status":"publish","type":"einsatz","link":"https:\/\/feuerwehr-simbach.de\/?einsatz=04-04-2026-wohnungsoeffnung-fuer-rettungsdienst","title":{"rendered":"04.04.2026 &#8211; Wohnungs\u00f6ffnung f\u00fcr Rettungsdienst"},"content":{"rendered":"<div class=\"wpb-content-wrapper\">[vc_row][vc_column][vc_empty_space height=&#8220;1&#8243;][\/vc_column][\/vc_row][vc_row equal_height=&#8220;yes&#8220; inverse=&#8220;&#8220; css=&#8220;.vc_custom_1545579889091{padding-bottom: 25px !important;background-color: #edf2ef !important;}&#8220;][vc_column width=&#8220;1\/4&#8243;][vc_column_text]\n<p><strong>Einsatzart:<\/strong><\/p>\n[\/vc_column_text][\/vc_column][vc_column width=&#8220;3\/4&#8243;][vc_column_text]Technische Hilfeleistung[\/vc_column_text][\/vc_column][\/vc_row][vc_row equal_height=&#8220;yes&#8220; inverse=&#8220;&#8220; css=&#8220;.vc_custom_1545579201718{padding-bottom: 25px !important;}&#8220;][vc_column width=&#8220;1\/4&#8243;][vc_column_text]\n<p><strong>Schlagwort:<\/strong><\/p>\n[\/vc_column_text][\/vc_column][vc_column width=&#8220;3\/4&#8243;][vc_column_text]Wohnungs\u00f6ffnung f\u00fcr Rettungsdienst[\/vc_column_text][\/vc_column][\/vc_row][vc_row equal_height=&#8220;yes&#8220; inverse=&#8220;&#8220; css=&#8220;.vc_custom_1545579190843{padding-bottom: 25px !important;background-color: #edf2ef !important;}&#8220;][vc_column width=&#8220;1\/4&#8243;][vc_column_text]\n<p><strong>Stichwort:<\/strong><\/p>\n[\/vc_column_text][\/vc_column][vc_column width=&#8220;3\/4&#8243;][vc_column_text]THL P eingeschlossen[\/vc_column_text][\/vc_column][\/vc_row][vc_row equal_height=&#8220;yes&#8220; inverse=&#8220;&#8220; css=&#8220;.vc_custom_1545579201718{padding-bottom: 25px !important;}&#8220;][vc_column width=&#8220;1\/4&#8243;][vc_column_text]\n<p><strong>Einsatzort:<\/strong><\/p>\n[\/vc_column_text][\/vc_column][vc_column width=&#8220;3\/4&#8243;][vc_column_text]Simbach, Hans-Murauer-Stra\u00dfe[\/vc_column_text][\/vc_column][\/vc_row][vc_row equal_height=&#8220;yes&#8220; inverse=&#8220;&#8220; css=&#8220;.vc_custom_1545579210044{padding-bottom: 25px !important;background-color: #edf2ef !important;}&#8220;][vc_column width=&#8220;1\/4&#8243;][vc_column_text]\n<p><strong>Datum:<\/strong><\/p>\n[\/vc_column_text][\/vc_column][vc_column width=&#8220;3\/4&#8243;][vc_column_text]Samstag, 04. April 2026[\/vc_column_text][\/vc_column][\/vc_row][vc_row equal_height=&#8220;yes&#8220; inverse=&#8220;&#8220; css=&#8220;.vc_custom_1545579217081{padding-bottom: 25px !important;}&#8220;][vc_column width=&#8220;1\/4&#8243;][vc_column_text]\n<p><strong>Alarmierung (Schleife):<\/strong><\/p>\n[\/vc_column_text][\/vc_column][vc_column width=&#8220;3\/4&#8243;][vc_column_text]Vollalarm[\/vc_column_text][\/vc_column][\/vc_row][vc_row equal_height=&#8220;yes&#8220; inverse=&#8220;&#8220; css=&#8220;.vc_custom_1545579225595{padding-bottom: 25px !important;background-color: #edf2ef !important;}&#8220;][vc_column width=&#8220;1\/4&#8243;][vc_column_text]\n<p><strong>E<\/strong><strong>ingesetzte<\/strong><strong> Kr\u00e4fte:<\/strong><\/p>\n[\/vc_column_text][\/vc_column][vc_column width=&#8220;3\/4&#8243;][vc_column_text]FF Simbach a. Inn, Rettungsdienst, Polizei[\/vc_column_text][\/vc_column][\/vc_row][vc_row][vc_column][vc_empty_space height=&#8220;30&#8243;][\/vc_column][\/vc_row][vc_row][vc_column][vc_separator border_width=&#8220;4&#8243;][\/vc_column][\/vc_row][vc_row][vc_column][vc_empty_space height=&#8220;30&#8243;][\/vc_column][\/vc_row][vc_row equal_height=&#8220;yes&#8220; inverse=&#8220;&#8220; css=&#8220;.vc_custom_1534176358862{padding-bottom: 25px !important;}&#8220;][vc_column width=&#8220;1\/4&#8243;][vc_column_text]\n<p><strong>Einsatzbericht:<\/strong><\/p>\n<p class=\"p1\">[\/vc_column_text][\/vc_column][vc_column width=&#8220;3\/4&#8243;][vc_column_text]Am Karsamstag wurden wir gegen 12.45 Uhr zu einer Wohnungs\u00f6ffnung in die Hans-Murauer-Stra\u00dfe gerufen. Jedoch stellte sich bei unserem Eintreffen heraus, dass die Wohnungst\u00fcre bereits ge\u00f6ffnet war, weshalb wir nach kurzer Zeit in Bereitstellung wieder ins Ger\u00e4tehaus zur\u00fcckkehren konnten.[\/vc_column_text][\/vc_column][\/vc_row][vc_row][vc_column][vc_column_text]\n<p>&nbsp;<\/p>\n<p>&nbsp;<\/p>\n<p><img loading=\"lazy\" decoding=\"async\" class=\"aligncenter size-full wp-image-22877\" src=\"https:\/\/feuerwehr-simbach.de\/wp-content\/uploads\/2025\/03\/Symbolbild-Wohnungsoeffnung.jpg\" alt=\"\" width=\"1920\" height=\"1280\" srcset=\"https:\/\/feuerwehr-simbach.de\/wp-content\/uploads\/2025\/03\/Symbolbild-Wohnungsoeffnung.jpg 1920w, https:\/\/feuerwehr-simbach.de\/wp-content\/uploads\/2025\/03\/Symbolbild-Wohnungsoeffnung-300x200.jpg 300w, https:\/\/feuerwehr-simbach.de\/wp-content\/uploads\/2025\/03\/Symbolbild-Wohnungsoeffnung-1024x683.jpg 1024w, https:\/\/feuerwehr-simbach.de\/wp-content\/uploads\/2025\/03\/Symbolbild-Wohnungsoeffnung-768x512.jpg 768w, https:\/\/feuerwehr-simbach.de\/wp-content\/uploads\/2025\/03\/Symbolbild-Wohnungsoeffnung-1536x1024.jpg 1536w, https:\/\/feuerwehr-simbach.de\/wp-content\/uploads\/2025\/03\/Symbolbild-Wohnungsoeffnung-1320x880.jpg 1320w\" sizes=\"auto, (max-width: 1920px) 100vw, 1920px\" \/><\/p>\n<\/div>","protected":false},"author":22,"featured_media":22877,"template":"","meta":{"einsatz_weight":1,"footnotes":""},"categories":[184],"tags":[],"einsatzart":[],"fahrzeug":[],"exteinsatzmittel":[],"alarmierungsart":[],"evw_unit":[],"class_list":["post-24750","einsatz","type-einsatz","status-publish","has-post-thumbnail","hentry","category-einsaetze-2026"],"_links":{"self":[{"href":"https:\/\/feuerwehr-simbach.de\/index.php?rest_route=\/wp\/v2\/einsatz\/24750","targetHints":{"allow":["GET"]}}],"collection":[{"href":"https:\/\/feuerwehr-simbach.de\/index.php?rest_route=\/wp\/v2\/einsatz"}],"about":[{"href":"https:\/\/feuerwehr-simbach.de\/index.php?rest_route=\/wp\/v2\/types\/einsatz"}],"author":[{"embeddable":true,"href":"https:\/\/feuerwehr-simbach.de\/index.php?rest_route=\/wp\/v2\/users\/22"}],"version-history":[{"count":1,"href":"https:\/\/feuerwehr-simbach.de\/index.php?rest_route=\/wp\/v2\/einsatz\/24750\/revisions"}],"predecessor-version":[{"id":24752,"href":"https:\/\/feuerwehr-simbach.de\/index.php?rest_route=\/wp\/v2\/einsatz\/24750\/revisions\/24752"}],"wp:featuredmedia":[{"embeddable":true,"href":"https:\/\/feuerwehr-simbach.de\/index.php?rest_route=\/wp\/v2\/media\/22877"}],"wp:attachment":[{"href":"https:\/\/feuerwehr-simbach.de\/index.php?rest_route=%2Fwp%2Fv2%2Fmedia&parent=24750"}],"wp:term":[{"taxonomy":"category","embeddable":true,"href":"https:\/\/feuerwehr-simbach.de\/index.php?rest_route=%2Fwp%2Fv2%2Fcategories&post=24750"},{"taxonomy":"post_tag","embeddable":true,"href":"https:\/\/feuerwehr-simbach.de\/index.php?rest_route=%2Fwp%2Fv2%2Ftags&post=24750"},{"taxonomy":"einsatzart","embeddable":true,"href":"https:\/\/feuerwehr-simbach.de\/index.php?rest_route=%2Fwp%2Fv2%2Feinsatzart&post=24750"},{"taxonomy":"fahrzeug","embeddable":true,"href":"https:\/\/feuerwehr-simbach.de\/index.php?rest_route=%2Fwp%2Fv2%2Ffahrzeug&post=24750"},{"taxonomy":"exteinsatzmittel","embeddable":true,"href":"https:\/\/feuerwehr-simbach.de\/index.php?rest_route=%2Fwp%2Fv2%2Fexteinsatzmittel&post=24750"},{"taxonomy":"alarmierungsart","embeddable":true,"href":"https:\/\/feuerwehr-simbach.de\/index.php?rest_route=%2Fwp%2Fv2%2Falarmierungsart&post=24750"},{"taxonomy":"evw_unit","embeddable":true,"href":"https:\/\/feuerwehr-simbach.de\/index.php?rest_route=%2Fwp%2Fv2%2Fevw_unit&post=24750"}],"curies":[{"name":"wp","href":"https:\/\/api.w.org\/{rel}","templated":true}]}}

04.04.2026 &#8211; Wohnungsöffnung für Rettungsdienst

<div class="wpb-content-wrapper">[vc_row][vc_column][vc_empty_space height=&#8220;1&#8243;][/vc_column][/vc_row][vc_row equal_height=&#8220;yes&#8220; inverse=&#8220;&#8220; css=&#8220;.vc_custom_1545579889091{padding-bottom: 25px !important;background-color: #edf2ef !important;}&#8220;][vc_column width=&#8220;1/4&#8243;][vc_column_text]
<p><strong>Einsatzart:</strong></p>
[/vc_column_text][/vc_column][vc_column width=&#8220;3/4&#8243;][vc_column_text]Technische Hilfeleistung[/vc_column_text][/vc_column][/vc_row][vc_row equal_height=&#8220;yes&#8220; inverse=&#8220;&#8220; css=&#8220;.vc_custom_1545579201718{padding-bottom: 25px !important;}&#8220;][vc_column width=&#8220;1/4&#8243;][vc_column_text]
<p><strong>Schlagwort:</strong></p>
[/vc_column_text][/vc_column][vc_column width=&#8220;3/4&#8243;][vc_column_text]Wohnungsöffnung für Rettungsdienst[/vc_column_text][/vc_column][/vc_row][vc_row equal_height=&#8220;yes&#8220; inverse=&#8220;&#8220; css=&#8220;.vc_custom_1545579190843{padding-bottom: 25px !important;background-color: #edf2ef !important;}&#8220;][vc_column width=&#8220;1/4&#8243;][vc_column_text]
<p><strong>Stichwort:</strong></p>
[/vc_column_text][/vc_column][vc_column width=&#8220;3/4&#8243;][vc_column_text]THL P eingeschlossen[/vc_column_text][/vc_column][/vc_row][vc_row equal_height=&#8220;yes&#8220; inverse=&#8220;&#8220; css=&#8220;.vc_custom_1545579201718{padding-bottom: 25px !important;}&#8220;][vc_column width=&#8220;1/4&#8243;][vc_column_text]
<p><strong>Einsatzort:</strong></p>
[/vc_column_text][/vc_column][vc_column width=&#8220;3/4&#8243;][vc_column_text]Simbach, Hans-Murauer-Straße[/vc_column_text][/vc_column][/vc_row][vc_row equal_height=&#8220;yes&#8220; inverse=&#8220;&#8220; css=&#8220;.vc_custom_1545579210044{padding-bottom: 25px !important;background-color: #edf2ef !important;}&#8220;][vc_column width=&#8220;1/4&#8243;][vc_column_text]
<p><strong>Datum:</strong></p>
[/vc_column_text][/vc_column][vc_column width=&#8220;3/4&#8243;][vc_column_text]Samstag, 04. April 2026[/vc_column_text][/vc_column][/vc_row][vc_row equal_height=&#8220;yes&#8220; inverse=&#8220;&#8220; css=&#8220;.vc_custom_1545579217081{padding-bottom: 25px !important;}&#8220;][vc_column width=&#8220;1/4&#8243;][vc_column_text]
<p><strong>Alarmierung (Schleife):</strong></p>
[/vc_column_text][/vc_column][vc_column width=&#8220;3/4&#8243;][vc_column_text]Vollalarm[/vc_column_text][/vc_column][/vc_row][vc_row equal_height=&#8220;yes&#8220; inverse=&#8220;&#8220; css=&#8220;.vc_custom_1545579225595{padding-bottom: 25px !important;background-color: #edf2ef !important;}&#8220;][vc_column width=&#8220;1/4&#8243;][vc_column_text]
<p><strong>E</strong><strong>ingesetzte</strong><strong> Kräfte:</strong></p>
[/vc_column_text][/vc_column][vc_column width=&#8220;3/4&#8243;][vc_column_text]FF Simbach a. Inn, Rettungsdienst, Polizei[/vc_column_text][/vc_column][/vc_row][vc_row][vc_column][vc_empty_space height=&#8220;30&#8243;][/vc_column][/vc_row][vc_row][vc_column][vc_separator border_width=&#8220;4&#8243;][/vc_column][/vc_row][vc_row][vc_column][vc_empty_space height=&#8220;30&#8243;][/vc_column][/vc_row][vc_row equal_height=&#8220;yes&#8220; inverse=&#8220;&#8220; css=&#8220;.vc_custom_1534176358862{padding-bottom: 25px !important;}&#8220;][vc_column width=&#8220;1/4&#8243;][vc_column_text]
<p><strong>Einsatzbericht:</strong></p>
<p class="p1">[/vc_column_text][/vc_column][vc_column width=&#8220;3/4&#8243;][vc_column_text]Am Karsamstag wurden wir gegen 12.45 Uhr zu einer Wohnungsöffnung in die Hans-Murauer-Straße gerufen. Jedoch stellte sich bei unserem Eintreffen heraus, dass die Wohnungstüre bereits geöffnet war, weshalb wir nach kurzer Zeit in Bereitstellung wieder ins Gerätehaus zurückkehren konnten.[/vc_column_text][/vc_column][/vc_row][vc_row][vc_column][vc_column_text]
<p>&nbsp;</p>
<p>&nbsp;</p>
<p><img loading="lazy" decoding="async" class="aligncenter size-full wp-image-22877" src="https://feuerwehr-simbach.de/wp-content/uploads/2025/03/Symbolbild-Wohnungsoeffnung.jpg" alt="" width="1920" height="1280" srcset="https://feuerwehr-simbach.de/wp-content/uploads/2025/03/Symbolbild-Wohnungsoeffnung.jpg 1920w, https://feuerwehr-simbach.de/wp-content/uploads/2025/03/Symbolbild-Wohnungsoeffnung-300x200.jpg 300w, https://feuerwehr-simbach.de/wp-content/uploads/2025/03/Symbolbild-Wohnungsoeffnung-1024x683.jpg 1024w, https://feuerwehr-simbach.de/wp-content/uploads/2025/03/Symbolbild-Wohnungsoeffnung-768x512.jpg 768w, https://feuerwehr-simbach.de/wp-content/uploads/2025/03/Symbolbild-Wohnungsoeffnung-1536x1024.jpg 1536w, https://feuerwehr-simbach.de/wp-content/uploads/2025/03/Symbolbild-Wohnungsoeffnung-1320x880.jpg 1320w" sizes="auto, (max-width: 1920px) 100vw, 1920px" /></p>
</div>
